NOAA-Style Climate Reports

NOAA style reports
2022: Jan | Feb | Mar | Apr | May | Jun | Jul | Aug | Sep | Oct | Nov | Dec 
2021: Jan | Feb | Mar | Apr | May | Jun | Jul | Aug | Sep | Oct | Nov | Dec 
2020: Jan | Feb | Mar | Apr | May | Jun | Jul | Aug | Sep | Oct | Nov | Dec 
2019: Jan | Feb | Mar | Apr | May | Jun | Jul | Aug | Sep | Oct | Nov | Dec 
2018: Jan | Feb | Mar | Apr | May | Jun | Jul | Aug | Sep | Oct | Nov | Dec 
2017: Jan | Feb | Mar | Apr | May | Jun | Jul | Aug | Sep | Oct | Nov | Dec 
2016: Jan | Feb | Mar | Apr | May | Jun | Jul | Aug | Sep | Oct | Nov | Dec 
2015: Jan | Feb | Mar | Apr | May | Jun | Jul | Aug | Sep | Oct | Nov | Dec 
2014: Jan | Feb | Mar | Apr | May | Jun | Jul | Aug | Sep | Oct | Nov | Dec 
2013: Jan | Feb | Mar | Apr | May | Jun | Jul | Aug | Sep | Oct | Nov | Dec 
2012: Jan | Feb | Mar | Apr | May | Jun | Jul | Aug | Sep | Oct | Nov | Dec 
2011: Jan | Feb | Mar | Apr | May | Jun | Jul | Aug | Sep | Oct | Nov | Dec 
2010: Jan | Feb | Mar | Apr | May | Jun | Jul | Aug | Sep | Oct | Nov | Dec 
2009: Jan | Feb | Mar | Apr | May | Jun | Jul | Aug | Sep | Oct | Nov | Dec 
2008: Jan | Feb | Mar | Apr | May | Jun | Jul | Aug | Sep | Oct | Nov | Dec 
2007: Jan | Feb | Mar | Apr | May | Jun | Jul | Aug | Sep | Oct | Nov | Dec 
2006: Jan | Feb | Mar | Apr | May | Jun | Jul | Aug | Sep | Oct | Nov | Dec 
2005: Jan | Feb | Mar | Apr | May | Jun | Jul | Aug | Sep | Oct | Nov | Dec 

Report for 2014 05
MONTHLY CLIMATOLOGICAL SUMMARY for May 2014 NAME: Cabrera de Mar, Barcelona ELEV: 9 meters LAT: 41-33.89 N LONG: 002-24.07 E TEMPERATURE (C), RAIN (cm), WIND SPEED (km/h) HEAT COOL AVG MEAN DEG DEG WIND DOM DAY TEMP HIGH TIME LOW TIME DAYS DAYS RAIN SPEED HIGH TIME DIR --------------------------------------------------------------------------------------- 01 17.1 19.9 11:50 13.6 07:20 1.3 0.0 0.00 4.1 19.3 18:50 106 02 16.7 19.1 11:40 14.1 23:50 1.7 0.0 0.00 6.3 35.4 15:20 184 03 16.1 20.3 16:20 11.2 07:20 2.3 0.0 0.02 3.2 19.3 16:30 107 04 17.1 19.4 16:30 15.1 00:40 1.2 0.0 0.00 7.7 33.8 15:30 198 05 16.3 20.6 14:40 11.6 06:50 2.0 0.0 0.00 7.9 35.4 16:30 203 06 17.0 20.4 15:30 13.7 05:40 1.3 0.0 0.00 8.8 37.0 16:30 215 07 17.6 20.9 15:00 15.0 06:40 0.7 0.0 0.00 2.4 25.7 15:10 78 08 19.2 23.4 14:50 15.3 04:10 0.0 0.9 0.00 6.8 33.8 16:10 209 09 18.6 22.1 13:40 14.0 06:40 0.0 0.3 0.00 4.1 24.1 16:10 186 10 18.8 22.3 15:20 14.9 06:50 0.0 0.5 0.00 1.4 37.0 17:10 222 11 18.7 21.9 13:30 16.7 22:30 0.0 0.3 0.00 2.1 19.3 16:40 93 12 16.9 18.5 10:10 14.8 07:00 1.4 0.0 0.14 0.1 11.3 09:30 175 13 14.5 16.1 00:10 13.2 13:20 3.9 0.0 0.12 1.0 17.7 14:40 86 14 15.9 19.1 17:30 11.4 07:10 2.4 0.0 0.00 1.1 17.7 09:40 72 15 16.9 20.2 15:40 11.9 06:50 1.5 0.0 0.00 4.6 30.6 16:10 182 16 16.9 20.2 13:40 13.7 06:30 1.4 0.0 0.00 0.3 14.5 07:50 307 17 17.6 21.1 15:30 14.6 07:20 0.7 0.0 0.00 0.0 8.0 03:40 90 18 17.0 19.5 15:10 13.8 07:00 1.4 0.0 0.00 2.8 27.4 16:30 77 19 17.5 19.9 16:10 13.5 07:00 0.9 0.0 0.00 6.4 32.2 15:50 174 20 17.9 19.8 12:00 16.7 02:50 0.4 0.0 0.04 8.1 32.2 20:40 60 21 18.8 20.9 16:30 16.6 00:00 0.0 0.4 0.26 7.0 35.4 05:10 59 22 18.4 22.0 13:20 14.8 06:30 0.0 0.0 0.02 8.0 43.5 22:10 242 23 18.9 22.5 18:40 14.2 06:00 0.0 0.5 0.00 9.4 41.8 14:50 218 24 16.5 20.1 14:40 12.9 06:10 1.8 0.0 0.00 6.4 27.4 11:10 79 25 17.1 20.1 16:10 14.5 00:10 1.2 0.0 0.00 3.3 27.4 16:30 162 26 15.1 17.5 15:40 12.4 00:00 3.2 0.0 1.66 2.9 30.6 19:40 109 27 16.3 20.7 16:30 12.3 00:30 2.0 0.0 0.00 2.8 19.3 15:30 134 28 16.4 20.3 14:20 13.6 06:40 1.9 0.0 2.50 2.1 25.7 18:30 174 29 17.5 22.4 14:10 14.2 05:40 0.9 0.0 0.04 5.9 33.8 16:30 222 30 16.0 18.6 18:50 13.0 06:40 2.4 0.0 0.46 1.1 17.7 13:30 215 31 16.9 21.8 12:10 12.2 05:10 1.4 0.0 0.02 0.5 17.7 14:10 255 --------------------------------------------------------------------------------------- 17.2 23.4 08 11.2 03 39.3 3.0 5.28 4.2 43.5 22 173