NOAA-Style Climate Reports

NOAA style reports
2022: Jan | Feb | Mar | Apr | May | Jun | Jul | Aug | Sep | Oct | Nov | Dec 
2021: Jan | Feb | Mar | Apr | May | Jun | Jul | Aug | Sep | Oct | Nov | Dec 
2020: Jan | Feb | Mar | Apr | May | Jun | Jul | Aug | Sep | Oct | Nov | Dec 
2019: Jan | Feb | Mar | Apr | May | Jun | Jul | Aug | Sep | Oct | Nov | Dec 
2018: Jan | Feb | Mar | Apr | May | Jun | Jul | Aug | Sep | Oct | Nov | Dec 
2017: Jan | Feb | Mar | Apr | May | Jun | Jul | Aug | Sep | Oct | Nov | Dec 
2016: Jan | Feb | Mar | Apr | May | Jun | Jul | Aug | Sep | Oct | Nov | Dec 
2015: Jan | Feb | Mar | Apr | May | Jun | Jul | Aug | Sep | Oct | Nov | Dec 
2014: Jan | Feb | Mar | Apr | May | Jun | Jul | Aug | Sep | Oct | Nov | Dec 
2013: Jan | Feb | Mar | Apr | May | Jun | Jul | Aug | Sep | Oct | Nov | Dec 
2012: Jan | Feb | Mar | Apr | May | Jun | Jul | Aug | Sep | Oct | Nov | Dec 
2011: Jan | Feb | Mar | Apr | May | Jun | Jul | Aug | Sep | Oct | Nov | Dec 
2010: Jan | Feb | Mar | Apr | May | Jun | Jul | Aug | Sep | Oct | Nov | Dec 
2009: Jan | Feb | Mar | Apr | May | Jun | Jul | Aug | Sep | Oct | Nov | Dec 
2008: Jan | Feb | Mar | Apr | May | Jun | Jul | Aug | Sep | Oct | Nov | Dec 
2007: Jan | Feb | Mar | Apr | May | Jun | Jul | Aug | Sep | Oct | Nov | Dec 
2006: Jan | Feb | Mar | Apr | May | Jun | Jul | Aug | Sep | Oct | Nov | Dec 
2005: Jan | Feb | Mar | Apr | May | Jun | Jul | Aug | Sep | Oct | Nov | Dec 

Report for 2014 04
MONTHLY CLIMATOLOGICAL SUMMARY for Apr 2014 NAME: Cabrera de Mar, Barcelona ELEV: 9 meters LAT: 41-33.89 N LONG: 002-24.07 E TEMPERATURE (C), RAIN (cm), WIND SPEED (km/h) HEAT COOL AVG MEAN DEG DEG WIND DOM DAY TEMP HIGH TIME LOW TIME DAYS DAYS RAIN SPEED HIGH TIME DIR --------------------------------------------------------------------------------------- 01 13.6 16.9 14:00 9.9 08:20 4.7 0.0 0.00 0.0 0.0 00:10 90 02 14.6 17.3 14:30 12.2 07:20 3.8 0.0 0.00 0.0 0.0 00:10 90 03 14.8 16.7 15:40 12.8 00:00 3.5 0.0 0.98 0.0 0.0 00:10 90 04 16.9 24.1 16:40 12.4 01:20 1.4 0.0 0.10 0.0 0.0 00:10 90 05 15.3 19.3 13:20 11.9 05:00 3.0 0.0 0.00 0.0 0.0 00:10 90 06 15.8 22.0 15:00 10.6 07:50 2.6 0.0 0.00 0.0 40.2 13:20 90 07 14.6 17.3 11:50 11.8 07:30 3.8 0.0 0.00 0.0 0.0 00:10 90 08 15.1 18.6 16:50 12.0 05:40 3.2 0.0 0.00 0.0 0.0 00:10 90 09 15.6 19.4 15:10 12.1 07:40 2.8 0.0 0.00 0.0 0.0 00:10 90 10 15.8 19.9 15:30 12.2 07:00 2.5 0.0 0.00 0.0 0.0 00:10 90 11 16.5 19.5 12:20 14.5 05:50 1.8 0.0 0.06 0.0 0.0 00:10 90 12 16.2 19.1 15:20 14.0 05:40 2.2 0.0 0.00 4.1 119.1 10:40 66 13 16.4 22.3 14:40 12.5 06:00 2.0 0.0 0.00 3.6 29.0 12:40 185 14 17.0 20.6 15:30 13.7 06:40 1.3 0.0 0.00 5.7 30.6 15:00 201 15 17.4 20.6 12:40 14.2 05:50 0.9 0.0 0.00 4.3 19.3 13:00 171 16 15.5 18.7 12:40 11.4 07:40 2.9 0.0 0.00 3.7 17.7 13:50 94 17 15.4 18.6 17:10 12.3 04:30 3.0 0.0 0.00 4.5 19.3 16:50 173 18 16.1 20.5 15:50 12.0 07:00 2.3 0.0 0.00 5.1 32.2 17:40 198 19 15.8 18.3 14:20 13.8 03:20 2.5 0.0 0.00 6.6 25.7 15:00 95 20 14.4 16.7 16:30 11.9 05:30 4.0 0.0 0.22 5.5 22.5 12:50 20 21 14.9 18.1 16:20 12.4 03:40 3.5 0.0 0.38 4.9 22.5 15:20 54 22 15.9 18.9 14:00 14.0 00:00 2.4 0.0 0.34 3.5 20.9 17:40 33 23 16.5 20.1 14:50 11.9 07:10 1.8 0.0 0.02 6.6 32.2 15:40 214 24 17.3 22.0 13:20 12.8 07:20 1.1 0.0 0.00 3.0 24.1 21:10 199 25 16.7 19.8 16:20 13.6 00:00 1.7 0.0 0.00 7.5 51.5 15:40 186 26 16.4 23.3 16:30 10.6 07:10 2.0 0.0 0.00 8.3 49.9 18:40 214 27 16.1 21.1 12:50 12.3 06:20 2.2 0.0 0.10 8.2 29.0 02:10 89 28 16.0 18.4 16:20 13.8 01:40 2.3 0.0 0.00 6.4 22.5 20:10 88 29 15.3 18.2 17:20 11.4 06:00 3.0 0.0 0.00 3.5 20.9 11:30 159 30 16.3 20.4 15:00 12.3 06:20 2.1 0.0 0.00 3.7 22.5 10:50 101 --------------------------------------------------------------------------------------- 15.8 24.1 04 9.9 01 76.0 0.0 2.20 3.3 119.1 12 150