NOAA-Style Climate Reports

NOAA style reports
2022: Jan | Feb | Mar | Apr | May | Jun | Jul | Aug | Sep | Oct | Nov | Dec 
2021: Jan | Feb | Mar | Apr | May | Jun | Jul | Aug | Sep | Oct | Nov | Dec 
2020: Jan | Feb | Mar | Apr | May | Jun | Jul | Aug | Sep | Oct | Nov | Dec 
2019: Jan | Feb | Mar | Apr | May | Jun | Jul | Aug | Sep | Oct | Nov | Dec 
2018: Jan | Feb | Mar | Apr | May | Jun | Jul | Aug | Sep | Oct | Nov | Dec 
2017: Jan | Feb | Mar | Apr | May | Jun | Jul | Aug | Sep | Oct | Nov | Dec 
2016: Jan | Feb | Mar | Apr | May | Jun | Jul | Aug | Sep | Oct | Nov | Dec 
2015: Jan | Feb | Mar | Apr | May | Jun | Jul | Aug | Sep | Oct | Nov | Dec 
2014: Jan | Feb | Mar | Apr | May | Jun | Jul | Aug | Sep | Oct | Nov | Dec 
2013: Jan | Feb | Mar | Apr | May | Jun | Jul | Aug | Sep | Oct | Nov | Dec 
2012: Jan | Feb | Mar | Apr | May | Jun | Jul | Aug | Sep | Oct | Nov | Dec 
2011: Jan | Feb | Mar | Apr | May | Jun | Jul | Aug | Sep | Oct | Nov | Dec 
2010: Jan | Feb | Mar | Apr | May | Jun | Jul | Aug | Sep | Oct | Nov | Dec 
2009: Jan | Feb | Mar | Apr | May | Jun | Jul | Aug | Sep | Oct | Nov | Dec 
2008: Jan | Feb | Mar | Apr | May | Jun | Jul | Aug | Sep | Oct | Nov | Dec 
2007: Jan | Feb | Mar | Apr | May | Jun | Jul | Aug | Sep | Oct | Nov | Dec 
2006: Jan | Feb | Mar | Apr | May | Jun | Jul | Aug | Sep | Oct | Nov | Dec 
2005: Jan | Feb | Mar | Apr | May | Jun | Jul | Aug | Sep | Oct | Nov | Dec 

Report for 2014 01
MONTHLY CLIMATOLOGICAL SUMMARY for Jan 2014 NAME: Cabrera de Mar, Barcelona ELEV: 9 meters LAT: 41-33.89 N LONG: 002-24.07 E TEMPERATURE (C), RAIN (cm), WIND SPEED (km/h) HEAT COOL AVG MEAN DEG DEG WIND DOM DAY TEMP HIGH TIME LOW TIME DAYS DAYS RAIN SPEED HIGH TIME DIR --------------------------------------------------------------------------------------- 01 10.4 14.7 15:30 5.6 06:20 7.9 0.0 0.00 7.0 30.6 14:10 221 02 13.3 19.1 14:10 10.9 21:50 5.1 0.0 0.00 5.6 24.1 01:40 233 03 14.0 17.5 13:00 11.2 23:30 4.4 0.0 0.00 6.3 25.7 17:00 224 04 12.1 15.0 13:30 10.3 00:00 6.2 0.0 0.36 7.2 53.1 19:40 227 05 10.9 15.1 15:00 7.4 04:00 7.5 0.0 0.06 10.0 54.7 12:00 265 06 12.3 16.4 13:10 8.3 08:30 6.1 0.0 0.00 5.2 29.0 14:40 223 07 11.4 15.3 15:30 7.9 08:50 6.9 0.0 0.00 2.6 17.7 15:40 234 08 11.2 14.6 11:20 8.2 00:00 7.1 0.0 0.00 2.8 17.7 15:30 225 09 10.0 13.3 15:30 6.0 08:00 8.4 0.0 0.02 3.9 22.5 15:50 225 10 10.9 12.8 12:40 9.2 21:20 7.5 0.0 0.00 3.5 14.5 03:30 225 11 12.5 14.9 14:30 10.3 00:10 5.9 0.0 0.00 3.5 19.3 14:50 154 12 12.7 15.1 12:20 11.4 07:00 5.6 0.0 0.22 3.4 20.9 16:20 117 13 11.8 14.8 12:10 8.3 00:00 6.5 0.0 0.14 5.9 29.0 01:40 254 14 9.6 13.8 16:20 6.7 06:50 8.7 0.0 0.02 8.1 45.1 12:20 249 15 11.2 13.2 14:10 8.1 00:10 7.1 0.0 0.00 7.4 25.7 14:20 232 16 14.2 14.8 12:40 13.7 11:50 4.2 0.0 0.00 10.6 29.0 14:40 214 17 12.9 16.4 14:00 9.7 23:00 5.5 0.0 0.00 10.6 38.6 15:40 208 18 11.5 14.8 14:40 6.9 05:30 6.8 0.0 0.08 9.3 40.2 22:40 181 19 11.1 13.3 14:10 9.4 23:20 7.2 0.0 1.56 5.0 24.1 18:40 343 20 9.3 13.9 15:30 6.4 00:00 9.0 0.0 0.00 9.0 40.2 11:10 271 21 9.3 15.8 16:00 4.6 08:50 9.0 0.0 0.00 5.0 24.1 12:40 226 22 9.1 11.4 12:10 6.6 00:10 9.2 0.0 0.26 3.0 22.5 02:20 262 23 9.6 14.0 14:10 6.6 08:20 8.8 0.0 0.00 2.9 17.7 15:20 251 24 10.8 15.7 12:50 6.7 07:20 7.5 0.0 0.00 0.0 4.8 00:10 225 25 11.4 14.2 17:20 8.8 00:00 6.9 0.0 0.00 0.0 0.0 00:10 90 26 11.5 15.1 13:40 8.2 08:30 6.8 0.0 0.02 0.0 0.0 00:10 90 27 11.9 16.4 12:20 7.4 00:00 6.5 0.0 0.00 0.0 0.0 00:10 90 28 9.2 12.8 16:10 6.3 01:30 9.1 0.0 0.00 0.0 0.0 00:10 90 29 10.3 15.3 13:50 6.6 07:50 8.0 0.0 0.00 0.0 0.0 00:10 90 30 10.0 14.0 16:10 7.3 09:10 8.3 0.0 1.30 0.0 1.6 01:20 90 31 8.8 13.1 12:30 4.6 08:00 9.5 0.0 0.00 0.0 0.0 00:10 90 --------------------------------------------------------------------------------------- 11.0 19.1 02 4.6 31 223.2 0.0 4.04 4.1 54.7 05 232