NOAA-Style Climate Reports

NOAA style reports
2022: Jan | Feb | Mar | Apr | May | Jun | Jul | Aug | Sep | Oct | Nov | Dec 
2021: Jan | Feb | Mar | Apr | May | Jun | Jul | Aug | Sep | Oct | Nov | Dec 
2020: Jan | Feb | Mar | Apr | May | Jun | Jul | Aug | Sep | Oct | Nov | Dec 
2019: Jan | Feb | Mar | Apr | May | Jun | Jul | Aug | Sep | Oct | Nov | Dec 
2018: Jan | Feb | Mar | Apr | May | Jun | Jul | Aug | Sep | Oct | Nov | Dec 
2017: Jan | Feb | Mar | Apr | May | Jun | Jul | Aug | Sep | Oct | Nov | Dec 
2016: Jan | Feb | Mar | Apr | May | Jun | Jul | Aug | Sep | Oct | Nov | Dec 
2015: Jan | Feb | Mar | Apr | May | Jun | Jul | Aug | Sep | Oct | Nov | Dec 
2014: Jan | Feb | Mar | Apr | May | Jun | Jul | Aug | Sep | Oct | Nov | Dec 
2013: Jan | Feb | Mar | Apr | May | Jun | Jul | Aug | Sep | Oct | Nov | Dec 
2012: Jan | Feb | Mar | Apr | May | Jun | Jul | Aug | Sep | Oct | Nov | Dec 
2011: Jan | Feb | Mar | Apr | May | Jun | Jul | Aug | Sep | Oct | Nov | Dec 
2010: Jan | Feb | Mar | Apr | May | Jun | Jul | Aug | Sep | Oct | Nov | Dec 
2009: Jan | Feb | Mar | Apr | May | Jun | Jul | Aug | Sep | Oct | Nov | Dec 
2008: Jan | Feb | Mar | Apr | May | Jun | Jul | Aug | Sep | Oct | Nov | Dec 
2007: Jan | Feb | Mar | Apr | May | Jun | Jul | Aug | Sep | Oct | Nov | Dec 
2006: Jan | Feb | Mar | Apr | May | Jun | Jul | Aug | Sep | Oct | Nov | Dec 
2005: Jan | Feb | Mar | Apr | May | Jun | Jul | Aug | Sep | Oct | Nov | Dec 

Report for 2013 08
MONTHLY CLIMATOLOGICAL SUMMARY for Aug 2013 NAME: Cabrera de Mar, Barcelona ELEV: 9 meters LAT: 41-33.89 N LONG: 002-24.07 E TEMPERATURE (C), RAIN (cm), WIND SPEED (km/h) HEAT COOL AVG MEAN DEG DEG WIND DOM DAY TEMP HIGH TIME LOW TIME DAYS DAYS RAIN SPEED HIGH TIME DIR --------------------------------------------------------------------------------------- 01 25.1 29.2 15:10 20.3 06:30 0.0 6.8 0.00 5.8 25.7 12:40 189 02 25.2 29.5 13:50 20.3 06:30 0.0 6.8 0.00 5.3 25.7 11:40 181 03 24.9 28.4 12:10 21.3 06:20 0.0 6.6 0.00 3.3 25.7 15:20 68 04 25.3 28.7 16:00 21.1 06:10 0.0 7.0 0.00 3.4 17.7 20:00 50 05 25.8 29.3 15:10 21.3 06:50 0.0 7.5 0.00 6.0 27.4 16:00 189 06 26.4 29.8 14:20 22.6 06:30 0.0 8.1 0.00 4.3 20.9 09:50 78 07 25.7 28.8 12:50 23.7 06:30 0.0 7.4 0.00 3.4 19.3 23:50 107 08 23.4 26.2 16:00 19.8 07:40 0.0 5.0 0.24 7.1 41.8 02:50 110 09 24.0 27.7 15:10 18.9 07:30 0.0 5.7 0.02 7.0 30.6 15:40 190 10 24.5 27.7 16:10 20.6 06:10 0.0 6.1 0.00 4.8 19.3 14:50 104 11 24.7 28.1 17:20 20.2 06:40 0.0 6.3 0.00 6.8 32.2 15:50 179 12 25.1 28.3 15:20 20.8 06:30 0.0 6.8 0.00 5.5 27.4 16:30 177 13 26.4 29.2 14:50 22.4 07:30 0.0 8.1 0.00 4.6 25.7 21:50 157 14 25.7 29.4 14:30 22.5 05:50 0.0 7.4 0.00 5.5 32.2 15:20 174 15 24.6 27.1 13:40 21.6 07:30 0.0 6.3 0.00 4.0 17.7 14:30 95 16 25.4 28.6 13:50 21.6 07:00 0.0 7.1 0.00 5.8 22.5 12:10 184 17 25.0 27.3 13:00 22.6 00:00 0.0 6.7 0.04 4.9 25.7 01:40 133 18 25.1 28.6 14:00 20.7 07:00 0.0 6.7 0.00 5.9 27.4 13:40 178 19 25.9 28.9 12:40 23.1 05:40 0.0 7.6 0.00 4.7 22.5 19:40 107 20 25.7 27.9 12:00 23.9 07:00 0.0 7.3 0.00 5.4 19.3 14:40 88 21 24.4 28.0 13:50 21.6 07:10 0.0 6.1 0.00 3.3 19.3 14:40 119 22 25.6 29.1 15:20 22.1 05:00 0.0 7.2 0.00 8.4 35.4 14:50 183 23 25.2 27.7 14:50 22.2 07:40 0.0 6.8 0.00 5.4 19.3 12:10 127 24 24.6 28.2 14:30 20.9 07:10 0.0 6.3 0.00 5.5 24.1 15:00 108 25 23.0 25.0 13:10 21.3 07:10 0.0 4.7 0.00 8.9 32.2 07:40 192 26 21.3 23.2 09:40 19.9 05:10 0.0 3.0 0.04 5.7 27.4 17:50 82 27 21.7 26.1 14:50 17.1 05:00 0.0 3.4 1.36 6.5 30.6 19:50 161 28 22.3 26.2 16:40 18.3 07:20 0.0 4.0 0.96 5.0 30.6 19:10 162 29 23.3 28.9 13:40 20.9 05:20 0.0 4.9 0.00 4.5 25.7 14:30 202 30 23.5 27.3 15:00 18.6 08:00 0.0 5.1 0.00 6.1 24.1 13:20 158 31 23.9 28.1 14:30 19.9 06:40 0.0 5.6 0.00 6.5 30.6 14:20 162 --------------------------------------------------------------------------------------- 24.6 29.8 06 17.1 27 0.0 194.3 2.66 5.5 41.8 08 153