NOAA-Style Climate Reports

NOAA style reports
2022: Jan | Feb | Mar | Apr | May | Jun | Jul | Aug | Sep | Oct | Nov | Dec 
2021: Jan | Feb | Mar | Apr | May | Jun | Jul | Aug | Sep | Oct | Nov | Dec 
2020: Jan | Feb | Mar | Apr | May | Jun | Jul | Aug | Sep | Oct | Nov | Dec 
2019: Jan | Feb | Mar | Apr | May | Jun | Jul | Aug | Sep | Oct | Nov | Dec 
2018: Jan | Feb | Mar | Apr | May | Jun | Jul | Aug | Sep | Oct | Nov | Dec 
2017: Jan | Feb | Mar | Apr | May | Jun | Jul | Aug | Sep | Oct | Nov | Dec 
2016: Jan | Feb | Mar | Apr | May | Jun | Jul | Aug | Sep | Oct | Nov | Dec 
2015: Jan | Feb | Mar | Apr | May | Jun | Jul | Aug | Sep | Oct | Nov | Dec 
2014: Jan | Feb | Mar | Apr | May | Jun | Jul | Aug | Sep | Oct | Nov | Dec 
2013: Jan | Feb | Mar | Apr | May | Jun | Jul | Aug | Sep | Oct | Nov | Dec 
2012: Jan | Feb | Mar | Apr | May | Jun | Jul | Aug | Sep | Oct | Nov | Dec 
2011: Jan | Feb | Mar | Apr | May | Jun | Jul | Aug | Sep | Oct | Nov | Dec 
2010: Jan | Feb | Mar | Apr | May | Jun | Jul | Aug | Sep | Oct | Nov | Dec 
2009: Jan | Feb | Mar | Apr | May | Jun | Jul | Aug | Sep | Oct | Nov | Dec 
2008: Jan | Feb | Mar | Apr | May | Jun | Jul | Aug | Sep | Oct | Nov | Dec 
2007: Jan | Feb | Mar | Apr | May | Jun | Jul | Aug | Sep | Oct | Nov | Dec 
2006: Jan | Feb | Mar | Apr | May | Jun | Jul | Aug | Sep | Oct | Nov | Dec 
2005: Jan | Feb | Mar | Apr | May | Jun | Jul | Aug | Sep | Oct | Nov | Dec 

Report for 2013 05
MONTHLY CLIMATOLOGICAL SUMMARY for May 2013 NAME: Cabrera de Mar, Barcelona ELEV: 9 meters LAT: 41-33.89 N LONG: 002-24.07 E TEMPERATURE (C), RAIN (cm), WIND SPEED (km/h) HEAT COOL AVG MEAN DEG DEG WIND DOM DAY TEMP HIGH TIME LOW TIME DAYS DAYS RAIN SPEED HIGH TIME DIR --------------------------------------------------------------------------------------- 01 14.5 18.2 14:00 10.4 04:00 3.8 0.0 0.00 6.8 27.4 15:50 191 02 14.2 17.3 15:10 10.2 07:10 4.1 0.0 0.00 4.9 24.1 20:10 107 03 15.3 19.1 15:20 10.6 07:10 3.0 0.0 0.00 5.7 29.0 15:40 185 04 15.9 19.2 16:20 12.3 06:50 2.4 0.0 0.08 4.4 19.3 14:00 137 05 15.8 20.2 15:50 11.3 07:10 2.5 0.0 0.02 6.3 33.8 16:10 203 06 16.2 19.6 11:20 12.2 07:00 2.1 0.0 0.00 8.8 40.2 17:40 206 07 18.5 23.7 16:40 14.9 04:10 0.0 0.2 0.00 3.5 19.3 16:50 35 08 18.1 20.6 11:00 15.2 06:30 0.2 0.0 0.00 2.9 16.1 22:00 72 09 18.5 21.6 13:30 15.8 06:40 0.0 0.2 0.00 4.9 20.9 12:20 141 10 17.3 18.4 00:10 16.6 22:00 1.0 0.0 0.02 7.1 27.4 13:00 176 11 16.1 18.4 17:00 14.3 04:50 2.2 0.0 0.00 5.3 29.0 15:30 127 12 16.7 18.9 16:10 14.9 07:20 1.7 0.0 0.00 5.0 20.9 14:50 107 13 17.2 19.9 14:20 14.9 01:30 1.1 0.0 0.00 7.6 30.6 15:00 178 14 16.0 18.2 10:30 13.4 05:30 2.3 0.0 0.04 4.6 25.7 15:40 190 15 16.1 19.5 14:50 13.2 23:30 2.3 0.0 0.96 5.9 35.4 21:10 41 16 13.1 15.4 16:50 11.8 10:50 5.2 0.0 0.22 4.1 25.7 04:10 321 17 14.9 18.6 15:40 9.9 07:10 3.4 0.0 0.28 5.9 35.4 16:30 156 18 16.2 19.4 13:50 13.7 07:10 2.1 0.0 0.38 13.0 53.1 16:50 208 19 14.4 18.5 14:10 11.1 06:50 4.0 0.0 1.04 9.2 37.0 01:40 196 20 14.4 17.4 14:40 11.8 00:30 3.9 0.0 0.08 5.9 24.1 01:00 52 21 14.5 17.6 15:10 10.3 06:40 3.8 0.0 0.00 4.7 19.3 12:20 153 22 17.5 20.4 16:00 14.5 06:30 0.9 0.0 0.00 7.1 35.4 06:20 233 23 17.6 20.8 13:40 13.7 06:30 0.7 0.0 0.00 8.5 33.8 12:00 215 24 15.1 17.4 12:50 13.3 06:40 3.2 0.0 0.02 11.5 45.1 15:50 150 25 14.4 17.1 13:30 10.7 06:10 3.9 0.0 0.00 9.3 38.6 15:50 125 26 15.4 19.1 15:30 11.3 04:00 3.0 0.0 0.00 8.1 37.0 17:30 186 27 16.2 18.9 15:10 13.5 05:40 2.2 0.0 0.00 5.0 29.0 13:50 151 28 15.5 19.5 12:20 12.8 07:10 2.8 0.0 0.30 7.8 38.6 12:50 162 29 15.6 22.5 16:30 11.3 23:30 2.7 0.0 0.28 10.5 46.7 15:30 245 30 14.6 19.1 16:10 9.8 06:20 3.7 0.0 0.02 5.7 32.2 15:00 191 31 16.3 20.4 13:40 13.2 05:00 2.0 0.0 0.00 4.3 22.5 07:50 111 --------------------------------------------------------------------------------------- 15.9 23.7 07 9.8 30 76.5 0.3 3.74 6.6 53.1 18 170