NOAA-Style Climate Reports

NOAA style reports
2022: Jan | Feb | Mar | Apr | May | Jun | Jul | Aug | Sep | Oct | Nov | Dec 
2021: Jan | Feb | Mar | Apr | May | Jun | Jul | Aug | Sep | Oct | Nov | Dec 
2020: Jan | Feb | Mar | Apr | May | Jun | Jul | Aug | Sep | Oct | Nov | Dec 
2019: Jan | Feb | Mar | Apr | May | Jun | Jul | Aug | Sep | Oct | Nov | Dec 
2018: Jan | Feb | Mar | Apr | May | Jun | Jul | Aug | Sep | Oct | Nov | Dec 
2017: Jan | Feb | Mar | Apr | May | Jun | Jul | Aug | Sep | Oct | Nov | Dec 
2016: Jan | Feb | Mar | Apr | May | Jun | Jul | Aug | Sep | Oct | Nov | Dec 
2015: Jan | Feb | Mar | Apr | May | Jun | Jul | Aug | Sep | Oct | Nov | Dec 
2014: Jan | Feb | Mar | Apr | May | Jun | Jul | Aug | Sep | Oct | Nov | Dec 
2013: Jan | Feb | Mar | Apr | May | Jun | Jul | Aug | Sep | Oct | Nov | Dec 
2012: Jan | Feb | Mar | Apr | May | Jun | Jul | Aug | Sep | Oct | Nov | Dec 
2011: Jan | Feb | Mar | Apr | May | Jun | Jul | Aug | Sep | Oct | Nov | Dec 
2010: Jan | Feb | Mar | Apr | May | Jun | Jul | Aug | Sep | Oct | Nov | Dec 
2009: Jan | Feb | Mar | Apr | May | Jun | Jul | Aug | Sep | Oct | Nov | Dec 
2008: Jan | Feb | Mar | Apr | May | Jun | Jul | Aug | Sep | Oct | Nov | Dec 
2007: Jan | Feb | Mar | Apr | May | Jun | Jul | Aug | Sep | Oct | Nov | Dec 
2006: Jan | Feb | Mar | Apr | May | Jun | Jul | Aug | Sep | Oct | Nov | Dec 
2005: Jan | Feb | Mar | Apr | May | Jun | Jul | Aug | Sep | Oct | Nov | Dec 

Report for 2013 04
MONTHLY CLIMATOLOGICAL SUMMARY for Apr 2013 NAME: Cabrera de Mar, Barcelona ELEV: 9 meters LAT: 41-33.89 N LONG: 002-24.07 E TEMPERATURE (C), RAIN (cm), WIND SPEED (km/h) HEAT COOL AVG MEAN DEG DEG WIND DOM DAY TEMP HIGH TIME LOW TIME DAYS DAYS RAIN SPEED HIGH TIME DIR --------------------------------------------------------------------------------------- 01 12.8 16.2 16:20 10.6 23:50 5.5 0.0 0.46 5.5 30.6 17:00 31 02 12.9 18.5 13:20 9.2 07:30 5.4 0.0 0.02 7.3 32.2 18:30 143 03 12.3 15.4 12:30 7.9 06:40 6.1 0.0 0.00 3.5 19.3 13:20 70 04 13.0 15.3 12:50 11.2 02:40 5.3 0.0 0.16 4.7 24.1 15:40 57 05 10.7 14.0 11:30 7.8 00:00 7.6 0.0 0.74 5.0 29.0 19:50 276 06 9.3 12.3 14:20 6.2 08:30 9.0 0.0 0.36 4.4 20.9 10:40 196 07 11.8 15.0 16:00 8.5 07:50 6.5 0.0 0.00 10.2 48.3 18:50 194 08 13.3 20.7 14:50 10.2 04:00 5.0 0.0 0.00 8.3 37.0 15:20 212 09 14.7 24.2 15:50 8.4 04:50 3.6 0.0 0.00 11.8 46.7 15:00 253 10 15.2 18.9 18:10 11.4 07:40 3.1 0.0 0.00 6.6 43.5 18:30 208 11 16.0 19.6 12:00 12.8 04:50 2.3 0.0 0.00 12.7 48.3 17:10 208 12 16.6 24.8 16:50 11.6 07:40 1.8 0.0 0.00 8.6 49.9 19:30 210 13 15.1 18.7 15:50 11.3 07:50 3.2 0.0 0.00 4.1 19.3 16:10 179 14 15.0 19.1 14:00 11.1 07:30 3.4 0.0 0.00 2.8 14.5 11:50 128 15 15.3 18.6 16:00 11.3 07:00 3.0 0.0 0.00 3.5 16.1 20:20 110 16 15.8 18.2 12:30 12.1 06:40 2.6 0.0 0.00 3.3 14.5 18:50 187 17 17.3 20.9 15:50 13.0 07:10 1.1 0.0 0.00 3.9 20.9 15:40 181 18 15.8 19.1 12:00 11.6 07:40 2.6 0.0 0.00 2.7 20.9 11:00 66 19 15.2 19.4 14:00 12.8 03:20 3.1 0.0 0.02 4.6 24.1 19:30 136 20 14.5 18.3 11:40 9.4 07:40 3.9 0.0 0.00 10.4 41.8 16:40 184 21 14.4 17.3 13:40 11.8 06:10 3.9 0.0 0.00 8.1 25.7 15:10 144 22 14.5 17.7 14:50 11.2 05:30 3.8 0.0 0.00 5.0 22.5 15:30 158 23 14.7 17.9 13:40 10.6 06:30 3.7 0.0 0.00 4.1 19.3 06:20 92 24 15.6 18.9 18:00 10.9 02:10 2.7 0.0 0.00 12.5 43.5 14:00 54 25 17.2 20.2 12:20 14.8 19:30 1.1 0.0 1.44 17.1 57.9 10:30 15 26 16.9 20.6 12:20 14.8 23:50 1.5 0.0 0.04 11.9 40.2 01:20 26 27 12.2 14.8 00:10 9.3 20:30 6.1 0.0 0.86 7.4 40.2 11:30 45 28 10.8 13.3 18:40 8.5 10:30 7.5 0.0 0.20 10.4 38.6 15:40 6 29 14.2 16.7 17:20 11.6 06:30 4.1 0.0 0.76 14.9 54.7 15:00 8 30 15.3 17.6 16:00 13.3 00:00 3.0 0.0 0.24 10.8 43.5 18:20 202 --------------------------------------------------------------------------------------- 14.3 24.8 12 6.2 06 121.5 0.0 5.30 7.5 57.9 25 95