NOAA-Style Climate Reports

NOAA style reports
2022: Jan | Feb | Mar | Apr | May | Jun | Jul | Aug | Sep | Oct | Nov | Dec 
2021: Jan | Feb | Mar | Apr | May | Jun | Jul | Aug | Sep | Oct | Nov | Dec 
2020: Jan | Feb | Mar | Apr | May | Jun | Jul | Aug | Sep | Oct | Nov | Dec 
2019: Jan | Feb | Mar | Apr | May | Jun | Jul | Aug | Sep | Oct | Nov | Dec 
2018: Jan | Feb | Mar | Apr | May | Jun | Jul | Aug | Sep | Oct | Nov | Dec 
2017: Jan | Feb | Mar | Apr | May | Jun | Jul | Aug | Sep | Oct | Nov | Dec 
2016: Jan | Feb | Mar | Apr | May | Jun | Jul | Aug | Sep | Oct | Nov | Dec 
2015: Jan | Feb | Mar | Apr | May | Jun | Jul | Aug | Sep | Oct | Nov | Dec 
2014: Jan | Feb | Mar | Apr | May | Jun | Jul | Aug | Sep | Oct | Nov | Dec 
2013: Jan | Feb | Mar | Apr | May | Jun | Jul | Aug | Sep | Oct | Nov | Dec 
2012: Jan | Feb | Mar | Apr | May | Jun | Jul | Aug | Sep | Oct | Nov | Dec 
2011: Jan | Feb | Mar | Apr | May | Jun | Jul | Aug | Sep | Oct | Nov | Dec 
2010: Jan | Feb | Mar | Apr | May | Jun | Jul | Aug | Sep | Oct | Nov | Dec 
2009: Jan | Feb | Mar | Apr | May | Jun | Jul | Aug | Sep | Oct | Nov | Dec 
2008: Jan | Feb | Mar | Apr | May | Jun | Jul | Aug | Sep | Oct | Nov | Dec 
2007: Jan | Feb | Mar | Apr | May | Jun | Jul | Aug | Sep | Oct | Nov | Dec 
2006: Jan | Feb | Mar | Apr | May | Jun | Jul | Aug | Sep | Oct | Nov | Dec 
2005: Jan | Feb | Mar | Apr | May | Jun | Jul | Aug | Sep | Oct | Nov | Dec 

Report for 2013 02
MONTHLY CLIMATOLOGICAL SUMMARY for Feb 2013 NAME: Cabrera de Mar, Barcelona ELEV: 9 meters LAT: 41-33.89 N LONG: 002-24.07 E TEMPERATURE (C), RAIN (cm), WIND SPEED (km/h) HEAT COOL AVG MEAN DEG DEG WIND DOM DAY TEMP HIGH TIME LOW TIME DAYS DAYS RAIN SPEED HIGH TIME DIR --------------------------------------------------------------------------------------- 01 15.5 21.6 13:30 10.6 06:40 2.8 0.0 0.00 8.8 37.0 13:40 235 02 13.2 17.2 13:40 8.7 00:00 5.2 0.0 0.02 13.4 51.5 22:40 272 03 10.8 16.9 15:10 6.4 23:40 7.6 0.0 0.00 11.0 54.7 08:30 294 04 10.2 16.3 13:20 4.4 07:10 8.1 0.0 0.00 6.0 40.2 03:20 214 05 11.6 15.3 16:10 5.8 07:40 6.8 0.0 0.00 6.9 49.9 19:50 243 06 10.9 14.6 15:20 7.0 08:00 7.4 0.0 0.00 14.5 49.9 14:30 278 07 8.9 12.8 13:10 5.1 07:10 9.4 0.0 0.00 15.0 64.4 12:10 300 08 7.1 9.2 15:40 4.9 05:10 11.2 0.0 0.00 3.0 29.0 07:20 277 09 6.2 10.4 16:20 0.8 08:00 12.2 0.0 0.00 4.8 27.4 16:30 187 10 9.2 13.9 15:20 3.8 06:40 9.1 0.0 0.00 8.1 38.6 15:50 206 11 10.0 13.9 16:00 7.3 07:00 8.3 0.0 0.00 14.4 48.3 23:00 273 12 10.6 16.7 14:50 6.4 08:40 7.7 0.0 0.00 9.5 46.7 00:20 270 13 9.6 13.3 14:10 6.0 08:20 8.7 0.0 0.00 3.9 22.5 01:10 251 14 10.4 14.4 14:30 6.7 00:10 7.9 0.0 0.00 4.7 22.5 14:30 183 15 11.2 14.9 12:00 6.2 07:40 7.1 0.0 0.00 4.6 24.1 14:30 199 16 11.5 12.9 12:00 10.3 21:00 6.8 0.0 0.14 4.7 22.5 10:30 151 17 11.3 13.8 12:50 9.5 07:40 7.0 0.0 0.00 3.0 16.1 12:00 90 18 12.2 14.2 14:20 10.1 07:00 6.1 0.0 0.00 9.0 35.4 14:30 54 19 11.7 14.2 14:30 7.9 23:10 6.6 0.0 0.00 5.4 17.7 01:40 63 20 10.7 14.6 14:40 7.4 00:40 7.6 0.0 0.00 7.6 29.0 14:00 209 21 9.9 13.1 14:20 6.7 03:20 8.4 0.0 0.00 3.4 17.7 11:40 108 22 7.3 10.9 00:10 5.1 23:50 11.1 0.0 0.20 8.5 35.4 23:10 37 23 5.0 10.6 15:30 1.5 07:30 13.3 0.0 0.70 9.3 37.0 01:10 347 24 5.5 9.4 14:30 2.0 01:30 12.8 0.0 0.00 10.5 40.2 06:00 312 25 5.2 9.2 13:50 2.2 05:00 13.1 0.0 0.00 4.1 24.1 15:40 137 26 6.6 10.8 15:20 1.9 07:30 11.7 0.0 0.00 5.4 22.5 15:20 192 27 7.7 12.8 16:40 3.9 00:50 10.6 0.0 0.00 4.0 37.0 17:10 73 28 9.7 11.8 15:30 8.0 23:50 8.6 0.0 1.40 21.2 61.2 21:40 30 --------------------------------------------------------------------------------------- 9.6 21.6 01 0.8 09 243.5 0.0 2.46 7.9 64.4 07 274