NOAA-Style Climate Reports

NOAA style reports
2022: Jan | Feb | Mar | Apr | May | Jun | Jul | Aug | Sep | Oct | Nov | Dec 
2021: Jan | Feb | Mar | Apr | May | Jun | Jul | Aug | Sep | Oct | Nov | Dec 
2020: Jan | Feb | Mar | Apr | May | Jun | Jul | Aug | Sep | Oct | Nov | Dec 
2019: Jan | Feb | Mar | Apr | May | Jun | Jul | Aug | Sep | Oct | Nov | Dec 
2018: Jan | Feb | Mar | Apr | May | Jun | Jul | Aug | Sep | Oct | Nov | Dec 
2017: Jan | Feb | Mar | Apr | May | Jun | Jul | Aug | Sep | Oct | Nov | Dec 
2016: Jan | Feb | Mar | Apr | May | Jun | Jul | Aug | Sep | Oct | Nov | Dec 
2015: Jan | Feb | Mar | Apr | May | Jun | Jul | Aug | Sep | Oct | Nov | Dec 
2014: Jan | Feb | Mar | Apr | May | Jun | Jul | Aug | Sep | Oct | Nov | Dec 
2013: Jan | Feb | Mar | Apr | May | Jun | Jul | Aug | Sep | Oct | Nov | Dec 
2012: Jan | Feb | Mar | Apr | May | Jun | Jul | Aug | Sep | Oct | Nov | Dec 
2011: Jan | Feb | Mar | Apr | May | Jun | Jul | Aug | Sep | Oct | Nov | Dec 
2010: Jan | Feb | Mar | Apr | May | Jun | Jul | Aug | Sep | Oct | Nov | Dec 
2009: Jan | Feb | Mar | Apr | May | Jun | Jul | Aug | Sep | Oct | Nov | Dec 
2008: Jan | Feb | Mar | Apr | May | Jun | Jul | Aug | Sep | Oct | Nov | Dec 
2007: Jan | Feb | Mar | Apr | May | Jun | Jul | Aug | Sep | Oct | Nov | Dec 
2006: Jan | Feb | Mar | Apr | May | Jun | Jul | Aug | Sep | Oct | Nov | Dec 
2005: Jan | Feb | Mar | Apr | May | Jun | Jul | Aug | Sep | Oct | Nov | Dec 

Report for 2012 10
MONTHLY CLIMATOLOGICAL SUMMARY for Oct 2012 NAME: Cabrera de Mar, Barcelona ELEV: 9 meters LAT: 41-33.89 N LONG: 002-24.07 E TEMPERATURE (C), RAIN (cm), WIND SPEED (km/h) HEAT COOL AVG MEAN DEG DEG WIND DOM DAY TEMP HIGH TIME LOW TIME DAYS DAYS RAIN SPEED HIGH TIME DIR --------------------------------------------------------------------------------------- 01 19.4 23.3 17:00 15.1 08:30 0.0 1.1 0.00 5.4 33.8 18:30 165 02 18.6 22.5 14:00 14.8 07:20 0.0 0.3 0.00 2.9 17.7 14:20 144 03 19.7 24.2 16:50 14.4 06:30 0.0 1.4 0.00 5.6 22.5 17:10 159 04 21.4 25.2 14:00 18.7 03:30 0.0 3.1 0.00 7.4 30.6 14:20 202 05 20.7 24.1 12:40 16.9 07:00 0.0 2.4 0.00 2.9 14.5 15:30 74 06 20.5 23.3 13:00 16.6 08:00 0.0 2.2 0.00 3.2 14.5 12:40 90 07 21.8 25.2 16:10 19.7 06:30 0.0 3.5 0.00 4.0 19.3 02:40 212 08 21.8 25.9 14:00 17.9 05:40 0.0 3.5 0.00 6.6 32.2 18:40 214 09 22.5 25.6 14:10 19.1 04:40 0.0 4.1 0.00 3.9 20.9 21:50 177 10 23.0 25.0 15:40 20.2 08:30 0.0 4.7 0.02 4.7 17.7 23:30 155 11 22.0 25.7 12:00 19.3 08:10 0.0 3.7 0.54 5.4 29.0 12:40 197 12 18.8 20.8 13:10 16.4 00:00 0.0 0.5 0.64 3.2 27.4 20:30 133 13 18.0 21.1 16:00 16.1 08:00 0.4 0.0 0.02 6.3 33.8 17:00 196 14 19.2 23.9 15:00 15.3 06:00 0.0 0.9 0.00 11.6 53.1 23:50 229 15 16.8 20.2 16:20 13.3 08:40 1.5 0.0 0.14 6.5 35.4 00:10 302 16 17.4 23.2 15:40 11.4 08:00 1.0 0.0 0.00 7.9 35.4 16:30 228 17 20.1 23.7 14:20 16.7 07:50 0.0 1.8 0.00 6.3 22.5 11:10 206 18 21.4 22.8 14:40 19.6 00:40 0.0 3.0 0.04 12.4 37.0 17:40 32 19 21.7 23.9 15:30 20.4 00:00 0.0 3.4 0.40 9.6 37.0 02:00 27 20 21.6 23.3 13:10 19.5 00:50 0.0 3.3 0.04 9.9 35.4 17:20 33 21 19.8 22.7 14:20 15.5 23:50 0.0 1.5 1.30 7.3 35.4 08:20 152 22 18.3 22.1 14:10 15.4 01:20 0.0 0.0 0.22 6.9 30.6 16:20 16 23 18.2 21.7 14:30 13.6 08:00 0.1 0.0 0.00 3.4 16.1 15:00 268 24 18.1 21.6 14:00 15.1 08:30 0.3 0.0 0.00 3.3 16.1 17:40 157 25 18.1 20.2 17:30 15.8 06:10 0.3 0.0 0.10 2.3 14.5 12:40 157 26 18.5 22.5 15:20 16.8 03:40 0.0 0.2 0.82 7.8 32.2 20:50 234 27 17.0 20.3 14:50 11.8 00:00 1.4 0.0 0.00 7.8 45.1 18:30 216 28 11.6 16.3 15:00 6.2 23:50 6.7 0.0 0.00 13.0 64.4 13:00 292 29 10.7 15.9 15:00 5.1 07:50 7.7 0.0 0.00 5.7 37.0 02:10 238 30 12.6 15.6 14:30 7.3 04:40 5.7 0.0 0.22 5.1 24.1 17:40 353 31 13.5 17.4 15:20 10.1 23:50 4.8 0.0 6.26 10.3 45.1 02:40 346 --------------------------------------------------------------------------------------- 18.8 25.9 08 5.1 29 29.8 44.2 10.76 6.5 64.4 28 216