NOAA-Style Climate Reports

NOAA style reports
2022: Jan | Feb | Mar | Apr | May | Jun | Jul | Aug | Sep | Oct | Nov | Dec 
2021: Jan | Feb | Mar | Apr | May | Jun | Jul | Aug | Sep | Oct | Nov | Dec 
2020: Jan | Feb | Mar | Apr | May | Jun | Jul | Aug | Sep | Oct | Nov | Dec 
2019: Jan | Feb | Mar | Apr | May | Jun | Jul | Aug | Sep | Oct | Nov | Dec 
2018: Jan | Feb | Mar | Apr | May | Jun | Jul | Aug | Sep | Oct | Nov | Dec 
2017: Jan | Feb | Mar | Apr | May | Jun | Jul | Aug | Sep | Oct | Nov | Dec 
2016: Jan | Feb | Mar | Apr | May | Jun | Jul | Aug | Sep | Oct | Nov | Dec 
2015: Jan | Feb | Mar | Apr | May | Jun | Jul | Aug | Sep | Oct | Nov | Dec 
2014: Jan | Feb | Mar | Apr | May | Jun | Jul | Aug | Sep | Oct | Nov | Dec 
2013: Jan | Feb | Mar | Apr | May | Jun | Jul | Aug | Sep | Oct | Nov | Dec 
2012: Jan | Feb | Mar | Apr | May | Jun | Jul | Aug | Sep | Oct | Nov | Dec 
2011: Jan | Feb | Mar | Apr | May | Jun | Jul | Aug | Sep | Oct | Nov | Dec 
2010: Jan | Feb | Mar | Apr | May | Jun | Jul | Aug | Sep | Oct | Nov | Dec 
2009: Jan | Feb | Mar | Apr | May | Jun | Jul | Aug | Sep | Oct | Nov | Dec 
2008: Jan | Feb | Mar | Apr | May | Jun | Jul | Aug | Sep | Oct | Nov | Dec 
2007: Jan | Feb | Mar | Apr | May | Jun | Jul | Aug | Sep | Oct | Nov | Dec 
2006: Jan | Feb | Mar | Apr | May | Jun | Jul | Aug | Sep | Oct | Nov | Dec 
2005: Jan | Feb | Mar | Apr | May | Jun | Jul | Aug | Sep | Oct | Nov | Dec 

Report for 2012 07
MONTHLY CLIMATOLOGICAL SUMMARY for Jul 2012 NAME: Cabrera de Mar, Barcelona ELEV: 9 meters LAT: 41-33.89 N LONG: 002-24.07 E TEMPERATURE (C), RAIN (cm), WIND SPEED (km/h) HEAT COOL AVG MEAN DEG DEG WIND DOM DAY TEMP HIGH TIME LOW TIME DAYS DAYS RAIN SPEED HIGH TIME DIR --------------------------------------------------------------------------------------- 01 21.9 24.6 09:00 17.7 22:50 0.0 3.5 1.84 4.5 32.2 13:50 345 02 21.0 24.6 16:40 16.3 06:00 0.0 2.7 0.00 9.8 35.4 14:40 205 03 22.6 25.6 15:00 18.8 03:20 0.0 4.3 0.00 9.7 38.6 16:50 196 04 24.2 27.3 16:10 20.5 06:30 0.0 5.8 0.00 8.6 30.6 15:20 186 05 23.9 26.6 14:20 20.6 07:10 0.0 5.6 0.00 6.3 33.8 00:00 67 06 22.6 25.0 14:40 18.6 06:30 0.0 4.3 0.06 7.2 29.0 00:10 165 07 23.2 26.6 17:20 18.5 06:20 0.0 4.8 0.00 5.9 24.1 17:40 165 08 23.1 25.3 13:10 20.8 05:50 0.0 4.8 0.00 4.9 25.7 08:20 100 09 24.4 27.8 15:30 19.9 07:00 0.0 6.1 0.00 10.2 35.4 16:40 193 10 24.8 27.4 15:00 21.6 06:00 0.0 6.5 0.00 7.0 24.1 13:00 183 11 23.8 25.8 14:30 21.6 05:50 0.0 5.5 0.00 5.1 19.3 12:00 124 12 23.1 24.7 15:10 21.7 00:30 0.0 4.7 0.00 9.4 27.4 03:50 161 13 25.3 27.8 14:00 22.9 04:00 0.0 6.9 0.00 12.1 40.2 18:40 191 14 23.6 25.5 12:30 21.8 04:00 0.0 5.3 0.00 5.5 32.2 05:20 76 15 22.4 24.6 13:30 20.7 01:30 0.0 4.1 0.00 6.8 27.4 15:00 129 16 23.4 25.7 15:30 21.2 05:50 0.0 5.1 0.00 8.8 37.0 16:50 171 17 24.5 28.0 14:50 20.7 03:30 0.0 6.2 0.00 8.3 33.8 17:10 202 18 25.5 28.2 15:40 20.8 07:00 0.0 7.2 0.00 6.3 33.8 12:50 192 19 25.1 27.9 13:20 20.6 06:30 0.0 6.7 0.00 5.5 29.0 11:30 70 20 24.9 28.2 15:40 20.7 06:00 0.0 6.6 0.00 7.6 27.4 15:20 144 21 23.5 26.2 15:40 20.4 06:00 0.0 5.2 0.00 5.9 25.7 15:50 143 22 24.4 26.6 14:10 22.6 06:00 0.0 6.1 0.00 8.3 25.7 17:20 166 23 23.2 26.6 11:50 19.5 05:30 0.0 4.9 0.00 5.6 32.2 13:40 97 24 23.1 27.6 14:40 17.1 06:30 0.0 4.8 0.00 10.7 40.2 19:10 199 25 24.8 27.4 13:10 21.1 07:10 0.0 6.5 0.00 12.8 40.2 14:40 201 26 25.0 27.8 16:50 20.9 07:10 0.0 6.7 0.00 4.4 19.3 13:20 172 27 25.5 28.1 15:00 21.9 06:10 0.0 7.2 0.00 6.8 30.6 13:50 46 28 25.6 29.3 14:00 22.0 06:00 0.0 7.3 0.00 7.2 29.0 16:20 186 29 25.1 27.7 12:30 21.7 07:10 0.0 6.7 0.00 8.2 32.2 17:40 176 30 25.1 28.1 16:00 21.6 06:20 0.0 6.7 0.00 7.8 33.8 18:10 176 31 26.3 28.6 14:50 22.6 06:40 0.0 8.0 0.00 6.7 24.1 18:40 164 --------------------------------------------------------------------------------------- 24.0 29.3 28 16.3 02 0.0 176.8 1.90 7.6 40.2 13 170