NOAA-Style Climate Reports

NOAA style reports
2022: Jan | Feb | Mar | Apr | May | Jun | Jul | Aug | Sep | Oct | Nov | Dec 
2021: Jan | Feb | Mar | Apr | May | Jun | Jul | Aug | Sep | Oct | Nov | Dec 
2020: Jan | Feb | Mar | Apr | May | Jun | Jul | Aug | Sep | Oct | Nov | Dec 
2019: Jan | Feb | Mar | Apr | May | Jun | Jul | Aug | Sep | Oct | Nov | Dec 
2018: Jan | Feb | Mar | Apr | May | Jun | Jul | Aug | Sep | Oct | Nov | Dec 
2017: Jan | Feb | Mar | Apr | May | Jun | Jul | Aug | Sep | Oct | Nov | Dec 
2016: Jan | Feb | Mar | Apr | May | Jun | Jul | Aug | Sep | Oct | Nov | Dec 
2015: Jan | Feb | Mar | Apr | May | Jun | Jul | Aug | Sep | Oct | Nov | Dec 
2014: Jan | Feb | Mar | Apr | May | Jun | Jul | Aug | Sep | Oct | Nov | Dec 
2013: Jan | Feb | Mar | Apr | May | Jun | Jul | Aug | Sep | Oct | Nov | Dec 
2012: Jan | Feb | Mar | Apr | May | Jun | Jul | Aug | Sep | Oct | Nov | Dec 
2011: Jan | Feb | Mar | Apr | May | Jun | Jul | Aug | Sep | Oct | Nov | Dec 
2010: Jan | Feb | Mar | Apr | May | Jun | Jul | Aug | Sep | Oct | Nov | Dec 
2009: Jan | Feb | Mar | Apr | May | Jun | Jul | Aug | Sep | Oct | Nov | Dec 
2008: Jan | Feb | Mar | Apr | May | Jun | Jul | Aug | Sep | Oct | Nov | Dec 
2007: Jan | Feb | Mar | Apr | May | Jun | Jul | Aug | Sep | Oct | Nov | Dec 
2006: Jan | Feb | Mar | Apr | May | Jun | Jul | Aug | Sep | Oct | Nov | Dec 
2005: Jan | Feb | Mar | Apr | May | Jun | Jul | Aug | Sep | Oct | Nov | Dec 

Report for 2012 06
MONTHLY CLIMATOLOGICAL SUMMARY for Jun 2012 NAME: Cabrera de Mar, Barcelona ELEV: 9 meters LAT: 41-33.89 N LONG: 002-24.07 E TEMPERATURE (C), RAIN (cm), WIND SPEED (km/h) HEAT COOL AVG MEAN DEG DEG WIND DOM DAY TEMP HIGH TIME LOW TIME DAYS DAYS RAIN SPEED HIGH TIME DIR --------------------------------------------------------------------------------------- 01 22.7 25.6 11:30 18.1 06:20 0.0 4.4 0.00 7.3 25.7 12:40 194 02 23.0 25.7 12:20 19.5 05:40 0.0 4.7 0.00 10.2 32.2 13:40 205 03 21.1 24.6 08:00 18.4 23:20 0.0 2.7 0.46 6.4 37.0 07:30 24 04 20.4 22.9 13:10 18.1 06:10 0.0 2.1 0.00 7.4 33.8 13:30 178 05 21.7 24.4 16:30 17.5 06:40 0.0 3.4 0.00 9.7 40.2 17:00 187 06 21.7 24.6 14:40 19.8 04:00 0.0 3.4 0.00 7.2 27.4 14:50 193 07 22.2 24.3 14:40 18.5 06:00 0.0 3.9 0.00 5.2 24.1 13:10 161 08 22.0 23.9 13:20 19.3 05:30 0.0 3.6 0.00 4.3 19.3 01:10 118 09 21.3 24.5 15:00 17.9 06:40 0.0 3.0 0.00 9.7 45.1 15:40 184 10 22.0 25.1 21:20 18.7 06:20 0.0 3.7 0.04 6.9 43.5 22:10 129 11 20.7 22.7 15:30 19.1 05:30 0.0 2.4 0.00 6.5 27.4 23:10 115 12 20.4 25.0 16:40 16.1 05:50 0.0 2.1 0.00 11.1 46.7 18:00 139 13 19.9 22.9 14:50 16.9 06:20 0.0 1.6 0.00 6.5 22.5 14:20 91 14 21.1 24.5 16:10 16.9 06:20 0.0 2.8 0.00 8.0 30.6 17:30 178 15 21.4 25.2 14:40 16.7 06:20 0.0 3.1 0.00 6.4 29.0 16:10 183 16 22.4 25.9 15:20 16.8 06:30 0.0 4.0 0.00 8.0 30.6 13:50 191 17 21.6 24.1 15:50 16.9 05:50 0.0 3.2 0.00 4.5 16.1 13:10 162 18 22.4 25.0 13:00 18.6 05:00 0.0 4.0 0.00 5.1 30.6 12:00 77 19 22.8 26.3 15:50 19.9 05:10 0.0 4.5 0.00 4.9 25.7 15:10 47 20 23.4 26.8 13:20 20.1 06:20 0.0 5.0 0.00 5.2 29.0 13:00 142 21 24.7 27.4 14:00 20.3 05:50 0.0 6.4 0.00 11.7 40.2 12:50 199 22 22.9 24.6 14:30 20.2 06:10 0.0 4.6 0.00 4.7 17.7 12:00 128 23 22.5 24.9 13:30 18.4 06:40 0.0 4.2 0.00 5.4 20.9 13:50 155 24 24.0 27.4 17:20 19.4 06:00 0.0 5.6 0.00 3.8 16.1 10:10 88 25 24.5 27.3 13:30 19.7 06:30 0.0 6.1 0.00 5.5 20.9 11:50 91 26 25.2 28.0 16:30 21.1 06:20 0.0 6.9 0.00 5.7 24.1 19:10 166 27 25.4 27.8 16:40 21.6 06:10 0.0 7.1 0.00 6.8 27.4 18:50 199 28 25.7 28.1 12:40 23.3 00:00 0.0 7.4 0.02 8.3 37.0 01:40 196 29 25.0 27.3 19:30 21.8 06:50 0.0 6.6 0.00 3.6 11.3 09:40 147 30 24.6 26.9 15:40 22.1 04:30 0.0 6.2 0.00 5.1 22.5 22:10 67 --------------------------------------------------------------------------------------- 22.6 28.1 28 16.1 12 0.0 128.7 0.52 6.7 46.7 12 162