NOAA-Style Climate Reports

NOAA style reports
2022: Jan | Feb | Mar | Apr | May | Jun | Jul | Aug | Sep | Oct | Nov | Dec 
2021: Jan | Feb | Mar | Apr | May | Jun | Jul | Aug | Sep | Oct | Nov | Dec 
2020: Jan | Feb | Mar | Apr | May | Jun | Jul | Aug | Sep | Oct | Nov | Dec 
2019: Jan | Feb | Mar | Apr | May | Jun | Jul | Aug | Sep | Oct | Nov | Dec 
2018: Jan | Feb | Mar | Apr | May | Jun | Jul | Aug | Sep | Oct | Nov | Dec 
2017: Jan | Feb | Mar | Apr | May | Jun | Jul | Aug | Sep | Oct | Nov | Dec 
2016: Jan | Feb | Mar | Apr | May | Jun | Jul | Aug | Sep | Oct | Nov | Dec 
2015: Jan | Feb | Mar | Apr | May | Jun | Jul | Aug | Sep | Oct | Nov | Dec 
2014: Jan | Feb | Mar | Apr | May | Jun | Jul | Aug | Sep | Oct | Nov | Dec 
2013: Jan | Feb | Mar | Apr | May | Jun | Jul | Aug | Sep | Oct | Nov | Dec 
2012: Jan | Feb | Mar | Apr | May | Jun | Jul | Aug | Sep | Oct | Nov | Dec 
2011: Jan | Feb | Mar | Apr | May | Jun | Jul | Aug | Sep | Oct | Nov | Dec 
2010: Jan | Feb | Mar | Apr | May | Jun | Jul | Aug | Sep | Oct | Nov | Dec 
2009: Jan | Feb | Mar | Apr | May | Jun | Jul | Aug | Sep | Oct | Nov | Dec 
2008: Jan | Feb | Mar | Apr | May | Jun | Jul | Aug | Sep | Oct | Nov | Dec 
2007: Jan | Feb | Mar | Apr | May | Jun | Jul | Aug | Sep | Oct | Nov | Dec 
2006: Jan | Feb | Mar | Apr | May | Jun | Jul | Aug | Sep | Oct | Nov | Dec 
2005: Jan | Feb | Mar | Apr | May | Jun | Jul | Aug | Sep | Oct | Nov | Dec 

Report for 2012 03
MONTHLY CLIMATOLOGICAL SUMMARY for Mar 2012 NAME: Cabrera de Mar, Barcelona ELEV: 9 meters LAT: 41-33.89 N LONG: 002-24.07 E TEMPERATURE (C), RAIN (cm), WIND SPEED (km/h) HEAT COOL AVG MEAN DEG DEG WIND DOM DAY TEMP HIGH TIME LOW TIME DAYS DAYS RAIN SPEED HIGH TIME DIR --------------------------------------------------------------------------------------- 01 11.2 15.6 14:10 7.2 07:30 7.1 0.0 0.02 5.3 25.7 15:30 185 02 11.6 16.1 14:00 5.9 07:30 6.8 0.0 0.00 9.5 41.8 18:40 204 03 12.3 15.6 12:10 10.1 04:30 6.0 0.0 0.18 5.6 30.6 12:40 114 04 12.3 17.2 17:00 7.0 07:30 6.1 0.0 0.02 3.9 30.6 17:10 246 05 12.2 14.8 12:30 8.7 08:00 6.1 0.0 0.00 10.2 38.6 23:10 145 06 10.2 14.0 14:00 5.3 07:20 8.2 0.0 0.00 6.6 27.4 14:20 103 07 10.2 14.1 14:50 5.1 08:00 8.2 0.0 0.00 5.5 19.3 11:20 150 08 11.1 15.4 14:30 6.3 07:10 7.3 0.0 0.00 6.0 25.7 10:50 190 09 11.7 17.6 14:50 5.8 07:00 6.6 0.0 0.00 8.6 53.1 15:00 24 10 10.8 15.1 12:40 5.3 07:30 7.5 0.0 0.00 4.8 22.5 02:10 97 11 11.0 16.4 13:30 5.7 06:50 7.3 0.0 0.00 4.5 30.6 14:20 160 12 12.3 17.0 16:20 7.2 07:10 6.1 0.0 0.00 4.9 27.4 17:30 162 13 12.7 17.9 14:40 8.2 06:20 5.6 0.0 0.00 3.3 16.1 09:00 17 14 12.4 16.8 13:20 8.0 06:20 6.0 0.0 0.00 2.7 16.1 15:50 48 15 10.4 13.3 14:20 6.0 04:20 7.9 0.0 0.00 4.2 14.5 08:10 68 16 11.4 15.6 12:20 6.8 05:30 7.0 0.0 0.02 3.5 16.1 15:20 74 17 12.9 16.3 14:40 8.7 07:10 5.5 0.0 0.00 7.0 30.6 15:30 175 18 15.1 22.2 14:20 9.9 02:10 3.2 0.0 0.00 8.2 40.2 15:10 242 19 11.9 14.8 13:10 9.7 22:30 6.4 0.0 0.00 5.5 24.1 07:40 166 20 12.1 17.9 14:20 7.2 07:10 6.2 0.0 0.04 14.1 61.2 21:50 31 21 13.1 14.3 10:20 11.1 00:30 5.2 0.0 0.34 16.4 53.1 00:10 24 22 12.1 14.3 14:00 9.7 00:00 6.2 0.0 0.62 6.3 37.0 10:50 308 23 11.7 14.8 12:20 7.3 06:50 6.6 0.0 0.00 3.7 16.1 14:10 99 24 12.8 16.8 15:30 8.0 07:10 5.6 0.0 0.00 2.6 16.1 10:10 161 25 14.0 18.7 16:10 8.8 07:50 4.4 0.0 0.00 6.6 27.4 14:20 191 26 14.7 18.3 15:20 9.9 07:20 3.6 0.0 0.00 3.4 27.4 04:40 42 27 15.3 19.9 14:10 9.6 06:20 3.0 0.0 0.00 2.5 17.7 14:10 49 28 15.2 19.2 14:40 9.1 07:40 3.1 0.0 0.00 3.1 14.5 14:00 68 29 14.2 17.9 15:30 9.2 07:40 4.2 0.0 0.00 4.8 20.9 18:30 149 30 16.4 22.4 11:40 11.1 07:50 2.0 0.0 0.00 4.6 22.5 12:30 184 31 16.1 20.8 12:50 11.6 07:40 2.3 0.0 0.00 3.8 16.1 17:50 124 --------------------------------------------------------------------------------------- 12.5 22.4 30 5.1 07 177.1 0.0 1.24 6.0 61.2 20 119