NOAA-Style Climate Reports

NOAA style reports
2022: Jan | Feb | Mar | Apr | May | Jun | Jul | Aug | Sep | Oct | Nov | Dec 
2021: Jan | Feb | Mar | Apr | May | Jun | Jul | Aug | Sep | Oct | Nov | Dec 
2020: Jan | Feb | Mar | Apr | May | Jun | Jul | Aug | Sep | Oct | Nov | Dec 
2019: Jan | Feb | Mar | Apr | May | Jun | Jul | Aug | Sep | Oct | Nov | Dec 
2018: Jan | Feb | Mar | Apr | May | Jun | Jul | Aug | Sep | Oct | Nov | Dec 
2017: Jan | Feb | Mar | Apr | May | Jun | Jul | Aug | Sep | Oct | Nov | Dec 
2016: Jan | Feb | Mar | Apr | May | Jun | Jul | Aug | Sep | Oct | Nov | Dec 
2015: Jan | Feb | Mar | Apr | May | Jun | Jul | Aug | Sep | Oct | Nov | Dec 
2014: Jan | Feb | Mar | Apr | May | Jun | Jul | Aug | Sep | Oct | Nov | Dec 
2013: Jan | Feb | Mar | Apr | May | Jun | Jul | Aug | Sep | Oct | Nov | Dec 
2012: Jan | Feb | Mar | Apr | May | Jun | Jul | Aug | Sep | Oct | Nov | Dec 
2011: Jan | Feb | Mar | Apr | May | Jun | Jul | Aug | Sep | Oct | Nov | Dec 
2010: Jan | Feb | Mar | Apr | May | Jun | Jul | Aug | Sep | Oct | Nov | Dec 
2009: Jan | Feb | Mar | Apr | May | Jun | Jul | Aug | Sep | Oct | Nov | Dec 
2008: Jan | Feb | Mar | Apr | May | Jun | Jul | Aug | Sep | Oct | Nov | Dec 
2007: Jan | Feb | Mar | Apr | May | Jun | Jul | Aug | Sep | Oct | Nov | Dec 
2006: Jan | Feb | Mar | Apr | May | Jun | Jul | Aug | Sep | Oct | Nov | Dec 
2005: Jan | Feb | Mar | Apr | May | Jun | Jul | Aug | Sep | Oct | Nov | Dec 

Report for 2011 12
MONTHLY CLIMATOLOGICAL SUMMARY for Dec 2011 NAME: Cabrera de Mar, Barcelona ELEV: 9 meters LAT: 41-33.89 N LONG: 002-24.07 E TEMPERATURE (C), RAIN (cm), WIND SPEED (km/h) HEAT COOL AVG MEAN DEG DEG WIND DOM DAY TEMP HIGH TIME LOW TIME DAYS DAYS RAIN SPEED HIGH TIME DIR --------------------------------------------------------------------------------------- 01 14.2 17.7 14:30 11.6 06:50 4.1 0.0 0.00 9.3 40.2 15:40 208 02 15.1 18.6 12:50 13.5 08:10 3.2 0.0 0.00 5.3 27.4 00:20 240 03 13.5 16.6 12:20 10.6 07:40 4.8 0.0 0.00 7.0 35.4 23:00 277 04 13.5 17.9 14:40 11.6 08:00 4.9 0.0 0.00 8.1 27.4 07:20 242 05 13.6 17.9 12:30 9.9 06:50 4.7 0.0 0.02 7.2 37.0 06:00 248 06 13.5 17.9 14:20 9.9 08:00 4.8 0.0 0.02 3.8 22.5 12:10 267 07 13.0 17.9 14:40 9.0 07:40 5.4 0.0 0.00 5.0 32.2 20:50 260 08 12.8 17.9 12:20 8.8 03:10 5.5 0.0 0.00 3.8 20.9 06:00 16 09 11.8 15.8 14:00 7.6 07:00 6.5 0.0 0.00 3.4 16.1 12:40 254 10 11.8 15.8 12:40 8.1 08:40 6.6 0.0 0.00 2.2 11.3 11:50 225 11 10.9 14.8 11:10 6.7 05:30 7.4 0.0 0.00 2.2 14.5 21:30 234 12 11.6 17.8 14:40 6.8 06:00 6.7 0.0 0.00 6.4 38.6 07:30 262 13 12.7 17.3 14:20 9.5 00:30 5.7 0.0 0.00 11.2 51.5 11:40 238 14 14.9 19.6 14:20 10.8 00:10 3.4 0.0 0.00 10.4 37.0 04:30 232 15 12.9 16.9 15:10 10.1 05:20 5.4 0.0 0.00 8.6 49.9 07:20 257 16 14.0 17.0 15:10 12.0 01:00 4.3 0.0 0.00 19.1 70.8 14:00 243 17 10.8 14.6 14:50 8.1 08:10 7.5 0.0 0.00 20.0 56.3 09:20 285 18 9.4 14.5 15:00 6.0 08:40 8.9 0.0 0.00 6.8 32.2 17:10 286 19 8.6 13.2 15:20 4.3 04:40 9.8 0.0 0.00 6.0 35.4 07:30 265 20 9.6 13.9 14:30 6.8 07:50 8.8 0.0 0.00 7.0 33.8 16:10 260 21 10.6 15.7 12:40 6.8 07:50 7.7 0.0 0.00 4.1 22.5 12:40 251 22 13.6 17.4 11:50 9.9 23:10 4.7 0.0 0.00 3.3 24.1 08:50 191 23 11.3 16.3 14:30 7.2 08:20 7.1 0.0 0.00 3.3 16.1 08:20 207 24 12.0 15.9 13:50 6.8 00:00 6.3 0.0 0.00 5.1 22.5 13:10 257 25 8.9 13.9 15:40 4.3 07:20 9.5 0.0 0.00 2.9 19.3 03:40 217 26 8.4 14.1 13:40 4.2 07:40 9.9 0.0 0.00 3.2 11.3 01:40 225 27 10.2 16.7 14:30 4.3 04:40 8.1 0.0 0.00 6.4 41.8 13:30 5 28 9.4 14.2 14:50 5.5 07:30 8.9 0.0 0.00 2.8 11.3 05:50 268 29 9.4 15.2 12:40 4.7 04:30 8.9 0.0 0.00 4.4 24.1 01:20 207 30 10.9 17.0 15:20 5.7 07:40 7.5 0.0 0.00 5.8 38.6 18:50 259 31 13.5 18.4 13:40 9.7 07:20 4.9 0.0 0.00 7.7 35.4 01:50 275 --------------------------------------------------------------------------------------- 11.8 19.6 14 4.2 26 201.9 0.0 0.04 6.6 70.8 16 253