NOAA-Style Climate Reports

NOAA style reports
2022: Jan | Feb | Mar | Apr | May | Jun | Jul | Aug | Sep | Oct | Nov | Dec 
2021: Jan | Feb | Mar | Apr | May | Jun | Jul | Aug | Sep | Oct | Nov | Dec 
2020: Jan | Feb | Mar | Apr | May | Jun | Jul | Aug | Sep | Oct | Nov | Dec 
2019: Jan | Feb | Mar | Apr | May | Jun | Jul | Aug | Sep | Oct | Nov | Dec 
2018: Jan | Feb | Mar | Apr | May | Jun | Jul | Aug | Sep | Oct | Nov | Dec 
2017: Jan | Feb | Mar | Apr | May | Jun | Jul | Aug | Sep | Oct | Nov | Dec 
2016: Jan | Feb | Mar | Apr | May | Jun | Jul | Aug | Sep | Oct | Nov | Dec 
2015: Jan | Feb | Mar | Apr | May | Jun | Jul | Aug | Sep | Oct | Nov | Dec 
2014: Jan | Feb | Mar | Apr | May | Jun | Jul | Aug | Sep | Oct | Nov | Dec 
2013: Jan | Feb | Mar | Apr | May | Jun | Jul | Aug | Sep | Oct | Nov | Dec 
2012: Jan | Feb | Mar | Apr | May | Jun | Jul | Aug | Sep | Oct | Nov | Dec 
2011: Jan | Feb | Mar | Apr | May | Jun | Jul | Aug | Sep | Oct | Nov | Dec 
2010: Jan | Feb | Mar | Apr | May | Jun | Jul | Aug | Sep | Oct | Nov | Dec 
2009: Jan | Feb | Mar | Apr | May | Jun | Jul | Aug | Sep | Oct | Nov | Dec 
2008: Jan | Feb | Mar | Apr | May | Jun | Jul | Aug | Sep | Oct | Nov | Dec 
2007: Jan | Feb | Mar | Apr | May | Jun | Jul | Aug | Sep | Oct | Nov | Dec 
2006: Jan | Feb | Mar | Apr | May | Jun | Jul | Aug | Sep | Oct | Nov | Dec 
2005: Jan | Feb | Mar | Apr | May | Jun | Jul | Aug | Sep | Oct | Nov | Dec 

Report for 2011 11
MONTHLY CLIMATOLOGICAL SUMMARY for Nov 2011 NAME: Cabrera de Mar, Barcelona ELEV: 9 meters LAT: 41-33.89 N LONG: 002-24.07 E TEMPERATURE (C), RAIN (cm), WIND SPEED (km/h) HEAT COOL AVG MEAN DEG DEG WIND DOM DAY TEMP HIGH TIME LOW TIME DAYS DAYS RAIN SPEED HIGH TIME DIR --------------------------------------------------------------------------------------- 01 19.1 22.0 14:30 15.5 05:20 0.0 0.8 0.00 3.9 25.7 15:30 189 02 19.0 21.3 11:30 16.4 01:40 0.0 0.6 0.62 6.2 29.0 13:00 199 03 19.7 21.2 13:00 17.9 00:00 0.0 1.4 0.02 10.8 48.3 18:00 180 04 16.9 18.4 13:40 15.8 18:10 1.4 0.0 1.76 6.7 46.7 23:30 161 05 16.1 18.2 02:00 14.2 22:20 2.2 0.0 0.34 5.0 24.1 00:40 174 06 14.6 17.4 15:30 12.8 04:40 3.8 0.0 1.46 11.9 51.5 15:30 321 07 16.5 21.4 14:10 14.0 23:50 1.9 0.0 0.18 5.9 32.2 12:20 352 08 15.9 19.6 12:30 13.3 07:50 2.5 0.0 0.00 4.1 20.9 02:50 137 09 15.6 20.4 13:00 11.1 07:40 2.7 0.0 0.00 4.4 25.7 13:10 189 10 15.9 19.7 14:20 12.1 07:00 2.4 0.0 0.00 5.0 27.4 15:40 206 11 16.2 19.5 15:00 11.9 06:00 2.2 0.0 0.00 3.0 16.1 11:10 197 12 17.6 20.5 15:00 14.1 07:10 0.7 0.0 0.00 2.4 14.5 23:40 148 13 16.6 18.9 12:20 14.8 06:40 1.8 0.0 0.38 6.7 27.4 11:00 55 14 15.4 17.5 10:20 14.5 04:40 2.9 0.0 0.20 6.5 29.0 12:50 11 15 15.7 16.7 11:10 14.8 04:00 2.6 0.0 4.38 12.5 46.7 17:20 43 16 14.9 15.8 15:40 14.0 08:00 3.4 0.0 0.30 10.3 35.4 01:00 355 17 15.5 18.1 13:20 13.6 04:40 2.9 0.0 0.00 5.1 19.3 00:50 21 18 14.4 17.9 13:50 11.4 00:00 3.9 0.0 0.26 2.5 14.5 12:50 60 19 14.6 17.9 13:30 10.2 07:30 3.8 0.0 0.88 4.7 20.9 18:30 30 20 16.6 19.8 12:30 14.2 02:20 1.7 0.0 0.30 6.4 24.1 14:10 18 21 15.6 18.3 11:20 14.0 19:40 2.7 0.0 1.74 9.9 43.5 23:00 8 22 15.8 17.3 23:30 13.8 00:30 2.5 0.0 0.32 15.9 51.5 11:30 11 23 16.0 20.1 14:00 12.2 23:30 2.3 0.0 0.00 5.4 33.8 03:50 338 24 13.8 18.1 12:40 9.9 05:30 4.5 0.0 0.00 2.6 16.1 05:40 264 25 12.9 17.4 14:10 9.7 07:30 5.4 0.0 0.02 3.4 11.3 16:20 270 26 12.1 17.4 13:50 8.3 06:20 6.2 0.0 0.02 3.2 20.9 12:10 4 27 12.6 17.9 13:40 8.3 04:20 5.7 0.0 0.00 3.9 22.5 13:10 63 28 12.9 16.7 15:00 9.0 06:10 5.5 0.0 0.00 3.6 22.5 13:50 47 29 15.4 19.1 12:10 12.0 00:00 3.0 0.0 0.00 3.3 17.7 12:50 134 30 13.2 17.9 12:20 9.0 06:30 5.1 0.0 0.00 3.8 14.5 15:10 157 --------------------------------------------------------------------------------------- 15.5 22.0 01 8.3 26 85.7 2.8 13.18 6.1 51.5 06 21