NOAA-Style Climate Reports

NOAA style reports
2022: Jan | Feb | Mar | Apr | May | Jun | Jul | Aug | Sep | Oct | Nov | Dec 
2021: Jan | Feb | Mar | Apr | May | Jun | Jul | Aug | Sep | Oct | Nov | Dec 
2020: Jan | Feb | Mar | Apr | May | Jun | Jul | Aug | Sep | Oct | Nov | Dec 
2019: Jan | Feb | Mar | Apr | May | Jun | Jul | Aug | Sep | Oct | Nov | Dec 
2018: Jan | Feb | Mar | Apr | May | Jun | Jul | Aug | Sep | Oct | Nov | Dec 
2017: Jan | Feb | Mar | Apr | May | Jun | Jul | Aug | Sep | Oct | Nov | Dec 
2016: Jan | Feb | Mar | Apr | May | Jun | Jul | Aug | Sep | Oct | Nov | Dec 
2015: Jan | Feb | Mar | Apr | May | Jun | Jul | Aug | Sep | Oct | Nov | Dec 
2014: Jan | Feb | Mar | Apr | May | Jun | Jul | Aug | Sep | Oct | Nov | Dec 
2013: Jan | Feb | Mar | Apr | May | Jun | Jul | Aug | Sep | Oct | Nov | Dec 
2012: Jan | Feb | Mar | Apr | May | Jun | Jul | Aug | Sep | Oct | Nov | Dec 
2011: Jan | Feb | Mar | Apr | May | Jun | Jul | Aug | Sep | Oct | Nov | Dec 
2010: Jan | Feb | Mar | Apr | May | Jun | Jul | Aug | Sep | Oct | Nov | Dec 
2009: Jan | Feb | Mar | Apr | May | Jun | Jul | Aug | Sep | Oct | Nov | Dec 
2008: Jan | Feb | Mar | Apr | May | Jun | Jul | Aug | Sep | Oct | Nov | Dec 
2007: Jan | Feb | Mar | Apr | May | Jun | Jul | Aug | Sep | Oct | Nov | Dec 
2006: Jan | Feb | Mar | Apr | May | Jun | Jul | Aug | Sep | Oct | Nov | Dec 
2005: Jan | Feb | Mar | Apr | May | Jun | Jul | Aug | Sep | Oct | Nov | Dec 

Report for 2011 10
MONTHLY CLIMATOLOGICAL SUMMARY for Oct 2011 NAME: Cabrera de Mar, Barcelona ELEV: 9 meters LAT: 41-33.89 N LONG: 002-24.07 E TEMPERATURE (C), RAIN (cm), WIND SPEED (km/h) HEAT COOL AVG MEAN DEG DEG WIND DOM DAY TEMP HIGH TIME LOW TIME DAYS DAYS RAIN SPEED HIGH TIME DIR --------------------------------------------------------------------------------------- 01 22.0 25.9 13:40 15.9 07:10 0.0 3.7 0.00 5.1 25.7 12:30 60 02 21.0 25.8 15:40 15.0 08:10 0.0 2.7 0.00 5.8 27.4 16:20 192 03 21.6 27.2 14:30 15.7 07:30 0.0 3.3 0.00 2.8 20.9 00:10 247 04 22.7 28.0 13:40 17.2 05:00 0.0 4.3 0.00 4.9 22.5 16:10 214 05 21.6 27.2 14:20 16.4 07:50 0.0 3.3 0.00 4.1 22.5 17:20 172 06 22.4 25.8 15:30 17.7 08:00 0.0 4.1 0.00 3.4 16.1 14:40 89 07 20.3 21.8 12:30 18.4 23:40 0.0 2.0 0.00 3.9 22.5 12:10 147 08 17.5 21.6 17:50 12.3 07:40 0.8 0.0 0.00 5.1 20.9 11:10 90 09 18.5 22.1 17:00 14.2 08:10 0.0 0.2 0.00 6.2 37.0 04:40 270 10 21.7 29.6 12:40 15.6 06:50 0.0 3.4 0.00 6.0 32.2 14:30 222 11 21.7 26.8 14:00 17.0 08:20 0.0 3.4 0.00 4.5 22.5 15:10 205 12 21.7 26.8 14:20 16.4 07:40 0.0 3.3 0.00 4.0 19.3 14:50 201 13 21.2 25.1 13:40 16.9 06:00 0.0 2.9 0.00 4.2 20.9 13:20 143 14 20.5 25.1 12:40 15.8 05:50 0.0 2.1 0.00 6.2 35.4 18:00 75 15 19.2 22.6 13:30 16.1 00:00 0.0 0.9 0.00 6.3 24.1 10:20 39 16 20.4 23.7 14:20 15.3 06:40 0.0 2.1 0.00 6.8 30.6 16:30 183 17 19.6 22.7 12:50 16.2 03:40 0.0 1.3 0.00 4.6 20.9 05:20 25 18 20.5 24.9 15:30 16.8 03:10 0.0 2.1 0.00 9.7 35.4 16:10 201 19 20.2 23.6 14:00 16.4 00:00 0.0 1.8 0.16 10.5 38.6 22:30 213 20 16.1 19.3 16:30 13.2 04:40 2.2 0.0 0.02 6.1 35.4 01:10 124 21 15.1 17.2 16:00 11.6 05:20 3.3 0.0 0.00 3.7 20.9 07:50 151 22 17.2 21.3 15:30 14.5 07:10 1.1 0.0 0.00 4.7 17.7 09:50 34 23 17.4 20.5 13:00 14.4 08:40 0.9 0.0 0.16 3.6 27.4 14:20 175 24 17.5 21.6 13:20 15.9 00:20 0.9 0.0 3.18 3.9 43.5 15:00 274 25 17.5 22.2 14:50 13.8 08:00 0.8 0.0 0.14 11.6 41.8 12:10 262 26 16.0 20.9 13:30 10.2 08:20 2.3 0.0 0.00 7.1 35.4 18:20 213 27 18.2 21.4 14:00 14.7 00:30 0.1 0.0 0.42 7.8 37.0 15:50 165 28 17.9 21.0 17:00 15.8 08:10 0.5 0.0 3.42 7.8 32.2 17:00 3 29 19.1 23.2 14:50 16.2 02:40 0.0 0.8 0.00 7.9 33.8 15:00 27 30 18.0 21.7 12:30 14.1 06:50 0.3 0.0 0.00 4.0 22.5 00:40 60 31 17.1 19.6 13:40 13.2 07:00 1.3 0.0 0.00 3.1 19.3 15:10 123 --------------------------------------------------------------------------------------- 19.4 29.6 10 10.2 26 14.4 47.6 7.50 5.7 43.5 24 178