NOAA-Style Climate Reports

NOAA style reports
2022: Jan | Feb | Mar | Apr | May | Jun | Jul | Aug | Sep | Oct | Nov | Dec 
2021: Jan | Feb | Mar | Apr | May | Jun | Jul | Aug | Sep | Oct | Nov | Dec 
2020: Jan | Feb | Mar | Apr | May | Jun | Jul | Aug | Sep | Oct | Nov | Dec 
2019: Jan | Feb | Mar | Apr | May | Jun | Jul | Aug | Sep | Oct | Nov | Dec 
2018: Jan | Feb | Mar | Apr | May | Jun | Jul | Aug | Sep | Oct | Nov | Dec 
2017: Jan | Feb | Mar | Apr | May | Jun | Jul | Aug | Sep | Oct | Nov | Dec 
2016: Jan | Feb | Mar | Apr | May | Jun | Jul | Aug | Sep | Oct | Nov | Dec 
2015: Jan | Feb | Mar | Apr | May | Jun | Jul | Aug | Sep | Oct | Nov | Dec 
2014: Jan | Feb | Mar | Apr | May | Jun | Jul | Aug | Sep | Oct | Nov | Dec 
2013: Jan | Feb | Mar | Apr | May | Jun | Jul | Aug | Sep | Oct | Nov | Dec 
2012: Jan | Feb | Mar | Apr | May | Jun | Jul | Aug | Sep | Oct | Nov | Dec 
2011: Jan | Feb | Mar | Apr | May | Jun | Jul | Aug | Sep | Oct | Nov | Dec 
2010: Jan | Feb | Mar | Apr | May | Jun | Jul | Aug | Sep | Oct | Nov | Dec 
2009: Jan | Feb | Mar | Apr | May | Jun | Jul | Aug | Sep | Oct | Nov | Dec 
2008: Jan | Feb | Mar | Apr | May | Jun | Jul | Aug | Sep | Oct | Nov | Dec 
2007: Jan | Feb | Mar | Apr | May | Jun | Jul | Aug | Sep | Oct | Nov | Dec 
2006: Jan | Feb | Mar | Apr | May | Jun | Jul | Aug | Sep | Oct | Nov | Dec 
2005: Jan | Feb | Mar | Apr | May | Jun | Jul | Aug | Sep | Oct | Nov | Dec 

Report for 2011 07
MONTHLY CLIMATOLOGICAL SUMMARY for Jul 2011 NAME: Cabrera de Mar, Barcelona ELEV: 9 meters LAT: 41-33.89 N LONG: 002-24.07 E TEMPERATURE (C), RAIN (cm), WIND SPEED (km/h) HEAT COOL AVG MEAN DEG DEG WIND DOM DAY TEMP HIGH TIME LOW TIME DAYS DAYS RAIN SPEED HIGH TIME DIR --------------------------------------------------------------------------------------- 01 23.4 25.5 14:50 19.8 05:50 0.0 5.1 0.00 4.7 17.7 13:20 117 02 24.0 27.1 16:30 21.3 03:20 0.0 5.7 0.00 5.1 29.0 16:40 140 03 23.9 26.3 12:20 21.6 06:20 0.0 5.6 0.00 6.0 25.7 11:00 67 04 23.6 26.9 13:00 21.0 15:00 0.0 5.2 1.18 7.8 33.8 09:30 56 05 24.1 27.3 15:20 20.9 07:00 0.0 5.8 0.00 10.6 37.0 14:50 203 06 24.2 26.6 12:00 20.2 07:00 0.0 5.9 0.00 5.7 20.9 14:20 81 07 23.9 26.9 13:00 21.0 06:40 0.0 5.6 0.00 7.0 25.7 12:00 60 08 24.1 26.7 13:10 21.0 05:30 0.0 5.8 0.00 7.8 27.4 16:40 180 09 23.7 26.6 14:40 19.9 04:50 0.0 5.4 0.00 3.6 17.7 15:50 159 10 24.1 26.9 14:40 21.1 04:40 0.0 5.8 0.00 7.6 27.4 14:00 66 11 24.3 27.6 15:50 20.2 06:00 0.0 6.0 0.00 3.9 17.7 10:00 95 12 23.5 25.3 16:30 20.5 06:10 0.0 5.2 0.00 5.5 27.4 13:20 63 13 24.1 28.0 14:50 21.1 07:30 0.0 5.8 0.22 9.2 35.4 06:30 199 14 20.8 22.9 18:10 18.2 09:50 0.0 2.5 0.40 4.8 20.9 07:10 161 15 23.4 26.8 16:00 19.5 06:30 0.0 5.0 0.00 8.1 41.8 19:40 191 16 24.6 27.3 15:20 20.7 04:00 0.0 6.3 0.00 13.2 45.1 13:10 197 17 23.1 26.3 12:40 19.2 23:50 0.0 4.7 0.00 6.8 41.8 13:20 84 18 21.0 23.7 15:50 18.9 06:40 0.0 2.7 0.06 8.4 32.2 14:50 173 19 22.6 26.2 10:20 19.5 23:50 0.0 4.3 1.16 7.5 37.0 05:50 99 20 20.9 23.3 17:20 18.3 06:40 0.0 2.5 0.00 7.0 27.4 03:50 150 21 22.5 25.4 10:30 18.8 02:50 0.0 4.2 0.00 8.5 29.0 17:50 110 22 22.4 24.7 16:10 21.3 08:40 0.0 4.1 0.00 6.3 32.2 17:00 229 23 22.1 24.9 13:30 18.4 07:20 0.0 3.8 0.06 7.4 25.7 20:20 135 24 21.6 23.4 14:50 19.4 07:10 0.0 3.3 0.32 6.6 22.5 22:10 141 25 23.2 26.6 13:30 18.9 06:40 0.0 4.9 0.00 7.5 27.4 15:30 194 26 23.0 26.6 16:30 19.9 22:20 0.0 4.6 2.98 7.0 41.8 19:00 62 27 22.1 25.2 13:50 18.9 04:40 0.0 3.8 0.02 5.3 20.9 13:30 121 28 24.1 27.2 11:00 20.7 07:30 0.0 5.8 0.00 9.3 37.0 16:10 190 29 24.0 26.6 16:20 21.0 03:30 0.0 5.7 0.00 6.5 32.2 17:10 173 30 23.4 26.8 14:30 20.2 23:50 0.0 5.0 1.28 5.3 27.4 16:20 168 31 23.7 26.3 14:00 19.6 06:30 0.0 5.4 0.00 6.8 22.5 14:10 169 --------------------------------------------------------------------------------------- 23.2 28.0 13 18.2 14 0.0 151.4 7.68 7.0 45.1 16 150