NOAA-Style Climate Reports

NOAA style reports
2022: Jan | Feb | Mar | Apr | May | Jun | Jul | Aug | Sep | Oct | Nov | Dec 
2021: Jan | Feb | Mar | Apr | May | Jun | Jul | Aug | Sep | Oct | Nov | Dec 
2020: Jan | Feb | Mar | Apr | May | Jun | Jul | Aug | Sep | Oct | Nov | Dec 
2019: Jan | Feb | Mar | Apr | May | Jun | Jul | Aug | Sep | Oct | Nov | Dec 
2018: Jan | Feb | Mar | Apr | May | Jun | Jul | Aug | Sep | Oct | Nov | Dec 
2017: Jan | Feb | Mar | Apr | May | Jun | Jul | Aug | Sep | Oct | Nov | Dec 
2016: Jan | Feb | Mar | Apr | May | Jun | Jul | Aug | Sep | Oct | Nov | Dec 
2015: Jan | Feb | Mar | Apr | May | Jun | Jul | Aug | Sep | Oct | Nov | Dec 
2014: Jan | Feb | Mar | Apr | May | Jun | Jul | Aug | Sep | Oct | Nov | Dec 
2013: Jan | Feb | Mar | Apr | May | Jun | Jul | Aug | Sep | Oct | Nov | Dec 
2012: Jan | Feb | Mar | Apr | May | Jun | Jul | Aug | Sep | Oct | Nov | Dec 
2011: Jan | Feb | Mar | Apr | May | Jun | Jul | Aug | Sep | Oct | Nov | Dec 
2010: Jan | Feb | Mar | Apr | May | Jun | Jul | Aug | Sep | Oct | Nov | Dec 
2009: Jan | Feb | Mar | Apr | May | Jun | Jul | Aug | Sep | Oct | Nov | Dec 
2008: Jan | Feb | Mar | Apr | May | Jun | Jul | Aug | Sep | Oct | Nov | Dec 
2007: Jan | Feb | Mar | Apr | May | Jun | Jul | Aug | Sep | Oct | Nov | Dec 
2006: Jan | Feb | Mar | Apr | May | Jun | Jul | Aug | Sep | Oct | Nov | Dec 
2005: Jan | Feb | Mar | Apr | May | Jun | Jul | Aug | Sep | Oct | Nov | Dec 

Report for 2011 05
MONTHLY CLIMATOLOGICAL SUMMARY for May 2011 NAME: Cabrera de Mar, Barcelona ELEV: 9 meters LAT: 41-33.89 N LONG: 002-24.07 E TEMPERATURE (C), RAIN (cm), WIND SPEED (km/h) HEAT COOL AVG MEAN DEG DEG WIND DOM DAY TEMP HIGH TIME LOW TIME DAYS DAYS RAIN SPEED HIGH TIME DIR --------------------------------------------------------------------------------------- 01 16.6 19.1 14:40 11.8 06:10 1.7 0.0 0.00 5.3 22.5 13:10 169 02 15.9 18.5 12:20 13.4 23:30 2.4 0.0 0.16 7.8 32.2 18:10 57 03 16.8 21.2 13:10 11.8 02:20 1.5 0.0 0.18 6.9 35.4 14:30 205 04 17.1 19.9 16:40 12.4 07:10 1.3 0.0 0.02 3.8 16.1 11:50 126 05 18.7 21.3 15:20 13.6 06:20 0.0 0.4 0.00 4.3 16.1 14:40 135 06 18.9 22.4 14:50 15.8 07:20 0.0 0.6 0.00 7.2 29.0 19:20 61 07 18.1 20.2 12:50 17.0 04:30 0.2 0.0 0.02 13.1 38.6 10:10 31 08 18.4 21.8 11:10 14.7 01:40 0.0 0.1 2.04 5.8 53.1 02:10 24 09 17.3 18.9 17:00 15.3 04:20 1.1 0.0 0.00 3.5 14.5 11:30 109 10 18.2 20.9 15:30 14.8 01:20 0.1 0.0 0.00 5.1 24.1 06:20 70 11 19.0 21.2 14:40 14.2 04:30 0.0 0.7 0.00 7.1 22.5 19:00 171 12 19.6 23.2 18:40 14.5 07:30 0.0 1.2 0.00 5.3 20.9 17:20 173 13 20.6 23.8 11:50 16.2 06:20 0.0 2.3 0.00 5.4 24.1 14:50 194 14 20.0 23.3 15:00 17.0 06:40 0.0 1.7 0.60 5.8 24.1 15:20 149 15 18.2 21.2 12:10 15.1 06:30 0.2 0.0 0.42 9.2 35.4 13:20 207 16 18.2 21.3 16:10 13.6 07:00 0.1 0.0 0.00 8.6 33.8 17:00 181 17 19.4 22.4 14:40 14.5 06:10 0.0 1.0 0.00 10.0 38.6 16:00 202 18 18.9 22.6 13:30 14.7 06:00 0.0 0.5 0.00 6.6 32.2 15:30 50 19 18.4 22.1 15:40 15.2 06:40 0.0 0.0 0.00 6.9 25.7 14:00 54 20 19.3 23.8 14:40 13.5 05:20 0.0 0.9 0.00 5.1 27.4 12:10 70 21 19.2 22.3 16:00 14.8 06:10 0.0 0.8 0.00 3.3 14.5 01:00 82 22 20.4 24.5 17:10 15.1 06:50 0.0 2.1 0.00 4.8 20.9 15:20 161 23 21.8 25.3 13:20 17.1 07:10 0.0 3.5 0.00 6.5 27.4 12:40 191 24 23.1 27.4 14:30 17.3 05:30 0.0 4.8 0.00 5.9 25.7 14:00 196 25 22.7 25.3 14:00 18.2 06:50 0.0 4.4 0.00 6.5 27.4 13:40 201 26 22.4 25.4 17:10 17.6 06:10 0.0 4.0 0.00 4.7 22.5 08:40 66 27 21.1 22.9 12:20 19.7 06:30 0.0 2.8 0.00 5.1 19.3 15:50 92 28 20.5 22.4 15:30 18.5 23:20 0.0 2.1 0.00 11.6 41.8 15:10 196 29 21.4 24.4 14:50 16.3 06:40 0.0 3.1 0.00 9.3 27.4 16:30 188 30 21.0 23.7 12:40 18.6 06:30 0.0 2.7 0.00 6.1 25.7 01:30 165 31 19.2 21.3 13:40 17.3 05:50 0.0 0.8 0.62 4.0 17.7 11:40 24 --------------------------------------------------------------------------------------- 19.4 27.4 24 11.8 01 8.6 40.5 4.06 6.5 53.1 08 145