NOAA-Style Climate Reports

NOAA style reports
2022: Jan | Feb | Mar | Apr | May | Jun | Jul | Aug | Sep | Oct | Nov | Dec 
2021: Jan | Feb | Mar | Apr | May | Jun | Jul | Aug | Sep | Oct | Nov | Dec 
2020: Jan | Feb | Mar | Apr | May | Jun | Jul | Aug | Sep | Oct | Nov | Dec 
2019: Jan | Feb | Mar | Apr | May | Jun | Jul | Aug | Sep | Oct | Nov | Dec 
2018: Jan | Feb | Mar | Apr | May | Jun | Jul | Aug | Sep | Oct | Nov | Dec 
2017: Jan | Feb | Mar | Apr | May | Jun | Jul | Aug | Sep | Oct | Nov | Dec 
2016: Jan | Feb | Mar | Apr | May | Jun | Jul | Aug | Sep | Oct | Nov | Dec 
2015: Jan | Feb | Mar | Apr | May | Jun | Jul | Aug | Sep | Oct | Nov | Dec 
2014: Jan | Feb | Mar | Apr | May | Jun | Jul | Aug | Sep | Oct | Nov | Dec 
2013: Jan | Feb | Mar | Apr | May | Jun | Jul | Aug | Sep | Oct | Nov | Dec 
2012: Jan | Feb | Mar | Apr | May | Jun | Jul | Aug | Sep | Oct | Nov | Dec 
2011: Jan | Feb | Mar | Apr | May | Jun | Jul | Aug | Sep | Oct | Nov | Dec 
2010: Jan | Feb | Mar | Apr | May | Jun | Jul | Aug | Sep | Oct | Nov | Dec 
2009: Jan | Feb | Mar | Apr | May | Jun | Jul | Aug | Sep | Oct | Nov | Dec 
2008: Jan | Feb | Mar | Apr | May | Jun | Jul | Aug | Sep | Oct | Nov | Dec 
2007: Jan | Feb | Mar | Apr | May | Jun | Jul | Aug | Sep | Oct | Nov | Dec 
2006: Jan | Feb | Mar | Apr | May | Jun | Jul | Aug | Sep | Oct | Nov | Dec 
2005: Jan | Feb | Mar | Apr | May | Jun | Jul | Aug | Sep | Oct | Nov | Dec 

Report for 2011 04
MONTHLY CLIMATOLOGICAL SUMMARY for Apr 2011 NAME: Cabrera de Mar, Barcelona ELEV: 9 meters LAT: 41-33.89 N LONG: 002-24.07 E TEMPERATURE (C), RAIN (cm), WIND SPEED (km/h) HEAT COOL AVG MEAN DEG DEG WIND DOM DAY TEMP HIGH TIME LOW TIME DAYS DAYS RAIN SPEED HIGH TIME DIR --------------------------------------------------------------------------------------- 01 16.3 19.8 14:40 11.4 06:50 2.0 0.0 0.00 8.0 29.0 18:20 196 02 16.9 21.0 17:40 11.4 06:20 1.4 0.0 0.00 9.3 33.8 14:10 211 03 17.1 20.4 12:40 13.9 07:40 1.2 0.0 0.00 7.9 27.4 01:30 238 04 16.4 18.3 15:20 12.8 04:40 1.9 0.0 0.00 5.2 17.7 12:40 169 05 16.1 18.8 16:00 12.6 07:30 2.2 0.0 0.00 3.8 19.3 10:40 132 06 15.2 17.2 14:20 12.3 07:00 3.1 0.0 0.00 3.8 20.9 10:20 65 07 14.9 17.2 18:10 11.2 07:40 3.4 0.0 0.00 5.6 24.1 15:50 165 08 18.2 21.6 16:00 12.4 07:40 0.2 0.0 0.00 8.0 33.8 14:20 198 09 19.9 23.4 11:30 13.6 05:50 0.0 1.6 0.00 4.0 17.7 09:40 96 10 18.9 21.4 13:00 15.3 06:50 0.0 0.6 0.00 3.8 20.9 19:00 96 11 18.2 21.3 15:10 15.2 07:50 0.1 0.0 0.00 3.9 22.5 15:40 194 12 17.7 21.1 13:40 14.5 07:00 0.7 0.0 0.00 3.8 22.5 04:20 51 13 16.4 19.2 14:50 13.7 05:50 1.9 0.0 0.00 7.1 25.7 18:30 167 14 15.9 17.8 14:40 13.7 07:30 2.5 0.0 0.00 6.4 33.8 14:50 97 15 15.5 18.5 12:00 12.9 00:00 2.9 0.0 0.00 5.8 30.6 14:50 65 16 14.6 18.2 16:30 9.7 06:50 3.7 0.0 0.00 6.1 24.1 17:10 170 17 15.7 19.1 14:40 10.2 07:10 2.7 0.0 0.00 8.9 32.2 12:30 192 18 15.4 18.1 15:50 10.2 07:10 2.9 0.0 0.00 5.9 20.9 13:30 157 19 15.6 17.5 14:50 10.6 07:00 2.8 0.0 0.00 4.4 17.7 12:00 77 20 15.7 19.4 13:50 12.0 07:00 2.7 0.0 0.00 6.3 25.7 13:00 57 21 16.6 20.8 14:40 12.4 04:10 1.7 0.0 0.00 11.9 41.8 17:00 41 22 15.7 17.7 12:50 14.8 23:50 2.6 0.0 0.10 14.1 40.2 15:10 24 23 16.2 19.4 16:50 13.7 06:20 2.1 0.0 0.20 6.0 33.8 00:10 104 24 16.8 19.1 15:30 15.5 07:10 1.5 0.0 0.00 10.7 40.2 16:10 58 25 16.9 19.2 16:00 15.3 05:10 1.4 0.0 0.00 5.4 25.7 02:10 118 26 18.4 22.1 13:50 14.9 05:20 0.0 0.1 0.00 5.5 29.0 00:00 206 27 18.5 22.0 15:00 13.9 06:50 0.0 0.2 0.00 7.4 33.8 15:20 212 28 17.4 20.1 12:30 13.5 23:50 0.9 0.0 0.80 5.4 46.7 20:00 190 29 15.7 18.7 16:50 12.8 06:30 2.7 0.0 0.12 7.1 29.0 15:30 45 30 17.0 22.4 13:10 13.9 04:20 1.4 0.0 0.00 12.2 48.3 14:30 43 --------------------------------------------------------------------------------------- 16.6 23.4 09 9.7 16 52.5 2.4 1.22 7.0 48.3 30 103