NOAA-Style Climate Reports

NOAA style reports
2022: Jan | Feb | Mar | Apr | May | Jun | Jul | Aug | Sep | Oct | Nov | Dec 
2021: Jan | Feb | Mar | Apr | May | Jun | Jul | Aug | Sep | Oct | Nov | Dec 
2020: Jan | Feb | Mar | Apr | May | Jun | Jul | Aug | Sep | Oct | Nov | Dec 
2019: Jan | Feb | Mar | Apr | May | Jun | Jul | Aug | Sep | Oct | Nov | Dec 
2018: Jan | Feb | Mar | Apr | May | Jun | Jul | Aug | Sep | Oct | Nov | Dec 
2017: Jan | Feb | Mar | Apr | May | Jun | Jul | Aug | Sep | Oct | Nov | Dec 
2016: Jan | Feb | Mar | Apr | May | Jun | Jul | Aug | Sep | Oct | Nov | Dec 
2015: Jan | Feb | Mar | Apr | May | Jun | Jul | Aug | Sep | Oct | Nov | Dec 
2014: Jan | Feb | Mar | Apr | May | Jun | Jul | Aug | Sep | Oct | Nov | Dec 
2013: Jan | Feb | Mar | Apr | May | Jun | Jul | Aug | Sep | Oct | Nov | Dec 
2012: Jan | Feb | Mar | Apr | May | Jun | Jul | Aug | Sep | Oct | Nov | Dec 
2011: Jan | Feb | Mar | Apr | May | Jun | Jul | Aug | Sep | Oct | Nov | Dec 
2010: Jan | Feb | Mar | Apr | May | Jun | Jul | Aug | Sep | Oct | Nov | Dec 
2009: Jan | Feb | Mar | Apr | May | Jun | Jul | Aug | Sep | Oct | Nov | Dec 
2008: Jan | Feb | Mar | Apr | May | Jun | Jul | Aug | Sep | Oct | Nov | Dec 
2007: Jan | Feb | Mar | Apr | May | Jun | Jul | Aug | Sep | Oct | Nov | Dec 
2006: Jan | Feb | Mar | Apr | May | Jun | Jul | Aug | Sep | Oct | Nov | Dec 
2005: Jan | Feb | Mar | Apr | May | Jun | Jul | Aug | Sep | Oct | Nov | Dec 

Report for 2011 03
MONTHLY CLIMATOLOGICAL SUMMARY for Mar 2011 NAME: Cabrera de Mar, Barcelona ELEV: 9 meters LAT: 41-33.89 N LONG: 002-24.07 E TEMPERATURE (C), RAIN (cm), WIND SPEED (km/h) HEAT COOL AVG MEAN DEG DEG WIND DOM DAY TEMP HIGH TIME LOW TIME DAYS DAYS RAIN SPEED HIGH TIME DIR --------------------------------------------------------------------------------------- 01 9.2 13.4 16:10 4.6 07:30 9.2 0.0 0.00 4.4 22.5 00:30 227 02 10.4 13.1 14:20 7.8 00:10 7.9 0.0 0.06 7.3 30.6 19:50 162 03 8.0 9.9 00:30 5.5 07:40 10.3 0.0 0.90 8.6 27.4 00:10 17 04 10.4 14.2 12:20 8.2 05:00 8.0 0.0 0.02 14.2 43.5 12:00 9 05 11.3 14.6 13:30 8.7 08:00 7.0 0.0 0.02 7.1 25.7 16:40 259 06 11.2 15.6 14:10 6.8 05:50 7.1 0.0 0.00 4.6 25.7 16:10 208 07 11.0 15.9 13:20 5.7 07:20 7.4 0.0 0.00 6.4 25.7 17:00 59 08 12.0 14.4 12:30 9.5 23:40 6.3 0.0 0.00 14.4 40.2 04:20 57 09 11.7 13.7 16:10 8.6 02:00 6.7 0.0 0.00 5.5 19.3 01:40 82 10 11.8 15.3 14:00 7.1 07:10 6.5 0.0 0.00 7.4 30.6 15:00 206 11 11.1 14.6 13:20 6.6 07:00 7.3 0.0 0.00 5.6 25.7 20:40 46 12 12.5 12.9 14:10 11.8 00:10 5.9 0.0 3.82 14.2 41.8 08:10 64 13 13.8 18.9 13:10 9.9 06:40 4.6 0.0 0.02 7.6 35.4 15:20 223 14 12.7 14.8 10:50 9.5 03:30 5.6 0.0 1.10 10.4 33.8 11:20 26 15 13.3 13.9 11:00 12.1 23:20 5.1 0.0 2.10 10.2 48.3 12:30 36 16 11.8 13.3 15:40 9.7 00:00 6.5 0.0 0.74 4.8 27.4 03:40 202 17 12.8 16.9 14:30 8.7 03:20 5.5 0.0 0.02 3.9 22.5 09:20 207 18 12.7 16.9 16:50 7.3 07:00 5.6 0.0 0.00 2.9 17.7 16:50 139 19 13.8 19.3 12:30 10.2 04:50 4.5 0.0 0.00 5.9 29.0 15:40 186 20 12.7 15.9 15:10 8.2 06:30 5.6 0.0 0.00 5.1 30.6 14:10 76 21 12.7 14.8 12:40 8.5 07:10 5.6 0.0 0.00 4.1 16.1 14:10 83 22 12.4 16.1 11:40 10.2 07:00 5.9 0.0 0.00 11.1 43.5 15:00 39 23 12.6 16.7 15:00 8.7 03:40 5.7 0.0 0.00 10.2 35.4 11:50 27 24 13.0 17.0 13:40 8.3 02:30 5.3 0.0 0.00 6.0 25.7 13:00 38 25 13.3 15.6 15:00 8.7 05:00 5.0 0.0 0.00 5.5 19.3 16:00 186 26 13.7 16.2 13:10 9.2 07:20 4.6 0.0 0.00 8.7 32.2 14:20 196 27 14.5 16.9 16:40 13.1 04:20 3.9 0.0 0.14 9.5 40.2 18:20 213 28 14.3 17.8 14:10 10.9 07:50 4.0 0.0 0.00 4.4 22.5 17:00 222 29 14.4 17.6 13:50 10.4 07:30 3.9 0.0 0.10 3.0 19.3 15:30 63 30 14.3 17.0 13:40 10.2 05:20 4.1 0.0 0.02 5.3 22.5 18:10 162 31 15.2 18.4 15:10 11.1 06:30 3.1 0.0 0.00 5.7 27.4 16:30 194 --------------------------------------------------------------------------------------- 12.3 19.3 19 4.6 01 183.7 0.0 9.06 7.5 48.3 15 63