NOAA-Style Climate Reports

NOAA style reports
2022: Jan | Feb | Mar | Apr | May | Jun | Jul | Aug | Sep | Oct | Nov | Dec 
2021: Jan | Feb | Mar | Apr | May | Jun | Jul | Aug | Sep | Oct | Nov | Dec 
2020: Jan | Feb | Mar | Apr | May | Jun | Jul | Aug | Sep | Oct | Nov | Dec 
2019: Jan | Feb | Mar | Apr | May | Jun | Jul | Aug | Sep | Oct | Nov | Dec 
2018: Jan | Feb | Mar | Apr | May | Jun | Jul | Aug | Sep | Oct | Nov | Dec 
2017: Jan | Feb | Mar | Apr | May | Jun | Jul | Aug | Sep | Oct | Nov | Dec 
2016: Jan | Feb | Mar | Apr | May | Jun | Jul | Aug | Sep | Oct | Nov | Dec 
2015: Jan | Feb | Mar | Apr | May | Jun | Jul | Aug | Sep | Oct | Nov | Dec 
2014: Jan | Feb | Mar | Apr | May | Jun | Jul | Aug | Sep | Oct | Nov | Dec 
2013: Jan | Feb | Mar | Apr | May | Jun | Jul | Aug | Sep | Oct | Nov | Dec 
2012: Jan | Feb | Mar | Apr | May | Jun | Jul | Aug | Sep | Oct | Nov | Dec 
2011: Jan | Feb | Mar | Apr | May | Jun | Jul | Aug | Sep | Oct | Nov | Dec 
2010: Jan | Feb | Mar | Apr | May | Jun | Jul | Aug | Sep | Oct | Nov | Dec 
2009: Jan | Feb | Mar | Apr | May | Jun | Jul | Aug | Sep | Oct | Nov | Dec 
2008: Jan | Feb | Mar | Apr | May | Jun | Jul | Aug | Sep | Oct | Nov | Dec 
2007: Jan | Feb | Mar | Apr | May | Jun | Jul | Aug | Sep | Oct | Nov | Dec 
2006: Jan | Feb | Mar | Apr | May | Jun | Jul | Aug | Sep | Oct | Nov | Dec 
2005: Jan | Feb | Mar | Apr | May | Jun | Jul | Aug | Sep | Oct | Nov | Dec 

Report for 2011 02
MONTHLY CLIMATOLOGICAL SUMMARY for Feb 2011 NAME: Cabrera de Mar, Barcelona ELEV: 9 meters LAT: 41-33.89 N LONG: 002-24.07 E TEMPERATURE (C), RAIN (cm), WIND SPEED (km/h) HEAT COOL AVG MEAN DEG DEG WIND DOM DAY TEMP HIGH TIME LOW TIME DAYS DAYS RAIN SPEED HIGH TIME DIR --------------------------------------------------------------------------------------- 01 9.2 14.4 14:50 4.2 08:10 9.1 0.0 0.00 5.0 24.1 14:30 139 02 10.2 17.2 16:30 3.3 07:40 8.1 0.0 0.00 3.6 22.5 03:30 215 03 9.8 15.8 14:00 4.9 02:20 8.6 0.0 0.00 4.1 19.3 07:40 223 04 9.9 15.4 12:40 5.4 05:20 8.4 0.0 0.00 4.8 24.1 11:50 198 05 9.9 14.9 15:10 5.7 07:40 8.5 0.0 0.00 4.2 22.5 15:50 204 06 10.4 19.6 13:40 5.3 05:30 7.9 0.0 0.00 3.2 22.5 14:50 183 07 9.7 12.9 14:00 5.7 03:50 8.6 0.0 0.00 3.3 17.7 04:20 153 08 9.1 11.2 15:40 6.8 00:00 9.2 0.0 0.00 4.2 17.7 18:40 245 09 9.3 13.4 13:40 3.9 06:30 9.0 0.0 0.00 6.6 29.0 13:20 206 10 9.7 14.4 13:40 4.9 07:30 8.6 0.0 0.00 7.9 38.6 14:40 208 11 10.7 14.3 13:10 7.6 23:40 7.6 0.0 0.02 8.8 35.4 14:30 215 12 9.9 13.7 14:30 5.4 07:40 8.5 0.0 0.00 5.0 24.1 14:50 214 13 10.7 14.7 14:00 5.8 08:00 7.6 0.0 0.00 8.7 37.0 12:40 206 14 10.1 12.3 15:10 7.6 01:40 8.2 0.0 0.00 3.7 20.9 07:20 240 15 10.2 12.5 13:40 8.2 00:30 8.2 0.0 0.06 6.5 40.2 07:10 250 16 10.9 16.6 13:30 6.8 04:40 7.5 0.0 0.02 10.3 51.5 15:00 224 17 9.0 12.0 13:00 7.2 21:10 9.3 0.0 0.66 7.0 45.1 13:30 263 18 11.2 18.8 15:00 5.9 08:00 7.2 0.0 0.00 6.1 35.4 11:50 268 19 11.1 15.1 15:00 6.3 07:20 7.2 0.0 0.06 4.6 25.7 16:20 238 20 11.5 14.4 14:50 8.5 00:00 6.8 0.0 0.46 5.1 27.4 15:50 229 21 12.3 16.4 16:00 7.7 08:00 6.1 0.0 0.00 10.6 43.5 19:10 240 22 12.5 16.2 11:10 9.8 03:50 5.8 0.0 0.00 6.5 38.6 04:30 303 23 12.1 15.3 14:10 7.4 07:50 6.2 0.0 0.00 4.9 27.4 12:20 197 24 12.8 15.4 14:20 8.9 07:40 5.5 0.0 0.00 3.0 14.5 14:30 146 25 12.6 18.7 12:30 8.7 06:50 5.7 0.0 0.00 3.9 24.1 12:30 146 26 12.7 16.1 11:20 9.4 02:00 5.7 0.0 0.00 6.3 25.7 12:30 190 27 12.3 15.2 14:10 7.2 23:30 6.1 0.0 0.00 6.2 24.1 12:00 179 28 9.7 13.5 15:20 5.9 01:30 8.6 0.0 0.00 6.7 27.4 19:20 276 --------------------------------------------------------------------------------------- 10.7 19.6 06 3.3 02 213.8 0.0 1.28 5.8 51.5 16 218