NOAA-Style Climate Reports

NOAA style reports
2022: Jan | Feb | Mar | Apr | May | Jun | Jul | Aug | Sep | Oct | Nov | Dec 
2021: Jan | Feb | Mar | Apr | May | Jun | Jul | Aug | Sep | Oct | Nov | Dec 
2020: Jan | Feb | Mar | Apr | May | Jun | Jul | Aug | Sep | Oct | Nov | Dec 
2019: Jan | Feb | Mar | Apr | May | Jun | Jul | Aug | Sep | Oct | Nov | Dec 
2018: Jan | Feb | Mar | Apr | May | Jun | Jul | Aug | Sep | Oct | Nov | Dec 
2017: Jan | Feb | Mar | Apr | May | Jun | Jul | Aug | Sep | Oct | Nov | Dec 
2016: Jan | Feb | Mar | Apr | May | Jun | Jul | Aug | Sep | Oct | Nov | Dec 
2015: Jan | Feb | Mar | Apr | May | Jun | Jul | Aug | Sep | Oct | Nov | Dec 
2014: Jan | Feb | Mar | Apr | May | Jun | Jul | Aug | Sep | Oct | Nov | Dec 
2013: Jan | Feb | Mar | Apr | May | Jun | Jul | Aug | Sep | Oct | Nov | Dec 
2012: Jan | Feb | Mar | Apr | May | Jun | Jul | Aug | Sep | Oct | Nov | Dec 
2011: Jan | Feb | Mar | Apr | May | Jun | Jul | Aug | Sep | Oct | Nov | Dec 
2010: Jan | Feb | Mar | Apr | May | Jun | Jul | Aug | Sep | Oct | Nov | Dec 
2009: Jan | Feb | Mar | Apr | May | Jun | Jul | Aug | Sep | Oct | Nov | Dec 
2008: Jan | Feb | Mar | Apr | May | Jun | Jul | Aug | Sep | Oct | Nov | Dec 
2007: Jan | Feb | Mar | Apr | May | Jun | Jul | Aug | Sep | Oct | Nov | Dec 
2006: Jan | Feb | Mar | Apr | May | Jun | Jul | Aug | Sep | Oct | Nov | Dec 
2005: Jan | Feb | Mar | Apr | May | Jun | Jul | Aug | Sep | Oct | Nov | Dec 

Report for 2011 01
MONTHLY CLIMATOLOGICAL SUMMARY for Jan 2011 NAME: Cabrera de Mar, Barcelona ELEV: 9 meters LAT: 41-33.89 N LONG: 002-24.07 E TEMPERATURE (C), RAIN (cm), WIND SPEED (km/h) HEAT COOL AVG MEAN DEG DEG WIND DOM DAY TEMP HIGH TIME LOW TIME DAYS DAYS RAIN SPEED HIGH TIME DIR --------------------------------------------------------------------------------------- 01 11.4 13.5 14:30 8.3 07:00 6.9 0.0 0.02 2.4 14.5 14:00 301 02 11.0 14.6 15:50 7.9 22:10 7.3 0.0 0.08 4.6 20.9 08:30 217 03 8.8 10.4 15:40 7.6 08:30 9.5 0.0 0.00 6.2 32.2 06:00 255 04 7.4 11.6 15:10 4.1 07:40 10.9 0.0 0.00 2.5 27.4 12:50 268 05 10.2 12.3 13:10 7.9 06:40 8.1 0.0 0.04 2.1 11.3 12:40 292 06 12.0 16.6 14:10 8.3 06:50 6.3 0.0 0.00 7.1 32.2 13:00 218 07 11.8 15.1 15:10 9.2 06:00 6.5 0.0 0.00 4.7 24.1 13:00 217 08 13.4 17.4 15:10 9.4 02:00 4.9 0.0 0.00 9.3 38.6 13:20 215 09 12.2 15.4 14:30 9.1 02:20 6.2 0.0 0.00 3.2 22.5 12:40 165 10 12.1 14.4 12:30 9.1 21:20 6.2 0.0 0.00 7.1 32.2 15:40 205 11 11.2 17.7 14:30 8.0 02:00 7.1 0.0 0.00 5.7 29.0 15:20 227 12 10.8 15.3 12:50 7.2 02:10 7.6 0.0 0.00 4.4 24.1 08:00 232 13 10.5 14.6 12:10 7.1 07:10 7.9 0.0 0.00 2.5 19.3 07:30 20 14 10.8 15.3 13:30 6.3 07:30 7.5 0.0 0.02 4.6 24.1 14:40 193 15 11.7 15.8 13:20 7.3 08:30 6.6 0.0 0.02 6.9 33.8 14:40 218 16 10.4 13.9 13:50 6.0 08:10 7.9 0.0 0.00 6.8 32.2 14:50 204 17 10.5 13.0 14:50 8.3 06:20 7.8 0.0 0.00 5.3 24.1 13:00 207 18 9.7 14.3 14:10 5.5 07:50 8.6 0.0 0.00 2.8 20.9 15:30 42 19 11.3 13.7 15:10 8.2 03:10 7.0 0.0 0.00 2.2 14.5 15:20 180 20 10.9 13.4 14:10 7.4 22:30 7.4 0.0 0.00 6.7 32.2 23:30 205 21 6.4 10.2 11:50 1.7 23:00 11.9 0.0 0.00 9.4 46.7 00:10 325 22 3.7 7.7 12:40 -0.6 08:10 14.6 0.0 0.12 4.4 16.1 13:50 24 23 4.5 9.0 15:00 1.0 08:10 13.8 0.0 0.02 5.2 25.7 15:00 231 24 4.9 9.3 15:40 0.4 08:40 13.4 0.0 0.00 4.4 19.3 14:30 192 25 5.9 11.1 15:10 0.2 07:20 12.5 0.0 0.00 4.9 27.4 16:30 212 26 6.0 10.6 13:00 1.3 08:00 12.3 0.0 0.00 5.4 25.7 15:40 199 27 8.7 10.9 16:20 5.3 00:10 9.6 0.0 0.12 11.8 33.8 12:50 1 28 10.7 13.2 13:20 8.8 00:30 7.7 0.0 0.70 13.1 37.0 06:20 23 29 10.4 13.3 14:00 7.2 08:20 8.0 0.0 1.26 7.2 33.8 02:30 238 30 8.6 11.1 14:00 6.0 22:40 9.8 0.0 0.02 3.9 29.0 10:10 121 31 9.0 12.9 14:50 6.9 09:10 9.4 0.0 0.20 6.3 37.0 18:40 356 --------------------------------------------------------------------------------------- 9.5 17.7 11 -0.6 22 271.3 0.0 2.62 5.8 46.7 21 236