NOAA-Style Climate Reports

NOAA style reports
2022: Jan | Feb | Mar | Apr | May | Jun | Jul | Aug | Sep | Oct | Nov | Dec 
2021: Jan | Feb | Mar | Apr | May | Jun | Jul | Aug | Sep | Oct | Nov | Dec 
2020: Jan | Feb | Mar | Apr | May | Jun | Jul | Aug | Sep | Oct | Nov | Dec 
2019: Jan | Feb | Mar | Apr | May | Jun | Jul | Aug | Sep | Oct | Nov | Dec 
2018: Jan | Feb | Mar | Apr | May | Jun | Jul | Aug | Sep | Oct | Nov | Dec 
2017: Jan | Feb | Mar | Apr | May | Jun | Jul | Aug | Sep | Oct | Nov | Dec 
2016: Jan | Feb | Mar | Apr | May | Jun | Jul | Aug | Sep | Oct | Nov | Dec 
2015: Jan | Feb | Mar | Apr | May | Jun | Jul | Aug | Sep | Oct | Nov | Dec 
2014: Jan | Feb | Mar | Apr | May | Jun | Jul | Aug | Sep | Oct | Nov | Dec 
2013: Jan | Feb | Mar | Apr | May | Jun | Jul | Aug | Sep | Oct | Nov | Dec 
2012: Jan | Feb | Mar | Apr | May | Jun | Jul | Aug | Sep | Oct | Nov | Dec 
2011: Jan | Feb | Mar | Apr | May | Jun | Jul | Aug | Sep | Oct | Nov | Dec 
2010: Jan | Feb | Mar | Apr | May | Jun | Jul | Aug | Sep | Oct | Nov | Dec 
2009: Jan | Feb | Mar | Apr | May | Jun | Jul | Aug | Sep | Oct | Nov | Dec 
2008: Jan | Feb | Mar | Apr | May | Jun | Jul | Aug | Sep | Oct | Nov | Dec 
2007: Jan | Feb | Mar | Apr | May | Jun | Jul | Aug | Sep | Oct | Nov | Dec 
2006: Jan | Feb | Mar | Apr | May | Jun | Jul | Aug | Sep | Oct | Nov | Dec 
2005: Jan | Feb | Mar | Apr | May | Jun | Jul | Aug | Sep | Oct | Nov | Dec 

Report for 2010 11
MONTHLY CLIMATOLOGICAL SUMMARY for Nov 2010 NAME: Cabrera de Mar, Barcelona ELEV: 9 meters LAT: 41-33.89 N LONG: 002-24.07 E TEMPERATURE (C), RAIN (cm), WIND SPEED (km/h) HEAT COOL AVG MEAN DEG DEG WIND DOM DAY TEMP HIGH TIME LOW TIME DAYS DAYS RAIN SPEED HIGH TIME DIR --------------------------------------------------------------------------------------- 01 14.8 17.6 16:30 12.3 06:20 3.5 0.0 0.00 3.1 24.1 06:30 283 02 16.3 20.3 15:00 13.3 22:00 2.0 0.0 0.00 3.9 19.3 13:40 47 03 15.8 20.2 10:50 11.2 05:00 2.5 0.0 0.00 2.5 16.1 10:20 52 04 16.6 20.9 14:50 12.0 07:40 1.7 0.0 0.00 3.0 16.1 16:20 45 05 16.4 20.4 12:30 12.6 07:40 2.0 0.0 0.00 3.1 20.9 11:30 50 06 15.9 20.2 13:30 11.4 06:10 2.4 0.0 0.02 5.2 27.4 14:40 197 07 15.0 20.4 13:40 11.9 03:50 3.3 0.0 0.00 5.0 33.8 17:30 90 08 11.5 14.7 15:30 9.2 08:20 6.8 0.0 0.02 10.7 43.5 13:10 253 09 14.4 18.9 13:10 10.6 07:20 3.9 0.0 0.00 15.2 53.1 15:20 249 10 14.7 18.9 15:20 11.4 07:40 3.6 0.0 1.26 13.6 57.9 13:10 252 11 13.1 17.2 13:50 8.4 08:10 5.2 0.0 0.00 5.9 32.2 14:00 234 12 15.5 22.4 14:40 9.9 06:30 2.8 0.0 0.00 3.8 25.7 12:10 222 13 15.7 20.1 11:40 10.8 04:50 2.7 0.0 0.00 8.7 40.2 11:20 210 14 15.4 18.3 14:50 11.7 06:20 2.9 0.0 0.00 4.3 22.5 14:50 205 15 14.5 19.1 14:00 10.9 23:20 3.8 0.0 0.00 5.1 29.0 14:30 275 16 13.5 19.9 14:20 9.4 22:50 4.8 0.0 0.00 13.0 45.1 04:40 285 17 10.1 13.1 13:30 5.8 07:30 8.2 0.0 0.08 3.7 24.1 01:50 259 18 11.6 16.1 13:10 8.1 00:00 6.8 0.0 0.00 4.6 27.4 11:30 276 19 9.8 12.9 10:50 5.7 06:40 8.6 0.0 0.00 1.9 14.5 01:00 4 20 10.7 14.8 14:40 6.7 07:30 7.6 0.0 0.18 5.3 33.8 18:30 276 21 11.1 16.4 13:20 6.7 06:50 7.2 0.0 0.00 7.0 37.0 14:00 249 22 11.1 15.8 15:00 7.4 03:00 7.3 0.0 0.00 8.0 32.2 08:10 274 23 10.3 15.7 13:50 5.7 05:00 8.1 0.0 0.00 3.7 24.1 14:20 256 24 9.8 13.6 13:00 4.9 07:30 8.5 0.0 0.00 4.4 19.3 14:00 206 25 8.9 13.5 14:50 3.9 06:50 9.4 0.0 0.00 7.0 48.3 17:10 254 26 8.5 13.1 15:00 4.1 07:20 9.8 0.0 0.00 5.2 27.4 16:20 226 27 9.4 12.7 15:00 6.1 08:30 9.0 0.0 0.22 4.3 27.4 23:40 5 28 10.3 15.8 14:00 4.9 00:00 8.1 0.0 0.00 7.3 30.6 14:40 292 29 7.4 10.7 14:10 3.3 05:00 11.0 0.0 0.04 5.2 25.7 14:40 339 30 10.0 12.8 13:20 7.9 03:20 8.4 0.0 0.42 8.3 32.2 10:10 349 --------------------------------------------------------------------------------------- 12.5 22.4 12 3.3 29 172.1 0.0 2.24 6.2 57.9 10 262