NOAA-Style Climate Reports

NOAA style reports
2022: Jan | Feb | Mar | Apr | May | Jun | Jul | Aug | Sep | Oct | Nov | Dec 
2021: Jan | Feb | Mar | Apr | May | Jun | Jul | Aug | Sep | Oct | Nov | Dec 
2020: Jan | Feb | Mar | Apr | May | Jun | Jul | Aug | Sep | Oct | Nov | Dec 
2019: Jan | Feb | Mar | Apr | May | Jun | Jul | Aug | Sep | Oct | Nov | Dec 
2018: Jan | Feb | Mar | Apr | May | Jun | Jul | Aug | Sep | Oct | Nov | Dec 
2017: Jan | Feb | Mar | Apr | May | Jun | Jul | Aug | Sep | Oct | Nov | Dec 
2016: Jan | Feb | Mar | Apr | May | Jun | Jul | Aug | Sep | Oct | Nov | Dec 
2015: Jan | Feb | Mar | Apr | May | Jun | Jul | Aug | Sep | Oct | Nov | Dec 
2014: Jan | Feb | Mar | Apr | May | Jun | Jul | Aug | Sep | Oct | Nov | Dec 
2013: Jan | Feb | Mar | Apr | May | Jun | Jul | Aug | Sep | Oct | Nov | Dec 
2012: Jan | Feb | Mar | Apr | May | Jun | Jul | Aug | Sep | Oct | Nov | Dec 
2011: Jan | Feb | Mar | Apr | May | Jun | Jul | Aug | Sep | Oct | Nov | Dec 
2010: Jan | Feb | Mar | Apr | May | Jun | Jul | Aug | Sep | Oct | Nov | Dec 
2009: Jan | Feb | Mar | Apr | May | Jun | Jul | Aug | Sep | Oct | Nov | Dec 
2008: Jan | Feb | Mar | Apr | May | Jun | Jul | Aug | Sep | Oct | Nov | Dec 
2007: Jan | Feb | Mar | Apr | May | Jun | Jul | Aug | Sep | Oct | Nov | Dec 
2006: Jan | Feb | Mar | Apr | May | Jun | Jul | Aug | Sep | Oct | Nov | Dec 
2005: Jan | Feb | Mar | Apr | May | Jun | Jul | Aug | Sep | Oct | Nov | Dec 

Report for 2010 10
MONTHLY CLIMATOLOGICAL SUMMARY for Oct 2010 NAME: Cabrera de Mar, Barcelona ELEV: 9 meters LAT: 41-33.89 N LONG: 002-24.07 E TEMPERATURE (C), RAIN (cm), WIND SPEED (km/h) HEAT COOL AVG MEAN DEG DEG WIND DOM DAY TEMP HIGH TIME LOW TIME DAYS DAYS RAIN SPEED HIGH TIME DIR --------------------------------------------------------------------------------------- 01 20.5 23.2 12:20 18.2 00:00 0.0 2.2 0.00 5.5 25.7 06:10 62 02 20.5 24.2 16:00 16.7 05:00 0.0 2.2 0.00 2.8 14.5 12:00 68 03 22.2 25.5 14:40 17.3 07:40 0.0 3.9 0.00 4.5 25.7 22:30 183 04 23.4 26.4 16:30 19.9 23:40 0.0 5.1 0.06 11.4 54.7 14:10 238 05 19.7 22.6 18:00 17.3 07:50 0.0 1.3 1.28 5.8 30.6 18:40 290 06 20.4 24.5 15:00 15.0 04:00 0.0 2.1 0.00 6.2 22.5 13:30 194 07 21.8 24.1 15:20 19.5 05:50 0.0 3.4 0.00 11.1 38.6 17:40 47 08 22.5 25.5 13:40 21.1 07:40 0.0 4.2 0.00 7.4 27.4 10:40 24 09 22.6 25.7 13:50 19.8 07:40 0.0 4.3 0.00 8.1 33.8 23:30 55 10 19.6 22.5 00:10 17.3 00:00 0.0 1.3 2.56 8.2 53.1 03:50 73 11 18.7 22.0 14:30 16.4 05:10 0.0 0.4 0.30 9.9 46.7 22:20 38 12 17.7 19.1 14:20 15.8 23:30 0.6 0.0 1.92 25.7 64.4 15:50 16 13 17.4 20.1 12:30 15.4 03:00 0.9 0.0 1.40 18.9 72.4 00:10 4 14 17.5 20.2 14:50 14.2 23:40 0.8 0.0 0.00 3.8 19.3 16:10 52 15 16.1 19.2 12:00 12.6 06:30 2.2 0.0 0.00 5.2 20.9 10:20 161 16 15.2 18.6 14:40 10.8 07:30 3.1 0.0 0.02 3.2 22.5 16:00 118 17 14.3 18.3 17:00 10.4 07:00 4.1 0.0 0.00 5.4 38.6 23:30 93 18 12.9 16.7 16:40 8.6 08:20 5.4 0.0 0.00 4.6 32.2 00:30 21 19 13.0 17.6 15:50 8.9 04:40 5.3 0.0 0.00 3.5 25.7 06:30 87 20 14.9 20.2 14:20 8.3 07:20 3.5 0.0 0.00 4.0 24.1 15:30 69 21 15.9 17.8 16:00 11.6 05:20 2.4 0.0 0.00 4.6 20.9 15:30 174 22 16.2 19.8 17:30 11.1 04:30 2.2 0.0 0.00 4.3 17.7 18:20 119 23 17.7 22.2 13:20 14.2 08:00 0.7 0.0 0.00 5.6 22.5 16:20 175 24 18.2 21.3 14:00 13.3 08:30 0.1 0.0 0.00 10.3 40.2 18:40 212 25 14.6 19.3 12:30 9.5 08:20 3.7 0.0 0.00 11.2 49.9 15:10 302 26 13.1 18.8 15:30 8.1 08:10 5.2 0.0 0.00 5.6 24.1 00:10 222 27 14.5 20.8 15:10 8.2 08:00 3.9 0.0 0.00 6.2 32.2 17:30 204 28 14.6 19.9 15:40 10.3 03:10 3.7 0.0 0.00 3.6 17.7 16:50 201 29 16.8 20.6 14:00 11.3 01:40 1.5 0.0 0.00 8.0 32.2 16:10 188 30 17.9 20.8 14:20 15.8 07:50 0.5 0.0 0.00 8.6 35.4 03:00 237 31 17.6 21.8 15:20 12.6 22:20 0.7 0.0 0.10 14.1 61.2 05:30 220 --------------------------------------------------------------------------------------- 17.8 26.4 04 8.1 26 50.6 30.4 7.64 7.8 72.4 13 23