NOAA-Style Climate Reports

NOAA style reports
2022: Jan | Feb | Mar | Apr | May | Jun | Jul | Aug | Sep | Oct | Nov | Dec 
2021: Jan | Feb | Mar | Apr | May | Jun | Jul | Aug | Sep | Oct | Nov | Dec 
2020: Jan | Feb | Mar | Apr | May | Jun | Jul | Aug | Sep | Oct | Nov | Dec 
2019: Jan | Feb | Mar | Apr | May | Jun | Jul | Aug | Sep | Oct | Nov | Dec 
2018: Jan | Feb | Mar | Apr | May | Jun | Jul | Aug | Sep | Oct | Nov | Dec 
2017: Jan | Feb | Mar | Apr | May | Jun | Jul | Aug | Sep | Oct | Nov | Dec 
2016: Jan | Feb | Mar | Apr | May | Jun | Jul | Aug | Sep | Oct | Nov | Dec 
2015: Jan | Feb | Mar | Apr | May | Jun | Jul | Aug | Sep | Oct | Nov | Dec 
2014: Jan | Feb | Mar | Apr | May | Jun | Jul | Aug | Sep | Oct | Nov | Dec 
2013: Jan | Feb | Mar | Apr | May | Jun | Jul | Aug | Sep | Oct | Nov | Dec 
2012: Jan | Feb | Mar | Apr | May | Jun | Jul | Aug | Sep | Oct | Nov | Dec 
2011: Jan | Feb | Mar | Apr | May | Jun | Jul | Aug | Sep | Oct | Nov | Dec 
2010: Jan | Feb | Mar | Apr | May | Jun | Jul | Aug | Sep | Oct | Nov | Dec 
2009: Jan | Feb | Mar | Apr | May | Jun | Jul | Aug | Sep | Oct | Nov | Dec 
2008: Jan | Feb | Mar | Apr | May | Jun | Jul | Aug | Sep | Oct | Nov | Dec 
2007: Jan | Feb | Mar | Apr | May | Jun | Jul | Aug | Sep | Oct | Nov | Dec 
2006: Jan | Feb | Mar | Apr | May | Jun | Jul | Aug | Sep | Oct | Nov | Dec 
2005: Jan | Feb | Mar | Apr | May | Jun | Jul | Aug | Sep | Oct | Nov | Dec 

Report for 2010 09
MONTHLY CLIMATOLOGICAL SUMMARY for Sep 2010 NAME: Cabrera de Mar, Barcelona ELEV: 9 meters LAT: 41-33.89 N LONG: 002-24.07 E TEMPERATURE (C), RAIN (cm), WIND SPEED (km/h) HEAT COOL AVG MEAN DEG DEG WIND DOM DAY TEMP HIGH TIME LOW TIME DAYS DAYS RAIN SPEED HIGH TIME DIR --------------------------------------------------------------------------------------- 01 23.3 26.8 15:40 19.7 07:30 0.0 4.9 0.00 6.8 37.0 17:00 197 02 23.8 26.4 14:00 21.6 07:00 0.0 5.4 0.00 3.6 17.7 10:30 113 03 24.6 28.0 15:10 19.8 07:20 0.0 6.3 0.00 7.3 32.2 18:10 188 04 25.6 28.3 14:40 21.8 07:20 0.0 7.2 0.00 6.8 25.7 10:50 185 05 25.6 28.7 14:50 20.7 07:10 0.0 7.3 0.00 7.7 30.6 17:50 186 06 25.4 28.2 11:00 22.6 04:00 0.0 7.0 0.00 10.3 38.6 15:50 199 07 25.2 27.9 13:50 19.1 23:50 0.0 6.8 0.68 11.4 69.2 20:50 187 08 21.7 26.6 13:10 17.2 06:30 0.0 3.3 0.00 6.7 27.4 13:00 199 09 22.3 26.4 14:30 18.7 07:20 0.0 4.0 0.56 7.3 30.6 22:50 60 10 22.1 26.0 13:50 18.5 04:30 0.0 3.8 0.00 5.9 29.0 16:20 185 11 23.6 27.2 14:20 18.9 07:20 0.0 5.2 0.00 9.8 43.5 17:40 202 12 23.7 26.9 14:50 19.9 08:00 0.0 5.3 0.00 5.3 20.9 17:10 190 13 23.2 26.3 13:30 19.4 08:20 0.0 4.9 0.00 4.9 22.5 15:10 143 14 23.0 25.7 15:10 19.9 06:10 0.0 4.7 0.00 4.6 19.3 14:40 153 15 23.9 27.6 13:10 20.2 08:00 0.0 5.5 0.00 10.4 41.8 14:40 202 16 24.2 26.7 16:30 19.9 07:10 0.0 5.9 0.00 5.5 24.1 22:50 181 17 20.8 24.7 01:40 17.9 22:50 0.0 2.5 3.14 9.9 43.5 21:40 45 18 18.9 21.0 14:10 17.2 07:40 0.0 0.6 0.42 3.1 17.7 11:00 310 19 20.3 23.9 16:30 15.3 08:10 0.0 2.0 0.00 3.8 19.3 08:20 360 20 20.0 23.4 15:20 16.6 04:00 0.0 1.6 0.04 3.1 20.9 19:00 124 21 20.8 22.9 17:00 19.3 08:30 0.0 2.4 0.10 4.1 24.1 18:30 79 22 21.1 24.2 15:20 16.8 06:40 0.0 2.7 0.02 3.8 19.3 14:40 116 23 22.7 25.4 14:20 19.8 04:50 0.0 4.4 0.00 6.9 37.0 17:00 187 24 21.2 24.1 14:00 18.3 21:00 0.0 2.9 0.12 9.3 46.7 17:20 157 25 20.1 24.1 12:10 15.6 05:40 0.0 1.7 0.00 5.2 22.5 23:00 182 26 18.3 21.0 12:20 15.3 09:10 0.0 0.0 0.24 6.2 29.0 18:30 141 27 18.7 21.8 14:30 16.1 07:30 0.0 0.4 0.00 7.6 27.4 09:50 125 28 18.3 21.6 15:30 14.2 07:50 0.0 0.0 0.00 5.5 24.1 14:20 185 29 18.9 22.4 13:20 14.7 07:20 0.0 0.5 0.00 3.7 17.7 11:00 100 30 19.9 23.4 16:30 14.7 07:50 0.0 1.6 0.00 3.2 16.1 16:50 112 --------------------------------------------------------------------------------------- 22.0 28.7 05 14.2 28 0.0 110.9 5.32 6.4 69.2 07 173