NOAA-Style Climate Reports

NOAA style reports
2022: Jan | Feb | Mar | Apr | May | Jun | Jul | Aug | Sep | Oct | Nov | Dec 
2021: Jan | Feb | Mar | Apr | May | Jun | Jul | Aug | Sep | Oct | Nov | Dec 
2020: Jan | Feb | Mar | Apr | May | Jun | Jul | Aug | Sep | Oct | Nov | Dec 
2019: Jan | Feb | Mar | Apr | May | Jun | Jul | Aug | Sep | Oct | Nov | Dec 
2018: Jan | Feb | Mar | Apr | May | Jun | Jul | Aug | Sep | Oct | Nov | Dec 
2017: Jan | Feb | Mar | Apr | May | Jun | Jul | Aug | Sep | Oct | Nov | Dec 
2016: Jan | Feb | Mar | Apr | May | Jun | Jul | Aug | Sep | Oct | Nov | Dec 
2015: Jan | Feb | Mar | Apr | May | Jun | Jul | Aug | Sep | Oct | Nov | Dec 
2014: Jan | Feb | Mar | Apr | May | Jun | Jul | Aug | Sep | Oct | Nov | Dec 
2013: Jan | Feb | Mar | Apr | May | Jun | Jul | Aug | Sep | Oct | Nov | Dec 
2012: Jan | Feb | Mar | Apr | May | Jun | Jul | Aug | Sep | Oct | Nov | Dec 
2011: Jan | Feb | Mar | Apr | May | Jun | Jul | Aug | Sep | Oct | Nov | Dec 
2010: Jan | Feb | Mar | Apr | May | Jun | Jul | Aug | Sep | Oct | Nov | Dec 
2009: Jan | Feb | Mar | Apr | May | Jun | Jul | Aug | Sep | Oct | Nov | Dec 
2008: Jan | Feb | Mar | Apr | May | Jun | Jul | Aug | Sep | Oct | Nov | Dec 
2007: Jan | Feb | Mar | Apr | May | Jun | Jul | Aug | Sep | Oct | Nov | Dec 
2006: Jan | Feb | Mar | Apr | May | Jun | Jul | Aug | Sep | Oct | Nov | Dec 
2005: Jan | Feb | Mar | Apr | May | Jun | Jul | Aug | Sep | Oct | Nov | Dec 

Report for 2010 08
MONTHLY CLIMATOLOGICAL SUMMARY for Aug 2010 NAME: Cabrera de Mar, Barcelona ELEV: 9 meters LAT: 41-33.89 N LONG: 002-24.07 E TEMPERATURE (C), RAIN (cm), WIND SPEED (km/h) HEAT COOL AVG MEAN DEG DEG WIND DOM DAY TEMP HIGH TIME LOW TIME DAYS DAYS RAIN SPEED HIGH TIME DIR --------------------------------------------------------------------------------------- 01 25.8 28.2 14:10 22.9 06:40 0.0 7.5 0.00 9.1 35.4 16:10 191 02 24.7 28.6 15:20 18.8 23:00 0.0 6.4 0.42 6.7 70.8 22:20 66 03 23.5 26.6 15:20 19.2 02:00 0.0 5.1 0.02 3.9 19.3 13:30 137 04 24.4 27.1 15:50 21.0 05:30 0.0 6.0 0.00 6.0 30.6 17:30 172 05 24.0 26.1 13:10 21.6 06:20 0.0 5.6 0.00 7.6 29.0 18:10 143 06 23.5 26.4 15:30 19.1 07:20 0.0 5.2 0.12 9.7 37.0 15:40 201 07 25.1 28.1 13:50 20.7 05:50 0.0 6.8 0.00 9.5 33.8 15:20 196 08 25.4 28.8 15:00 21.1 06:40 0.0 7.1 0.00 9.2 30.6 14:00 195 09 26.1 28.8 13:50 24.1 23:50 0.0 7.8 0.00 5.0 22.5 13:40 160 10 24.7 26.6 14:50 21.7 06:20 0.0 6.4 0.00 3.9 19.3 13:10 159 11 25.2 28.0 14:00 21.6 07:20 0.0 6.9 0.00 3.4 17.7 14:40 136 12 24.8 28.7 14:10 20.3 23:50 0.0 6.5 0.26 6.7 35.4 19:50 166 13 22.8 25.2 15:00 19.1 02:00 0.0 4.4 0.00 5.2 24.1 05:20 171 14 21.7 25.5 15:20 17.0 06:10 0.0 3.4 2.30 9.4 33.8 16:10 209 15 22.3 25.4 16:40 18.8 05:40 0.0 3.9 0.00 5.2 25.7 19:00 75 16 22.4 25.3 14:20 18.2 07:30 0.0 4.1 0.00 8.0 35.4 15:10 182 17 24.7 28.1 14:40 20.2 07:10 0.0 6.4 0.00 10.5 41.8 17:20 195 18 25.2 28.0 13:40 22.3 05:10 0.0 6.9 0.00 10.8 40.2 14:40 195 19 24.5 27.4 18:20 20.8 07:20 0.0 6.2 0.24 3.4 30.6 18:40 177 20 24.8 28.0 13:50 21.3 03:30 0.0 6.4 0.52 3.9 19.3 00:40 49 21 26.7 29.9 17:10 22.0 07:00 0.0 8.3 0.00 4.5 25.7 16:40 164 22 27.3 30.6 10:30 24.3 07:40 0.0 9.0 0.00 9.6 43.5 16:00 214 23 26.3 29.4 14:50 23.3 06:20 0.0 7.9 0.00 8.1 29.0 14:00 203 24 25.9 28.6 16:00 23.8 02:20 0.0 7.6 0.00 4.2 19.3 06:40 103 25 26.5 29.8 13:10 22.4 07:30 0.0 8.2 0.00 8.8 32.2 14:50 199 26 26.7 29.9 13:20 22.4 06:40 0.0 8.4 0.00 10.1 38.6 15:50 211 27 26.4 30.2 14:50 22.9 07:40 0.0 8.1 0.00 6.1 37.0 13:10 190 28 25.5 28.0 15:40 23.2 23:40 0.0 7.1 0.00 6.6 27.4 08:20 160 29 24.5 27.4 15:10 21.2 07:50 0.0 6.2 0.00 9.5 37.0 16:30 179 30 23.8 26.4 14:30 20.7 07:40 0.0 5.5 0.00 6.2 29.0 15:10 174 31 23.6 26.2 15:50 20.3 06:40 0.0 5.3 0.00 8.0 27.4 15:40 178 --------------------------------------------------------------------------------------- 24.8 30.6 22 17.0 14 0.0 200.4 3.88 7.1 70.8 02 184