NOAA-Style Climate Reports

NOAA style reports
2022: Jan | Feb | Mar | Apr | May | Jun | Jul | Aug | Sep | Oct | Nov | Dec 
2021: Jan | Feb | Mar | Apr | May | Jun | Jul | Aug | Sep | Oct | Nov | Dec 
2020: Jan | Feb | Mar | Apr | May | Jun | Jul | Aug | Sep | Oct | Nov | Dec 
2019: Jan | Feb | Mar | Apr | May | Jun | Jul | Aug | Sep | Oct | Nov | Dec 
2018: Jan | Feb | Mar | Apr | May | Jun | Jul | Aug | Sep | Oct | Nov | Dec 
2017: Jan | Feb | Mar | Apr | May | Jun | Jul | Aug | Sep | Oct | Nov | Dec 
2016: Jan | Feb | Mar | Apr | May | Jun | Jul | Aug | Sep | Oct | Nov | Dec 
2015: Jan | Feb | Mar | Apr | May | Jun | Jul | Aug | Sep | Oct | Nov | Dec 
2014: Jan | Feb | Mar | Apr | May | Jun | Jul | Aug | Sep | Oct | Nov | Dec 
2013: Jan | Feb | Mar | Apr | May | Jun | Jul | Aug | Sep | Oct | Nov | Dec 
2012: Jan | Feb | Mar | Apr | May | Jun | Jul | Aug | Sep | Oct | Nov | Dec 
2011: Jan | Feb | Mar | Apr | May | Jun | Jul | Aug | Sep | Oct | Nov | Dec 
2010: Jan | Feb | Mar | Apr | May | Jun | Jul | Aug | Sep | Oct | Nov | Dec 
2009: Jan | Feb | Mar | Apr | May | Jun | Jul | Aug | Sep | Oct | Nov | Dec 
2008: Jan | Feb | Mar | Apr | May | Jun | Jul | Aug | Sep | Oct | Nov | Dec 
2007: Jan | Feb | Mar | Apr | May | Jun | Jul | Aug | Sep | Oct | Nov | Dec 
2006: Jan | Feb | Mar | Apr | May | Jun | Jul | Aug | Sep | Oct | Nov | Dec 
2005: Jan | Feb | Mar | Apr | May | Jun | Jul | Aug | Sep | Oct | Nov | Dec 

Report for 2010 07
MONTHLY CLIMATOLOGICAL SUMMARY for Jul 2010 NAME: Cabrera de Mar, Barcelona ELEV: 9 meters LAT: 41-33.89 N LONG: 002-24.07 E TEMPERATURE (C), RAIN (cm), WIND SPEED (km/h) HEAT COOL AVG MEAN DEG DEG WIND DOM DAY TEMP HIGH TIME LOW TIME DAYS DAYS RAIN SPEED HIGH TIME DIR --------------------------------------------------------------------------------------- 01 24.8 27.7 13:50 21.2 06:10 0.0 6.5 0.00 5.7 24.1 13:20 184 02 24.6 27.6 12:20 19.9 06:00 0.0 6.2 0.00 5.7 27.4 12:00 185 03 24.4 26.6 12:30 21.8 07:20 0.0 6.0 0.00 3.6 16.1 10:10 114 04 25.3 28.1 10:30 22.3 03:10 0.0 7.0 0.06 4.7 27.4 21:00 227 05 25.0 27.9 15:00 21.1 06:40 0.0 6.7 0.00 3.2 14.5 10:40 88 06 24.9 27.4 16:30 22.3 07:10 0.0 6.6 0.00 3.7 16.1 17:00 146 07 25.6 27.9 14:10 21.9 05:50 0.0 7.3 0.00 7.1 25.7 15:40 191 08 26.0 28.2 13:40 22.4 06:40 0.0 7.6 0.00 6.0 22.5 11:30 187 09 25.9 28.2 13:00 23.3 05:10 0.0 7.6 0.00 4.4 17.7 11:00 167 10 25.1 27.3 14:50 23.6 06:20 0.0 6.8 0.00 4.7 20.9 01:30 74 11 26.3 28.9 17:00 21.3 06:20 0.0 7.9 0.00 5.3 22.5 14:20 162 12 27.2 30.6 14:50 23.8 06:40 0.0 8.9 0.00 8.7 37.0 13:40 205 13 26.4 28.8 13:10 21.7 05:50 0.0 8.1 0.00 4.4 14.5 09:20 157 14 27.0 28.9 15:50 22.5 05:50 0.0 8.7 0.00 6.9 20.9 16:50 180 15 25.7 27.8 15:50 23.4 23:40 0.0 7.3 0.00 4.7 17.7 13:10 172 16 25.8 28.4 14:00 21.0 06:30 0.0 7.5 0.00 4.1 17.7 11:50 160 17 26.9 29.4 14:30 23.4 06:00 0.0 8.6 0.00 6.6 30.6 16:50 179 18 25.9 27.6 14:40 23.6 07:10 0.0 7.5 0.00 7.9 27.4 17:20 166 19 26.5 28.6 15:10 22.4 06:50 0.0 8.2 0.00 4.5 17.7 15:10 137 20 26.9 29.4 15:00 22.9 06:30 0.0 8.5 0.00 5.2 19.3 15:40 185 21 26.7 29.4 16:20 22.9 07:10 0.0 8.3 0.00 4.6 16.1 21:20 132 22 25.3 27.9 15:30 23.6 23:50 0.0 7.0 0.00 7.4 27.4 10:00 58 23 24.7 27.6 15:50 22.9 05:50 0.0 6.4 0.00 6.3 27.4 13:50 147 24 24.2 25.8 13:30 20.9 07:10 0.0 5.9 0.00 5.5 22.5 15:00 160 25 24.6 27.3 15:30 21.2 06:20 0.0 6.2 0.00 6.1 30.6 15:50 170 26 24.8 27.1 16:10 20.4 06:10 0.0 6.5 0.00 6.1 22.5 13:30 163 27 26.0 29.5 14:50 21.6 06:00 0.0 7.7 0.00 8.9 38.6 15:50 202 28 25.9 28.8 13:50 23.3 04:10 0.0 7.6 0.00 8.0 33.8 15:30 192 29 25.0 28.6 14:00 22.8 06:20 0.0 6.6 0.82 5.1 25.7 14:10 143 30 24.1 27.3 15:40 20.8 07:50 0.0 5.8 0.30 6.7 33.8 16:00 188 31 25.8 28.3 15:00 22.8 06:20 0.0 7.4 0.00 7.7 33.8 17:50 195 --------------------------------------------------------------------------------------- 25.6 30.6 12 19.9 02 0.0 225.0 1.18 5.8 38.6 27 171