NOAA-Style Climate Reports

NOAA style reports
2022: Jan | Feb | Mar | Apr | May | Jun | Jul | Aug | Sep | Oct | Nov | Dec 
2021: Jan | Feb | Mar | Apr | May | Jun | Jul | Aug | Sep | Oct | Nov | Dec 
2020: Jan | Feb | Mar | Apr | May | Jun | Jul | Aug | Sep | Oct | Nov | Dec 
2019: Jan | Feb | Mar | Apr | May | Jun | Jul | Aug | Sep | Oct | Nov | Dec 
2018: Jan | Feb | Mar | Apr | May | Jun | Jul | Aug | Sep | Oct | Nov | Dec 
2017: Jan | Feb | Mar | Apr | May | Jun | Jul | Aug | Sep | Oct | Nov | Dec 
2016: Jan | Feb | Mar | Apr | May | Jun | Jul | Aug | Sep | Oct | Nov | Dec 
2015: Jan | Feb | Mar | Apr | May | Jun | Jul | Aug | Sep | Oct | Nov | Dec 
2014: Jan | Feb | Mar | Apr | May | Jun | Jul | Aug | Sep | Oct | Nov | Dec 
2013: Jan | Feb | Mar | Apr | May | Jun | Jul | Aug | Sep | Oct | Nov | Dec 
2012: Jan | Feb | Mar | Apr | May | Jun | Jul | Aug | Sep | Oct | Nov | Dec 
2011: Jan | Feb | Mar | Apr | May | Jun | Jul | Aug | Sep | Oct | Nov | Dec 
2010: Jan | Feb | Mar | Apr | May | Jun | Jul | Aug | Sep | Oct | Nov | Dec 
2009: Jan | Feb | Mar | Apr | May | Jun | Jul | Aug | Sep | Oct | Nov | Dec 
2008: Jan | Feb | Mar | Apr | May | Jun | Jul | Aug | Sep | Oct | Nov | Dec 
2007: Jan | Feb | Mar | Apr | May | Jun | Jul | Aug | Sep | Oct | Nov | Dec 
2006: Jan | Feb | Mar | Apr | May | Jun | Jul | Aug | Sep | Oct | Nov | Dec 
2005: Jan | Feb | Mar | Apr | May | Jun | Jul | Aug | Sep | Oct | Nov | Dec 

Report for 2010 05
MONTHLY CLIMATOLOGICAL SUMMARY for May 2010 NAME: Cabrera de Mar, Barcelona ELEV: 9 meters LAT: 41-33.89 N LONG: 002-24.07 E TEMPERATURE (C), RAIN (cm), WIND SPEED (km/h) HEAT COOL AVG MEAN DEG DEG WIND DOM DAY TEMP HIGH TIME LOW TIME DAYS DAYS RAIN SPEED HIGH TIME DIR --------------------------------------------------------------------------------------- 01 17.1 20.2 14:00 14.7 06:10 1.2 0.0 0.10 3.4 22.5 14:00 69 02 17.6 20.2 12:00 13.7 00:00 0.8 0.0 0.52 8.8 33.8 23:00 168 03 11.6 13.5 00:10 9.9 23:10 6.7 0.0 2.80 10.0 35.4 15:30 6 04 10.0 11.4 14:00 8.6 06:30 8.4 0.0 2.24 5.8 43.5 05:40 231 05 12.4 16.8 14:50 8.7 03:10 5.9 0.0 0.06 7.2 41.8 15:50 221 06 13.0 15.0 13:10 11.4 02:20 5.3 0.0 0.00 7.4 27.4 17:20 144 07 13.9 17.7 16:00 10.6 04:50 4.4 0.0 0.00 8.0 32.2 16:20 160 08 16.0 18.9 17:00 13.0 05:50 2.4 0.0 1.56 9.4 30.6 16:40 196 09 16.4 19.9 14:10 12.3 04:20 1.9 0.0 0.08 7.8 35.4 20:10 199 10 17.8 23.7 11:30 13.0 05:50 0.5 0.0 0.00 6.9 33.8 16:00 218 11 17.8 20.6 10:10 13.9 05:30 0.5 0.0 0.00 7.0 33.8 19:50 134 12 16.5 19.8 13:10 14.1 23:40 1.9 0.0 0.08 5.3 25.7 04:40 60 13 14.1 17.4 12:40 12.1 23:50 4.3 0.0 2.64 6.1 30.6 13:00 48 14 12.3 15.8 16:40 10.4 01:40 6.1 0.0 1.16 6.2 30.6 19:00 305 15 13.7 17.1 15:10 8.4 07:00 4.6 0.0 0.08 4.9 19.3 01:10 102 16 14.9 17.8 14:10 10.9 07:00 3.4 0.0 0.00 5.3 27.4 05:10 73 17 15.6 18.9 14:30 11.3 06:30 2.7 0.0 0.00 7.4 29.0 15:20 182 18 16.5 19.7 15:50 12.9 06:50 1.9 0.0 0.00 7.4 32.2 15:50 192 19 17.4 20.6 14:30 12.8 06:30 0.9 0.0 0.00 8.1 32.2 14:40 209 20 17.1 19.2 15:00 13.0 06:20 1.2 0.0 0.00 5.3 20.9 19:50 139 21 18.3 21.0 14:10 14.6 05:10 0.0 0.0 0.00 4.0 19.3 15:50 122 22 19.0 21.8 14:10 15.3 05:50 0.0 0.7 0.00 2.7 22.5 04:00 90 23 17.5 19.9 18:30 13.6 06:20 0.8 0.0 0.00 4.2 16.1 11:30 108 24 19.7 22.9 16:00 14.7 06:40 0.0 1.4 0.00 10.1 37.0 13:20 205 25 19.5 23.1 14:40 16.1 06:40 0.0 1.2 0.00 8.6 29.0 11:50 210 26 19.5 21.6 16:00 14.3 06:10 0.0 1.1 0.00 6.5 24.1 18:10 188 27 19.2 21.4 14:20 16.7 03:50 0.0 0.9 0.00 4.5 17.7 09:20 117 28 19.7 22.0 13:40 17.5 06:40 0.0 1.4 0.04 4.4 24.1 17:40 315 29 19.8 22.1 14:20 16.1 07:10 0.0 1.5 0.00 4.3 24.1 14:30 200 30 19.4 21.8 14:00 15.8 06:50 0.0 1.1 0.00 4.1 25.7 19:10 142 31 20.3 23.3 17:40 16.7 05:20 0.0 2.0 0.00 3.0 19.3 09:10 78 --------------------------------------------------------------------------------------- 16.5 23.7 10 8.4 15 66.0 11.3 11.36 6.3 43.5 04 177