NOAA-Style Climate Reports

NOAA style reports
2022: Jan | Feb | Mar | Apr | May | Jun | Jul | Aug | Sep | Oct | Nov | Dec 
2021: Jan | Feb | Mar | Apr | May | Jun | Jul | Aug | Sep | Oct | Nov | Dec 
2020: Jan | Feb | Mar | Apr | May | Jun | Jul | Aug | Sep | Oct | Nov | Dec 
2019: Jan | Feb | Mar | Apr | May | Jun | Jul | Aug | Sep | Oct | Nov | Dec 
2018: Jan | Feb | Mar | Apr | May | Jun | Jul | Aug | Sep | Oct | Nov | Dec 
2017: Jan | Feb | Mar | Apr | May | Jun | Jul | Aug | Sep | Oct | Nov | Dec 
2016: Jan | Feb | Mar | Apr | May | Jun | Jul | Aug | Sep | Oct | Nov | Dec 
2015: Jan | Feb | Mar | Apr | May | Jun | Jul | Aug | Sep | Oct | Nov | Dec 
2014: Jan | Feb | Mar | Apr | May | Jun | Jul | Aug | Sep | Oct | Nov | Dec 
2013: Jan | Feb | Mar | Apr | May | Jun | Jul | Aug | Sep | Oct | Nov | Dec 
2012: Jan | Feb | Mar | Apr | May | Jun | Jul | Aug | Sep | Oct | Nov | Dec 
2011: Jan | Feb | Mar | Apr | May | Jun | Jul | Aug | Sep | Oct | Nov | Dec 
2010: Jan | Feb | Mar | Apr | May | Jun | Jul | Aug | Sep | Oct | Nov | Dec 
2009: Jan | Feb | Mar | Apr | May | Jun | Jul | Aug | Sep | Oct | Nov | Dec 
2008: Jan | Feb | Mar | Apr | May | Jun | Jul | Aug | Sep | Oct | Nov | Dec 
2007: Jan | Feb | Mar | Apr | May | Jun | Jul | Aug | Sep | Oct | Nov | Dec 
2006: Jan | Feb | Mar | Apr | May | Jun | Jul | Aug | Sep | Oct | Nov | Dec 
2005: Jan | Feb | Mar | Apr | May | Jun | Jul | Aug | Sep | Oct | Nov | Dec 

Report for 2010 04
MONTHLY CLIMATOLOGICAL SUMMARY for Apr 2010 NAME: Cabrera de Mar, Barcelona ELEV: 9 meters LAT: 41-33.89 N LONG: 002-24.07 E TEMPERATURE (C), RAIN (cm), WIND SPEED (km/h) HEAT COOL AVG MEAN DEG DEG WIND DOM DAY TEMP HIGH TIME LOW TIME DAYS DAYS RAIN SPEED HIGH TIME DIR --------------------------------------------------------------------------------------- 01 12.4 14.6 12:10 9.6 07:30 5.9 0.0 0.00 9.6 29.0 11:00 163 02 13.0 16.1 15:30 8.9 06:10 5.3 0.0 0.00 11.6 37.0 15:40 197 03 13.2 16.4 14:40 8.7 06:50 5.2 0.0 0.00 6.1 27.4 14:50 197 04 11.8 15.0 14:00 9.4 10:20 6.5 0.0 1.52 7.5 35.4 15:50 197 05 12.2 15.2 15:50 9.6 04:50 6.1 0.0 0.00 6.3 27.4 16:00 206 06 12.9 15.9 15:50 9.4 06:10 5.4 0.0 0.00 4.6 22.5 19:10 47 07 13.9 16.9 12:50 12.2 21:50 4.4 0.0 0.02 12.1 46.7 16:10 22 08 12.4 13.8 11:50 10.1 06:20 6.0 0.0 0.00 3.3 19.3 00:10 215 09 14.7 18.5 14:40 11.6 07:00 3.6 0.0 0.00 5.0 20.9 15:00 158 10 14.6 19.2 15:20 9.2 07:50 3.7 0.0 0.00 5.1 25.7 16:40 197 11 16.1 19.7 12:20 13.2 23:30 2.2 0.0 0.00 6.4 25.7 03:00 211 12 12.2 14.7 00:50 10.1 23:40 6.1 0.0 0.42 8.1 33.8 02:00 36 13 11.5 14.1 13:30 8.6 05:50 6.9 0.0 0.00 4.1 27.4 19:10 65 14 12.2 15.2 12:20 8.4 04:40 6.1 0.0 0.00 2.8 14.5 02:20 44 15 13.0 15.3 14:20 8.2 05:10 5.3 0.0 0.00 2.3 14.5 14:50 45 16 13.8 16.2 17:10 11.4 23:20 4.6 0.0 0.00 3.4 20.9 18:10 56 17 13.5 18.2 13:20 9.4 03:10 4.8 0.0 0.00 3.2 16.1 14:50 60 18 14.3 16.4 16:50 12.0 00:10 4.0 0.0 0.00 5.7 22.5 17:00 158 19 14.8 17.9 15:30 12.0 07:10 3.5 0.0 0.02 7.4 27.4 15:50 199 20 14.6 18.3 11:50 11.2 05:40 3.7 0.0 0.02 3.7 19.3 14:30 175 21 15.8 20.9 13:40 11.2 05:30 2.5 0.0 0.00 8.2 37.0 16:10 195 22 15.3 16.8 12:40 12.7 02:50 3.0 0.0 0.02 2.6 14.5 11:30 107 23 15.9 17.9 12:20 13.7 06:20 2.5 0.0 0.06 5.2 27.4 19:20 205 24 16.8 19.1 14:20 11.8 07:20 1.5 0.0 0.00 3.6 19.3 10:10 77 25 17.6 20.2 14:40 13.3 07:10 0.8 0.0 0.00 7.5 29.0 12:20 189 26 17.9 20.9 13:00 14.6 07:00 0.4 0.0 0.16 4.0 20.9 14:00 162 27 18.9 22.5 11:40 13.7 06:20 0.0 0.6 0.00 3.4 17.7 15:50 180 28 17.9 20.9 14:40 13.3 06:20 0.4 0.0 0.00 4.7 22.5 01:40 180 29 17.8 20.6 14:40 13.0 06:40 0.6 0.0 0.00 8.9 32.2 15:50 195 30 17.3 20.6 15:50 12.5 06:20 1.0 0.0 0.00 4.4 19.3 13:30 80 --------------------------------------------------------------------------------------- 14.5 22.5 27 8.2 15 112.2 0.6 2.24 5.8 46.7 07 164