NOAA-Style Climate Reports

NOAA style reports
2022: Jan | Feb | Mar | Apr | May | Jun | Jul | Aug | Sep | Oct | Nov | Dec 
2021: Jan | Feb | Mar | Apr | May | Jun | Jul | Aug | Sep | Oct | Nov | Dec 
2020: Jan | Feb | Mar | Apr | May | Jun | Jul | Aug | Sep | Oct | Nov | Dec 
2019: Jan | Feb | Mar | Apr | May | Jun | Jul | Aug | Sep | Oct | Nov | Dec 
2018: Jan | Feb | Mar | Apr | May | Jun | Jul | Aug | Sep | Oct | Nov | Dec 
2017: Jan | Feb | Mar | Apr | May | Jun | Jul | Aug | Sep | Oct | Nov | Dec 
2016: Jan | Feb | Mar | Apr | May | Jun | Jul | Aug | Sep | Oct | Nov | Dec 
2015: Jan | Feb | Mar | Apr | May | Jun | Jul | Aug | Sep | Oct | Nov | Dec 
2014: Jan | Feb | Mar | Apr | May | Jun | Jul | Aug | Sep | Oct | Nov | Dec 
2013: Jan | Feb | Mar | Apr | May | Jun | Jul | Aug | Sep | Oct | Nov | Dec 
2012: Jan | Feb | Mar | Apr | May | Jun | Jul | Aug | Sep | Oct | Nov | Dec 
2011: Jan | Feb | Mar | Apr | May | Jun | Jul | Aug | Sep | Oct | Nov | Dec 
2010: Jan | Feb | Mar | Apr | May | Jun | Jul | Aug | Sep | Oct | Nov | Dec 
2009: Jan | Feb | Mar | Apr | May | Jun | Jul | Aug | Sep | Oct | Nov | Dec 
2008: Jan | Feb | Mar | Apr | May | Jun | Jul | Aug | Sep | Oct | Nov | Dec 
2007: Jan | Feb | Mar | Apr | May | Jun | Jul | Aug | Sep | Oct | Nov | Dec 
2006: Jan | Feb | Mar | Apr | May | Jun | Jul | Aug | Sep | Oct | Nov | Dec 
2005: Jan | Feb | Mar | Apr | May | Jun | Jul | Aug | Sep | Oct | Nov | Dec 

Report for 2009 12
MONTHLY CLIMATOLOGICAL SUMMARY for Dec 2009 NAME: Cabrera de Mar, Barcelona ELEV: 9 meters LAT: 41-33.89 N LONG: 002-24.07 E TEMPERATURE (C), RAIN (cm), WIND SPEED (km/h) HEAT COOL AVG MEAN DEG DEG WIND DOM DAY TEMP HIGH TIME LOW TIME DAYS DAYS RAIN SPEED HIGH TIME DIR --------------------------------------------------------------------------------------- 01 10.8 17.3 15:20 7.0 08:30 7.6 0.0 0.00 14.1 61.2 02:10 280 02 12.2 17.9 12:40 7.8 03:40 6.2 0.0 0.00 6.4 29.0 07:00 239 03 13.2 16.8 16:10 9.9 23:50 5.2 0.0 0.00 3.4 24.1 11:30 230 04 12.1 16.2 13:00 9.9 00:10 6.3 0.0 0.00 6.7 46.7 09:40 248 05 12.1 17.1 13:40 8.7 08:00 6.2 0.0 0.00 4.4 29.0 03:40 248 06 14.0 18.9 12:50 9.5 03:00 4.4 0.0 0.00 10.0 41.8 15:20 218 07 14.9 19.6 11:50 10.6 06:50 3.4 0.0 0.00 7.0 35.4 13:10 227 08 14.9 20.6 14:40 11.8 00:00 3.4 0.0 0.00 4.4 24.1 13:10 224 09 13.2 18.3 15:00 8.7 07:40 5.2 0.0 0.00 3.3 17.7 14:40 202 10 12.7 17.8 15:10 7.9 07:00 5.7 0.0 0.00 2.8 14.5 12:00 205 11 12.1 18.1 16:20 7.8 05:10 6.2 0.0 0.00 3.5 20.9 09:30 335 12 10.8 14.9 15:20 6.4 08:10 7.6 0.0 0.00 3.5 25.7 21:20 5 13 8.0 10.4 15:10 5.8 21:50 10.3 0.0 0.00 3.6 19.3 20:20 330 14 8.7 10.3 00:00 6.0 01:00 9.6 0.0 0.06 20.2 62.8 15:20 10 15 7.4 10.4 00:20 5.8 06:40 10.9 0.0 0.12 12.7 41.8 00:10 281 16 5.9 10.1 11:40 1.3 06:50 12.5 0.0 0.00 7.3 29.0 12:20 260 17 6.0 9.7 15:00 4.6 01:30 12.3 0.0 0.00 6.9 33.8 22:20 295 18 5.7 11.2 14:50 2.2 08:30 12.6 0.0 0.00 9.1 32.2 08:50 258 19 5.0 9.9 14:30 0.4 07:00 13.4 0.0 0.00 5.2 33.8 09:50 318 20 5.2 10.4 14:20 0.4 08:40 13.1 0.0 0.00 6.6 30.6 23:50 271 21 7.7 9.9 23:10 4.4 01:30 10.6 0.0 0.36 9.0 27.4 00:20 269 22 12.3 14.2 00:00 9.7 00:10 6.0 0.0 0.52 8.4 46.7 23:00 236 23 13.0 14.3 00:10 10.6 09:50 5.3 0.0 0.52 8.7 49.9 04:00 228 24 13.8 15.0 15:50 11.3 07:40 4.6 0.0 0.26 6.5 40.2 00:00 222 25 13.8 16.4 12:20 11.3 08:30 4.6 0.0 0.02 11.2 54.7 02:40 282 26 10.6 11.9 14:10 8.7 00:00 7.7 0.0 0.14 6.1 27.4 09:20 14 27 10.4 14.9 14:40 7.3 08:30 7.9 0.0 0.00 6.9 37.0 08:50 272 28 13.2 17.1 14:20 9.7 00:50 5.1 0.0 0.00 10.8 40.2 07:30 233 29 16.4 21.6 11:30 12.8 04:00 1.9 0.0 0.02 7.4 33.8 11:30 225 30 15.9 22.0 13:50 12.8 21:20 2.5 0.0 0.00 7.7 33.8 13:00 219 31 14.5 18.7 14:10 12.3 06:50 3.9 0.0 0.00 11.1 56.3 21:50 221 --------------------------------------------------------------------------------------- 11.1 22.0 30 0.4 19 222.0 0.0 2.02 7.7 62.8 14 259