NOAA-Style Climate Reports

NOAA style reports
2022: Jan | Feb | Mar | Apr | May | Jun | Jul | Aug | Sep | Oct | Nov | Dec 
2021: Jan | Feb | Mar | Apr | May | Jun | Jul | Aug | Sep | Oct | Nov | Dec 
2020: Jan | Feb | Mar | Apr | May | Jun | Jul | Aug | Sep | Oct | Nov | Dec 
2019: Jan | Feb | Mar | Apr | May | Jun | Jul | Aug | Sep | Oct | Nov | Dec 
2018: Jan | Feb | Mar | Apr | May | Jun | Jul | Aug | Sep | Oct | Nov | Dec 
2017: Jan | Feb | Mar | Apr | May | Jun | Jul | Aug | Sep | Oct | Nov | Dec 
2016: Jan | Feb | Mar | Apr | May | Jun | Jul | Aug | Sep | Oct | Nov | Dec 
2015: Jan | Feb | Mar | Apr | May | Jun | Jul | Aug | Sep | Oct | Nov | Dec 
2014: Jan | Feb | Mar | Apr | May | Jun | Jul | Aug | Sep | Oct | Nov | Dec 
2013: Jan | Feb | Mar | Apr | May | Jun | Jul | Aug | Sep | Oct | Nov | Dec 
2012: Jan | Feb | Mar | Apr | May | Jun | Jul | Aug | Sep | Oct | Nov | Dec 
2011: Jan | Feb | Mar | Apr | May | Jun | Jul | Aug | Sep | Oct | Nov | Dec 
2010: Jan | Feb | Mar | Apr | May | Jun | Jul | Aug | Sep | Oct | Nov | Dec 
2009: Jan | Feb | Mar | Apr | May | Jun | Jul | Aug | Sep | Oct | Nov | Dec 
2008: Jan | Feb | Mar | Apr | May | Jun | Jul | Aug | Sep | Oct | Nov | Dec 
2007: Jan | Feb | Mar | Apr | May | Jun | Jul | Aug | Sep | Oct | Nov | Dec 
2006: Jan | Feb | Mar | Apr | May | Jun | Jul | Aug | Sep | Oct | Nov | Dec 
2005: Jan | Feb | Mar | Apr | May | Jun | Jul | Aug | Sep | Oct | Nov | Dec 

Report for 2009 11
MONTHLY CLIMATOLOGICAL SUMMARY for Nov 2009 NAME: Cabrera de Mar, Barcelona ELEV: 9 meters LAT: 41-33.89 N LONG: 002-24.07 E TEMPERATURE (C), RAIN (cm), WIND SPEED (km/h) HEAT COOL AVG MEAN DEG DEG WIND DOM DAY TEMP HIGH TIME LOW TIME DAYS DAYS RAIN SPEED HIGH TIME DIR --------------------------------------------------------------------------------------- 01 18.6 22.5 13:10 14.2 06:10 0.0 0.3 0.02 8.2 33.8 15:30 204 02 19.2 21.8 11:30 14.2 00:00 0.0 0.9 0.02 6.8 25.7 14:00 200 03 17.0 24.5 14:10 13.1 00:00 1.3 0.0 0.00 6.0 32.2 00:40 251 04 16.4 23.1 12:00 12.3 05:40 1.9 0.0 0.00 6.7 32.2 17:30 337 05 14.3 19.7 13:50 9.5 08:00 4.0 0.0 0.00 7.7 41.8 16:30 284 06 12.8 16.7 11:00 9.3 06:50 5.5 0.0 0.00 6.7 37.0 03:00 287 07 14.2 21.3 15:10 10.2 21:50 4.1 0.0 0.30 8.4 56.3 15:30 274 08 12.5 18.3 14:00 9.6 04:10 5.8 0.0 0.00 16.4 56.3 05:40 289 09 12.4 18.8 13:50 9.5 00:00 6.0 0.0 0.00 9.7 54.7 01:00 292 10 11.2 16.2 11:50 6.4 07:30 7.1 0.0 0.00 3.2 20.9 23:00 264 11 13.1 17.5 14:00 8.9 02:10 5.3 0.0 0.00 3.2 20.9 15:30 252 12 15.1 20.2 12:20 10.9 04:50 3.2 0.0 0.00 6.5 27.4 14:40 225 13 16.0 19.8 14:50 10.9 07:50 2.3 0.0 0.00 5.3 24.1 00:50 229 14 16.5 20.7 12:30 12.9 07:00 1.8 0.0 0.00 4.4 19.3 16:20 202 15 17.6 21.4 14:30 13.3 01:40 0.7 0.0 0.00 4.8 22.5 16:10 187 16 18.4 25.8 13:30 13.1 01:20 0.0 0.0 0.00 7.4 30.6 15:40 211 17 15.2 18.7 10:50 12.6 04:50 3.2 0.0 0.00 2.4 11.3 11:10 163 18 15.3 19.9 14:50 11.1 08:00 3.0 0.0 0.02 2.3 9.7 05:10 112 19 15.0 19.1 14:00 12.3 02:40 3.4 0.0 0.00 4.1 25.7 17:30 100 20 15.9 20.9 12:30 12.6 02:20 2.4 0.0 0.00 3.5 17.7 11:50 37 21 15.4 20.2 13:30 10.7 07:50 2.9 0.0 0.00 5.7 25.7 12:50 222 22 17.1 22.4 14:50 13.3 00:00 1.3 0.0 0.00 5.4 32.2 18:30 250 23 14.2 18.6 14:20 9.4 07:50 4.1 0.0 0.00 2.8 14.5 14:30 224 24 13.5 19.6 12:20 9.2 04:40 4.9 0.0 0.00 4.7 27.4 13:50 211 25 14.8 19.6 11:50 10.1 06:20 3.6 0.0 0.00 8.5 35.4 14:30 217 26 15.2 21.0 12:40 9.7 08:10 3.1 0.0 0.00 5.6 32.2 17:40 218 27 15.1 18.7 11:40 11.9 08:10 3.3 0.0 0.00 4.6 22.5 19:00 215 28 13.3 18.5 13:30 9.0 05:50 5.1 0.0 0.00 8.5 33.8 14:00 251 29 13.7 17.2 16:00 10.3 22:20 4.6 0.0 0.22 9.1 54.7 16:50 231 30 10.6 14.8 14:00 7.4 08:20 7.7 0.0 0.00 9.1 41.8 16:20 263 --------------------------------------------------------------------------------------- 15.0 25.8 16 6.4 10 101.8 1.2 0.58 6.4 56.3 07 244