NOAA-Style Climate Reports

NOAA style reports
2022: Jan | Feb | Mar | Apr | May | Jun | Jul | Aug | Sep | Oct | Nov | Dec 
2021: Jan | Feb | Mar | Apr | May | Jun | Jul | Aug | Sep | Oct | Nov | Dec 
2020: Jan | Feb | Mar | Apr | May | Jun | Jul | Aug | Sep | Oct | Nov | Dec 
2019: Jan | Feb | Mar | Apr | May | Jun | Jul | Aug | Sep | Oct | Nov | Dec 
2018: Jan | Feb | Mar | Apr | May | Jun | Jul | Aug | Sep | Oct | Nov | Dec 
2017: Jan | Feb | Mar | Apr | May | Jun | Jul | Aug | Sep | Oct | Nov | Dec 
2016: Jan | Feb | Mar | Apr | May | Jun | Jul | Aug | Sep | Oct | Nov | Dec 
2015: Jan | Feb | Mar | Apr | May | Jun | Jul | Aug | Sep | Oct | Nov | Dec 
2014: Jan | Feb | Mar | Apr | May | Jun | Jul | Aug | Sep | Oct | Nov | Dec 
2013: Jan | Feb | Mar | Apr | May | Jun | Jul | Aug | Sep | Oct | Nov | Dec 
2012: Jan | Feb | Mar | Apr | May | Jun | Jul | Aug | Sep | Oct | Nov | Dec 
2011: Jan | Feb | Mar | Apr | May | Jun | Jul | Aug | Sep | Oct | Nov | Dec 
2010: Jan | Feb | Mar | Apr | May | Jun | Jul | Aug | Sep | Oct | Nov | Dec 
2009: Jan | Feb | Mar | Apr | May | Jun | Jul | Aug | Sep | Oct | Nov | Dec 
2008: Jan | Feb | Mar | Apr | May | Jun | Jul | Aug | Sep | Oct | Nov | Dec 
2007: Jan | Feb | Mar | Apr | May | Jun | Jul | Aug | Sep | Oct | Nov | Dec 
2006: Jan | Feb | Mar | Apr | May | Jun | Jul | Aug | Sep | Oct | Nov | Dec 
2005: Jan | Feb | Mar | Apr | May | Jun | Jul | Aug | Sep | Oct | Nov | Dec 

Report for 2009 10
MONTHLY CLIMATOLOGICAL SUMMARY for Oct 2009 NAME: Cabrera de Mar, Barcelona ELEV: 9 meters LAT: 41-33.89 N LONG: 002-24.07 E TEMPERATURE (C), RAIN (cm), WIND SPEED (km/h) HEAT COOL AVG MEAN DEG DEG WIND DOM DAY TEMP HIGH TIME LOW TIME DAYS DAYS RAIN SPEED HIGH TIME DIR --------------------------------------------------------------------------------------- 01 21.4 25.7 16:30 17.2 08:00 0.0 3.1 0.08 3.2 19.3 17:30 190 02 20.9 24.8 14:10 16.6 07:50 0.0 2.6 0.00 3.8 24.1 15:50 175 03 20.9 24.4 14:40 17.5 05:20 0.0 2.6 0.00 3.5 20.9 14:30 172 04 20.2 24.7 15:50 14.8 07:30 0.0 1.9 0.00 3.9 20.9 16:10 206 05 22.3 26.4 13:30 17.7 01:50 0.0 4.0 0.00 6.5 25.7 10:50 197 06 21.9 26.2 16:00 16.9 06:50 0.0 3.6 0.00 4.0 20.9 14:20 187 07 21.7 26.2 14:40 16.7 07:00 0.0 3.3 0.00 2.0 16.1 12:20 156 08 22.1 25.2 12:40 19.1 04:50 0.0 3.8 0.00 3.1 20.9 08:30 108 09 21.2 23.9 14:30 19.2 07:00 0.0 2.9 0.18 2.8 17.7 01:50 95 10 21.1 24.7 12:50 18.9 04:50 0.0 2.7 0.00 3.5 25.7 13:10 86 11 20.6 25.3 15:30 16.2 07:30 0.0 2.3 0.00 4.5 22.5 16:40 169 12 20.6 24.6 11:40 16.6 07:50 0.0 2.3 0.00 2.9 17.7 06:50 136 13 20.1 24.1 13:20 16.1 08:30 0.0 1.8 0.00 5.4 30.6 04:20 222 14 19.2 23.3 14:20 15.7 08:10 0.0 0.9 0.00 3.8 25.7 21:00 143 15 16.7 21.0 14:10 12.4 00:00 1.6 0.0 0.00 5.8 35.4 17:30 62 16 15.8 22.5 15:20 11.2 08:20 2.5 0.0 0.00 5.8 32.2 15:40 241 17 15.4 20.2 13:50 9.9 08:30 3.0 0.0 0.00 4.5 20.9 13:50 205 18 15.9 20.9 14:40 12.3 04:20 2.5 0.0 0.00 7.0 33.8 10:50 64 19 15.6 18.9 15:50 12.4 08:30 2.7 0.0 0.00 3.6 20.9 11:20 161 20 18.5 19.8 11:40 14.4 01:10 0.0 0.2 0.24 15.7 53.1 12:10 185 21 17.6 21.0 17:40 14.3 00:00 0.8 0.0 1.78 6.5 54.7 09:00 189 22 14.4 16.4 12:30 12.2 00:00 3.9 0.0 2.36 8.0 53.1 16:20 311 23 15.6 22.4 15:20 10.2 08:40 2.7 0.0 0.00 4.3 27.4 15:50 196 24 17.8 22.9 15:10 13.5 04:00 0.5 0.0 0.00 3.2 19.3 04:10 237 25 19.8 24.2 14:40 15.8 06:30 0.0 1.4 0.00 2.5 16.1 12:40 152 26 19.0 21.6 13:50 16.8 23:50 0.0 0.7 0.00 3.2 20.9 13:20 182 27 17.7 21.3 14:10 14.2 06:30 0.6 0.0 0.00 2.3 11.3 13:30 158 28 18.6 20.8 12:20 15.9 03:20 0.0 0.3 0.00 3.6 17.7 14:30 176 29 18.8 23.1 15:20 15.9 00:00 0.0 0.5 0.00 3.9 22.5 15:50 207 30 18.3 23.1 12:30 13.5 07:20 0.0 0.0 0.02 2.7 19.3 11:50 86 31 17.5 21.3 14:40 14.1 06:50 0.8 0.0 0.00 2.4 14.5 13:40 96 --------------------------------------------------------------------------------------- 18.9 26.4 05 9.9 17 21.6 40.7 4.66 4.5 54.7 21 175