NOAA-Style Climate Reports

NOAA style reports
2022: Jan | Feb | Mar | Apr | May | Jun | Jul | Aug | Sep | Oct | Nov | Dec 
2021: Jan | Feb | Mar | Apr | May | Jun | Jul | Aug | Sep | Oct | Nov | Dec 
2020: Jan | Feb | Mar | Apr | May | Jun | Jul | Aug | Sep | Oct | Nov | Dec 
2019: Jan | Feb | Mar | Apr | May | Jun | Jul | Aug | Sep | Oct | Nov | Dec 
2018: Jan | Feb | Mar | Apr | May | Jun | Jul | Aug | Sep | Oct | Nov | Dec 
2017: Jan | Feb | Mar | Apr | May | Jun | Jul | Aug | Sep | Oct | Nov | Dec 
2016: Jan | Feb | Mar | Apr | May | Jun | Jul | Aug | Sep | Oct | Nov | Dec 
2015: Jan | Feb | Mar | Apr | May | Jun | Jul | Aug | Sep | Oct | Nov | Dec 
2014: Jan | Feb | Mar | Apr | May | Jun | Jul | Aug | Sep | Oct | Nov | Dec 
2013: Jan | Feb | Mar | Apr | May | Jun | Jul | Aug | Sep | Oct | Nov | Dec 
2012: Jan | Feb | Mar | Apr | May | Jun | Jul | Aug | Sep | Oct | Nov | Dec 
2011: Jan | Feb | Mar | Apr | May | Jun | Jul | Aug | Sep | Oct | Nov | Dec 
2010: Jan | Feb | Mar | Apr | May | Jun | Jul | Aug | Sep | Oct | Nov | Dec 
2009: Jan | Feb | Mar | Apr | May | Jun | Jul | Aug | Sep | Oct | Nov | Dec 
2008: Jan | Feb | Mar | Apr | May | Jun | Jul | Aug | Sep | Oct | Nov | Dec 
2007: Jan | Feb | Mar | Apr | May | Jun | Jul | Aug | Sep | Oct | Nov | Dec 
2006: Jan | Feb | Mar | Apr | May | Jun | Jul | Aug | Sep | Oct | Nov | Dec 
2005: Jan | Feb | Mar | Apr | May | Jun | Jul | Aug | Sep | Oct | Nov | Dec 

Report for 2009 08
MONTHLY CLIMATOLOGICAL SUMMARY for Aug 2009 NAME: Cabrera de Mar, Barcelona ELEV: 9 meters LAT: 41-33.89 N LONG: 002-24.07 E TEMPERATURE (C), RAIN (cm), WIND SPEED (km/h) HEAT COOL AVG MEAN DEG DEG WIND DOM DAY TEMP HIGH TIME LOW TIME DAYS DAYS RAIN SPEED HIGH TIME DIR --------------------------------------------------------------------------------------- 01 25.8 28.9 14:40 22.8 07:00 0.0 7.5 0.00 9.5 33.8 16:20 200 02 23.7 26.7 12:30 20.8 05:20 0.0 5.3 0.20 6.4 38.6 04:30 131 03 23.4 26.3 15:40 21.1 06:10 0.0 5.1 0.00 3.9 22.5 16:20 102 04 24.2 27.7 15:30 19.3 06:30 0.0 5.9 0.00 8.9 35.4 16:40 193 05 26.0 28.7 16:10 22.7 07:00 0.0 7.7 0.00 6.6 29.0 17:30 177 06 25.9 29.6 16:00 21.6 07:10 0.0 7.5 0.00 7.0 32.2 16:20 198 07 25.7 29.4 15:30 22.7 06:40 0.0 7.3 0.00 4.9 27.4 15:50 181 08 26.0 28.9 15:00 21.9 07:40 0.0 7.6 0.00 4.7 24.1 16:40 184 09 25.2 28.8 14:20 21.6 16:10 0.0 6.9 0.76 3.8 43.5 15:40 52 10 24.2 27.9 13:50 22.0 01:20 0.0 5.9 0.00 4.1 24.1 14:40 154 11 25.1 28.2 14:40 21.3 05:50 0.0 6.7 0.00 5.4 25.7 17:40 174 12 26.0 28.8 14:10 22.6 06:50 0.0 7.6 0.00 5.1 24.1 00:20 175 13 26.7 29.7 14:10 23.1 07:30 0.0 8.3 0.00 6.4 27.4 03:40 204 14 27.4 31.1 13:10 22.4 07:10 0.0 9.1 0.00 4.5 20.9 02:10 190 15 26.4 29.3 13:30 22.4 07:30 0.0 8.0 0.00 3.5 19.3 10:10 94 16 25.4 27.8 13:50 21.7 07:20 0.0 7.1 0.00 4.4 20.9 23:50 153 17 26.5 30.6 12:00 22.0 06:20 0.0 8.2 0.00 6.5 38.6 15:00 204 18 26.7 30.4 14:30 21.8 06:10 0.0 8.4 0.00 6.9 37.0 17:40 205 19 27.0 32.5 15:20 21.6 07:00 0.0 8.7 0.00 4.8 27.4 14:10 196 20 26.1 30.4 15:10 21.4 07:00 0.0 7.8 0.00 2.6 17.7 16:10 139 21 26.0 29.4 12:10 22.2 07:00 0.0 7.7 0.00 2.9 17.7 18:40 153 22 26.4 29.9 14:40 23.1 07:20 0.0 8.0 0.00 5.3 30.6 14:50 169 23 26.7 30.6 13:30 22.1 07:20 0.0 8.4 0.00 6.8 30.6 16:10 195 24 26.8 30.7 14:30 22.9 07:00 0.0 8.4 0.00 5.5 25.7 15:30 190 25 26.1 29.7 12:00 23.1 02:50 0.0 7.8 0.00 5.8 25.7 13:10 59 26 25.4 28.0 13:10 22.3 07:30 0.0 7.1 0.00 3.4 17.7 00:10 106 27 25.2 28.0 12:30 21.8 07:20 0.0 6.9 0.00 2.7 19.3 11:40 96 28 25.9 29.1 12:50 21.7 06:40 0.0 7.5 0.00 3.6 20.9 20:10 139 29 25.8 27.4 13:30 24.6 07:40 0.0 7.5 0.00 6.5 20.9 11:00 173 30 24.6 26.6 12:20 22.4 23:50 0.0 6.3 0.00 3.3 17.7 04:10 126 31 24.6 27.4 16:40 20.9 07:20 0.0 6.2 0.00 3.6 20.9 19:40 179 --------------------------------------------------------------------------------------- 25.7 32.5 19 19.3 04 0.0 228.3 0.96 5.2 43.5 09 174