NOAA-Style Climate Reports

NOAA style reports
2022: Jan | Feb | Mar | Apr | May | Jun | Jul | Aug | Sep | Oct | Nov | Dec 
2021: Jan | Feb | Mar | Apr | May | Jun | Jul | Aug | Sep | Oct | Nov | Dec 
2020: Jan | Feb | Mar | Apr | May | Jun | Jul | Aug | Sep | Oct | Nov | Dec 
2019: Jan | Feb | Mar | Apr | May | Jun | Jul | Aug | Sep | Oct | Nov | Dec 
2018: Jan | Feb | Mar | Apr | May | Jun | Jul | Aug | Sep | Oct | Nov | Dec 
2017: Jan | Feb | Mar | Apr | May | Jun | Jul | Aug | Sep | Oct | Nov | Dec 
2016: Jan | Feb | Mar | Apr | May | Jun | Jul | Aug | Sep | Oct | Nov | Dec 
2015: Jan | Feb | Mar | Apr | May | Jun | Jul | Aug | Sep | Oct | Nov | Dec 
2014: Jan | Feb | Mar | Apr | May | Jun | Jul | Aug | Sep | Oct | Nov | Dec 
2013: Jan | Feb | Mar | Apr | May | Jun | Jul | Aug | Sep | Oct | Nov | Dec 
2012: Jan | Feb | Mar | Apr | May | Jun | Jul | Aug | Sep | Oct | Nov | Dec 
2011: Jan | Feb | Mar | Apr | May | Jun | Jul | Aug | Sep | Oct | Nov | Dec 
2010: Jan | Feb | Mar | Apr | May | Jun | Jul | Aug | Sep | Oct | Nov | Dec 
2009: Jan | Feb | Mar | Apr | May | Jun | Jul | Aug | Sep | Oct | Nov | Dec 
2008: Jan | Feb | Mar | Apr | May | Jun | Jul | Aug | Sep | Oct | Nov | Dec 
2007: Jan | Feb | Mar | Apr | May | Jun | Jul | Aug | Sep | Oct | Nov | Dec 
2006: Jan | Feb | Mar | Apr | May | Jun | Jul | Aug | Sep | Oct | Nov | Dec 
2005: Jan | Feb | Mar | Apr | May | Jun | Jul | Aug | Sep | Oct | Nov | Dec 

Report for 2009 06
MONTHLY CLIMATOLOGICAL SUMMARY for Jun 2009 NAME: Cabrera de Mar, Barcelona ELEV: 9 meters LAT: 41-33.89 N LONG: 002-24.07 E TEMPERATURE (C), RAIN (cm), WIND SPEED (km/h) HEAT COOL AVG MEAN DEG DEG WIND DOM DAY TEMP HIGH TIME LOW TIME DAYS DAYS RAIN SPEED HIGH TIME DIR --------------------------------------------------------------------------------------- 01 19.6 23.3 16:40 15.3 06:50 0.0 1.2 0.00 6.3 33.8 15:00 200 02 21.6 26.0 15:00 17.6 04:10 0.0 3.2 0.00 4.6 29.0 14:40 185 03 21.8 24.8 13:50 18.9 01:50 0.0 3.4 0.00 9.0 41.8 15:40 212 04 20.9 22.9 15:30 16.7 06:10 0.0 2.6 0.00 4.2 19.3 18:20 182 05 20.7 22.9 10:00 18.2 06:30 0.0 2.4 0.00 3.8 24.1 08:40 184 06 20.5 24.9 12:30 16.7 03:50 0.0 2.2 0.00 9.0 40.2 18:50 203 07 20.0 23.3 14:40 16.4 06:40 0.0 1.6 0.02 4.4 41.8 02:00 118 08 20.4 23.4 14:20 15.8 06:30 0.0 2.0 0.00 8.2 35.4 15:10 186 09 21.5 28.0 17:20 16.8 06:20 0.0 3.1 0.00 10.0 40.2 17:40 210 10 21.0 23.9 15:50 17.0 06:40 0.0 2.6 0.00 6.9 32.2 19:50 198 11 22.0 25.2 12:10 17.5 06:50 0.0 3.6 0.00 4.2 33.8 09:00 76 12 22.2 25.1 14:30 19.3 06:40 0.0 3.9 0.00 6.0 25.7 13:10 190 13 23.4 27.9 13:20 18.6 06:40 0.0 5.1 0.00 9.6 43.5 19:00 209 14 23.1 28.3 16:10 20.1 06:40 0.0 4.8 0.00 2.9 19.3 17:20 66 15 23.8 26.6 16:20 20.7 01:20 0.0 5.4 0.00 7.5 32.2 12:40 37 16 24.5 27.1 12:10 22.1 04:30 0.0 6.2 0.00 3.5 24.1 01:20 95 17 24.2 26.6 14:10 20.9 06:40 0.0 5.9 0.00 2.8 16.1 09:40 123 18 23.7 26.3 11:40 19.3 06:30 0.0 5.4 0.00 3.6 19.3 10:50 128 19 24.5 28.9 14:50 21.0 06:40 0.0 6.1 0.00 2.0 17.7 18:00 106 20 23.3 26.0 12:30 21.6 00:00 0.0 5.0 0.04 7.1 29.0 12:50 158 21 22.5 25.6 15:10 18.9 06:30 0.0 4.1 0.00 8.6 37.0 15:20 185 22 22.4 25.6 15:20 18.2 05:40 0.0 4.1 0.00 6.1 27.4 15:00 178 23 22.3 25.7 13:20 18.6 07:20 0.0 4.0 0.00 7.3 33.8 13:30 180 24 23.0 27.1 14:20 18.9 06:30 0.0 4.6 0.00 8.7 38.6 16:00 196 25 23.4 26.6 12:30 19.9 06:20 0.0 5.0 0.00 3.5 19.3 21:00 91 26 24.2 27.6 15:20 19.7 06:50 0.0 5.8 0.00 3.7 20.9 15:40 177 27 24.1 28.3 14:10 19.7 06:40 0.0 5.7 0.00 7.2 33.8 16:00 198 28 24.1 27.6 12:20 19.6 06:20 0.0 5.8 0.00 6.3 27.4 11:40 189 29 24.7 29.9 15:30 20.3 06:00 0.0 6.4 0.00 4.5 22.5 17:00 182 30 25.9 31.1 16:20 20.6 06:10 0.0 7.6 0.02 3.1 38.6 19:50 269 --------------------------------------------------------------------------------------- 22.6 31.1 30 15.3 01 0.0 129.1 0.08 5.8 43.5 13 185