NOAA-Style Climate Reports

NOAA style reports
2022: Jan | Feb | Mar | Apr | May | Jun | Jul | Aug | Sep | Oct | Nov | Dec 
2021: Jan | Feb | Mar | Apr | May | Jun | Jul | Aug | Sep | Oct | Nov | Dec 
2020: Jan | Feb | Mar | Apr | May | Jun | Jul | Aug | Sep | Oct | Nov | Dec 
2019: Jan | Feb | Mar | Apr | May | Jun | Jul | Aug | Sep | Oct | Nov | Dec 
2018: Jan | Feb | Mar | Apr | May | Jun | Jul | Aug | Sep | Oct | Nov | Dec 
2017: Jan | Feb | Mar | Apr | May | Jun | Jul | Aug | Sep | Oct | Nov | Dec 
2016: Jan | Feb | Mar | Apr | May | Jun | Jul | Aug | Sep | Oct | Nov | Dec 
2015: Jan | Feb | Mar | Apr | May | Jun | Jul | Aug | Sep | Oct | Nov | Dec 
2014: Jan | Feb | Mar | Apr | May | Jun | Jul | Aug | Sep | Oct | Nov | Dec 
2013: Jan | Feb | Mar | Apr | May | Jun | Jul | Aug | Sep | Oct | Nov | Dec 
2012: Jan | Feb | Mar | Apr | May | Jun | Jul | Aug | Sep | Oct | Nov | Dec 
2011: Jan | Feb | Mar | Apr | May | Jun | Jul | Aug | Sep | Oct | Nov | Dec 
2010: Jan | Feb | Mar | Apr | May | Jun | Jul | Aug | Sep | Oct | Nov | Dec 
2009: Jan | Feb | Mar | Apr | May | Jun | Jul | Aug | Sep | Oct | Nov | Dec 
2008: Jan | Feb | Mar | Apr | May | Jun | Jul | Aug | Sep | Oct | Nov | Dec 
2007: Jan | Feb | Mar | Apr | May | Jun | Jul | Aug | Sep | Oct | Nov | Dec 
2006: Jan | Feb | Mar | Apr | May | Jun | Jul | Aug | Sep | Oct | Nov | Dec 
2005: Jan | Feb | Mar | Apr | May | Jun | Jul | Aug | Sep | Oct | Nov | Dec 

Report for 2009 04
MONTHLY CLIMATOLOGICAL SUMMARY for Apr 2009 NAME: Cabrera de Mar, Barcelona ELEV: 9 meters LAT: 41-33.89 N LONG: 002-24.07 E TEMPERATURE (C), RAIN (cm), WIND SPEED (km/h) HEAT COOL AVG MEAN DEG DEG WIND DOM DAY TEMP HIGH TIME LOW TIME DAYS DAYS RAIN SPEED HIGH TIME DIR --------------------------------------------------------------------------------------- 01 12.7 17.9 16:30 9.7 09:00 5.6 0.0 0.42 10.4 43.5 16:10 328 02 11.8 12.8 19:10 10.4 23:50 6.5 0.0 0.52 1.9 20.9 01:10 243 03 13.3 18.7 12:50 9.2 03:50 5.0 0.0 0.00 5.6 43.5 16:20 21 04 12.9 16.9 15:50 8.0 07:50 5.4 0.0 0.00 5.9 27.4 15:30 201 05 13.8 16.9 15:30 10.2 08:00 4.5 0.0 0.00 6.5 29.0 15:50 201 06 14.3 17.2 16:00 10.7 07:50 4.1 0.0 0.00 6.5 25.7 11:00 199 07 13.1 16.3 13:20 11.1 04:30 5.2 0.0 0.60 12.1 49.9 22:00 21 08 14.6 18.2 14:50 11.2 00:40 3.7 0.0 0.08 19.6 59.5 01:40 11 09 13.8 17.7 13:10 9.2 06:50 4.6 0.0 0.00 3.8 20.9 19:10 95 10 13.4 14.4 10:00 12.0 05:50 5.0 0.0 0.34 5.6 35.4 15:00 76 11 13.3 16.4 13:40 11.1 00:00 5.0 0.0 0.68 12.1 51.5 07:30 65 12 11.4 13.7 14:30 8.7 07:10 7.0 0.0 0.32 4.4 29.0 01:10 316 13 16.4 22.6 13:30 12.5 01:00 1.9 0.0 0.08 11.9 48.3 08:20 257 14 14.5 16.8 15:20 10.6 07:00 3.8 0.0 0.00 4.4 24.1 00:30 186 15 14.4 17.4 14:00 10.3 06:00 3.9 0.0 0.02 7.8 33.8 13:50 185 16 14.2 17.3 15:30 10.6 07:20 4.2 0.0 0.02 7.9 35.4 18:30 206 17 13.0 16.9 16:30 8.7 07:20 5.3 0.0 0.08 4.9 38.6 17:10 107 18 13.2 16.4 15:10 9.2 05:40 5.1 0.0 0.00 3.5 19.3 12:30 162 19 13.6 17.9 14:10 8.5 07:30 4.7 0.0 0.42 2.3 20.9 12:30 112 20 14.3 17.3 15:00 10.9 06:00 4.1 0.0 0.02 4.0 22.5 03:20 139 21 16.4 20.9 17:10 11.4 07:30 2.0 0.0 0.04 4.5 29.0 13:00 211 22 19.4 24.9 12:00 15.1 05:30 0.0 1.1 0.00 7.2 30.6 06:00 232 23 17.7 21.7 15:30 12.8 07:00 0.6 0.0 0.00 3.5 25.7 15:30 130 24 16.4 20.2 14:40 13.0 03:00 1.9 0.0 0.00 5.7 29.0 22:50 48 25 16.2 19.9 14:20 12.3 06:50 2.2 0.0 0.00 10.2 37.0 15:10 44 26 14.8 19.5 13:10 11.6 23:30 3.5 0.0 1.48 7.5 54.7 11:00 181 27 14.9 21.3 17:40 11.4 07:20 3.4 0.0 0.02 9.9 45.1 18:20 240 28 14.7 17.7 13:50 12.2 07:40 3.7 0.0 0.00 6.4 30.6 20:50 72 29 14.3 17.7 13:20 10.3 07:10 4.0 0.0 0.00 3.4 17.7 09:40 97 30 14.8 17.9 14:20 11.1 06:50 3.6 0.0 0.16 2.9 19.3 12:00 87 --------------------------------------------------------------------------------------- 14.4 24.9 22 8.0 04 119.4 1.1 5.30 6.8 59.5 08 54