NOAA-Style Climate Reports

NOAA style reports
2022: Jan | Feb | Mar | Apr | May | Jun | Jul | Aug | Sep | Oct | Nov | Dec 
2021: Jan | Feb | Mar | Apr | May | Jun | Jul | Aug | Sep | Oct | Nov | Dec 
2020: Jan | Feb | Mar | Apr | May | Jun | Jul | Aug | Sep | Oct | Nov | Dec 
2019: Jan | Feb | Mar | Apr | May | Jun | Jul | Aug | Sep | Oct | Nov | Dec 
2018: Jan | Feb | Mar | Apr | May | Jun | Jul | Aug | Sep | Oct | Nov | Dec 
2017: Jan | Feb | Mar | Apr | May | Jun | Jul | Aug | Sep | Oct | Nov | Dec 
2016: Jan | Feb | Mar | Apr | May | Jun | Jul | Aug | Sep | Oct | Nov | Dec 
2015: Jan | Feb | Mar | Apr | May | Jun | Jul | Aug | Sep | Oct | Nov | Dec 
2014: Jan | Feb | Mar | Apr | May | Jun | Jul | Aug | Sep | Oct | Nov | Dec 
2013: Jan | Feb | Mar | Apr | May | Jun | Jul | Aug | Sep | Oct | Nov | Dec 
2012: Jan | Feb | Mar | Apr | May | Jun | Jul | Aug | Sep | Oct | Nov | Dec 
2011: Jan | Feb | Mar | Apr | May | Jun | Jul | Aug | Sep | Oct | Nov | Dec 
2010: Jan | Feb | Mar | Apr | May | Jun | Jul | Aug | Sep | Oct | Nov | Dec 
2009: Jan | Feb | Mar | Apr | May | Jun | Jul | Aug | Sep | Oct | Nov | Dec 
2008: Jan | Feb | Mar | Apr | May | Jun | Jul | Aug | Sep | Oct | Nov | Dec 
2007: Jan | Feb | Mar | Apr | May | Jun | Jul | Aug | Sep | Oct | Nov | Dec 
2006: Jan | Feb | Mar | Apr | May | Jun | Jul | Aug | Sep | Oct | Nov | Dec 
2005: Jan | Feb | Mar | Apr | May | Jun | Jul | Aug | Sep | Oct | Nov | Dec 

Report for 2009 03
MONTHLY CLIMATOLOGICAL SUMMARY for Mar 2009 NAME: Cabrera de Mar, Barcelona ELEV: 9 meters LAT: 41-33.89 N LONG: 002-24.07 E TEMPERATURE (C), RAIN (cm), WIND SPEED (km/h) HEAT COOL AVG MEAN DEG DEG WIND DOM DAY TEMP HIGH TIME LOW TIME DAYS DAYS RAIN SPEED HIGH TIME DIR --------------------------------------------------------------------------------------- 01 12.1 13.7 15:50 10.6 07:30 6.2 0.0 0.04 2.4 16.1 11:30 247 02 11.2 13.6 12:50 7.6 07:40 7.2 0.0 0.02 1.3 11.3 05:10 107 03 11.5 13.2 12:00 9.6 07:10 6.8 0.0 0.04 3.0 25.7 22:20 137 04 10.6 13.8 12:10 8.6 07:00 7.7 0.0 0.10 7.8 43.5 13:40 218 05 9.2 14.3 15:50 4.6 04:40 9.2 0.0 0.00 15.6 54.7 14:00 281 06 10.7 18.2 14:00 7.3 02:00 7.6 0.0 0.00 17.7 54.7 03:10 295 07 10.5 15.1 16:40 4.9 03:40 7.8 0.0 0.00 3.8 22.5 03:00 360 08 12.3 16.1 14:20 8.9 06:10 6.0 0.0 0.00 6.1 27.4 14:10 213 09 13.1 15.2 14:30 11.1 00:10 5.3 0.0 0.02 3.9 22.5 12:20 128 10 13.6 16.2 12:50 10.8 23:30 4.7 0.0 0.06 10.6 43.5 14:50 213 11 12.5 14.5 12:30 9.4 00:00 5.8 0.0 0.00 3.9 24.1 08:50 37 12 12.0 15.7 16:00 7.3 07:00 6.3 0.0 0.00 3.8 19.3 14:40 171 13 13.4 17.3 10:00 8.5 06:40 5.0 0.0 0.02 7.1 37.0 12:30 208 14 13.8 19.9 16:20 9.2 07:40 4.5 0.0 0.00 2.3 14.5 07:40 72 15 14.3 18.9 12:10 10.6 06:50 4.1 0.0 0.00 6.9 37.0 17:00 200 16 14.2 20.3 11:20 9.2 07:10 4.1 0.0 0.00 8.1 48.3 10:20 44 17 13.9 17.3 13:10 10.2 00:00 4.5 0.0 0.00 3.3 19.3 06:10 28 18 13.0 17.9 12:50 7.9 05:10 5.4 0.0 0.00 5.5 32.2 14:40 206 19 12.7 17.2 12:20 7.4 06:40 5.6 0.0 0.00 6.8 35.4 13:40 209 20 12.7 16.9 11:50 8.7 04:50 5.7 0.0 0.00 7.2 40.2 20:40 64 21 11.3 14.6 14:10 7.8 07:10 7.0 0.0 0.00 8.6 37.0 15:40 201 22 11.9 15.7 15:10 6.9 07:00 6.4 0.0 0.00 8.6 37.0 15:20 212 23 13.8 17.5 16:20 8.9 07:10 4.5 0.0 0.00 5.6 29.0 16:50 205 24 13.3 17.7 11:10 8.1 07:20 5.1 0.0 0.00 5.7 35.4 12:40 201 25 13.2 17.0 11:30 9.2 05:50 5.2 0.0 0.00 10.9 49.9 14:50 228 26 13.3 16.9 13:30 9.7 01:00 5.0 0.0 0.00 6.3 20.9 03:10 241 27 13.2 16.7 12:20 8.3 06:00 5.1 0.0 0.00 6.2 29.0 13:10 198 28 12.1 13.7 13:50 10.1 00:00 6.2 0.0 0.58 5.7 35.4 12:40 6 29 11.5 14.5 16:50 9.1 05:30 6.8 0.0 0.54 7.8 33.8 15:00 206 30 12.2 14.2 14:50 10.7 07:30 6.2 0.0 0.00 6.1 27.4 07:20 213 31 11.0 13.8 13:00 9.9 21:10 7.3 0.0 1.42 4.3 24.1 21:10 294 --------------------------------------------------------------------------------------- 12.4 20.3 16 4.6 05 184.2 0.0 2.84 6.6 54.7 05 226