NOAA-Style Climate Reports

NOAA style reports
2022: Jan | Feb | Mar | Apr | May | Jun | Jul | Aug | Sep | Oct | Nov | Dec 
2021: Jan | Feb | Mar | Apr | May | Jun | Jul | Aug | Sep | Oct | Nov | Dec 
2020: Jan | Feb | Mar | Apr | May | Jun | Jul | Aug | Sep | Oct | Nov | Dec 
2019: Jan | Feb | Mar | Apr | May | Jun | Jul | Aug | Sep | Oct | Nov | Dec 
2018: Jan | Feb | Mar | Apr | May | Jun | Jul | Aug | Sep | Oct | Nov | Dec 
2017: Jan | Feb | Mar | Apr | May | Jun | Jul | Aug | Sep | Oct | Nov | Dec 
2016: Jan | Feb | Mar | Apr | May | Jun | Jul | Aug | Sep | Oct | Nov | Dec 
2015: Jan | Feb | Mar | Apr | May | Jun | Jul | Aug | Sep | Oct | Nov | Dec 
2014: Jan | Feb | Mar | Apr | May | Jun | Jul | Aug | Sep | Oct | Nov | Dec 
2013: Jan | Feb | Mar | Apr | May | Jun | Jul | Aug | Sep | Oct | Nov | Dec 
2012: Jan | Feb | Mar | Apr | May | Jun | Jul | Aug | Sep | Oct | Nov | Dec 
2011: Jan | Feb | Mar | Apr | May | Jun | Jul | Aug | Sep | Oct | Nov | Dec 
2010: Jan | Feb | Mar | Apr | May | Jun | Jul | Aug | Sep | Oct | Nov | Dec 
2009: Jan | Feb | Mar | Apr | May | Jun | Jul | Aug | Sep | Oct | Nov | Dec 
2008: Jan | Feb | Mar | Apr | May | Jun | Jul | Aug | Sep | Oct | Nov | Dec 
2007: Jan | Feb | Mar | Apr | May | Jun | Jul | Aug | Sep | Oct | Nov | Dec 
2006: Jan | Feb | Mar | Apr | May | Jun | Jul | Aug | Sep | Oct | Nov | Dec 
2005: Jan | Feb | Mar | Apr | May | Jun | Jul | Aug | Sep | Oct | Nov | Dec 

Report for 2009 02
MONTHLY CLIMATOLOGICAL SUMMARY for Feb 2009 NAME: Cabrera de Mar, Barcelona ELEV: 9 meters LAT: 41-33.89 N LONG: 002-24.07 E TEMPERATURE (C), RAIN (cm), WIND SPEED (km/h) HEAT COOL AVG MEAN DEG DEG WIND DOM DAY TEMP HIGH TIME LOW TIME DAYS DAYS RAIN SPEED HIGH TIME DIR --------------------------------------------------------------------------------------- 01 11.1 12.5 12:50 8.7 00:00 7.3 0.0 0.38 5.8 35.4 20:10 163 02 10.8 12.6 15:50 8.2 01:10 7.6 0.0 0.68 3.0 19.3 01:00 14 03 10.1 12.4 16:20 8.2 23:20 8.2 0.0 1.00 4.3 24.1 07:00 306 04 11.5 17.5 15:00 7.1 07:20 6.8 0.0 0.00 7.8 37.0 17:50 231 05 11.1 14.5 12:40 7.8 08:00 7.3 0.0 0.14 3.5 24.1 12:50 218 06 10.4 14.0 13:40 8.2 01:50 7.9 0.0 0.04 6.6 40.2 14:20 220 07 9.3 14.8 15:20 6.2 00:00 9.0 0.0 0.00 8.2 35.4 03:20 283 08 8.9 14.2 16:20 3.7 07:00 9.5 0.0 0.00 7.0 35.4 02:30 262 09 11.1 15.8 18:20 4.9 06:10 7.3 0.0 0.00 8.1 49.9 23:20 227 10 13.7 18.7 14:40 7.9 23:10 4.7 0.0 0.00 10.9 53.1 00:30 252 11 9.5 15.3 14:00 5.6 22:30 8.9 0.0 0.00 13.8 45.1 02:10 299 12 9.4 12.7 12:50 4.9 00:40 8.9 0.0 0.00 7.6 35.4 15:10 190 13 8.3 11.6 16:30 5.3 07:00 10.0 0.0 0.00 4.4 25.7 15:50 198 14 8.8 12.1 14:30 4.2 06:40 9.6 0.0 0.00 2.3 16.1 21:20 154 15 8.0 9.5 16:10 6.4 07:40 10.3 0.0 0.00 3.6 16.1 15:20 47 16 8.6 10.7 14:10 6.2 08:30 9.7 0.0 0.00 2.6 16.1 14:50 127 17 10.1 14.8 12:20 5.5 03:20 8.2 0.0 0.00 6.3 35.4 14:20 216 18 11.0 17.2 13:20 6.8 06:10 7.4 0.0 0.00 2.6 22.5 14:20 175 19 12.0 15.2 13:20 8.5 07:40 6.4 0.0 0.00 5.6 25.7 17:10 171 20 10.5 12.8 14:50 6.4 00:00 7.8 0.0 0.00 4.5 24.1 11:20 55 21 9.5 13.8 14:00 5.4 06:40 8.8 0.0 0.00 4.5 25.7 00:00 234 22 11.5 15.7 16:20 6.8 07:40 6.8 0.0 0.00 5.7 32.2 09:40 232 23 11.8 16.9 13:40 8.5 06:40 6.5 0.0 0.00 6.9 32.2 12:40 240 24 11.5 14.8 12:40 7.8 03:50 6.8 0.0 0.00 4.9 20.9 12:10 176 25 11.2 14.8 15:50 7.8 07:10 7.1 0.0 0.00 2.8 17.7 12:40 87 26 11.3 15.3 13:30 7.9 05:50 7.0 0.0 0.00 8.4 38.6 14:20 217 27 10.9 15.7 14:40 6.0 06:30 7.5 0.0 0.00 3.2 22.5 16:20 192 28 10.8 13.9 12:40 6.9 07:00 7.5 0.0 0.00 2.4 19.3 15:20 155 --------------------------------------------------------------------------------------- 10.4 18.7 10 3.7 08 220.7 0.0 2.24 5.6 53.1 10 231