NOAA-Style Climate Reports

NOAA style reports
2022: Jan | Feb | Mar | Apr | May | Jun | Jul | Aug | Sep | Oct | Nov | Dec 
2021: Jan | Feb | Mar | Apr | May | Jun | Jul | Aug | Sep | Oct | Nov | Dec 
2020: Jan | Feb | Mar | Apr | May | Jun | Jul | Aug | Sep | Oct | Nov | Dec 
2019: Jan | Feb | Mar | Apr | May | Jun | Jul | Aug | Sep | Oct | Nov | Dec 
2018: Jan | Feb | Mar | Apr | May | Jun | Jul | Aug | Sep | Oct | Nov | Dec 
2017: Jan | Feb | Mar | Apr | May | Jun | Jul | Aug | Sep | Oct | Nov | Dec 
2016: Jan | Feb | Mar | Apr | May | Jun | Jul | Aug | Sep | Oct | Nov | Dec 
2015: Jan | Feb | Mar | Apr | May | Jun | Jul | Aug | Sep | Oct | Nov | Dec 
2014: Jan | Feb | Mar | Apr | May | Jun | Jul | Aug | Sep | Oct | Nov | Dec 
2013: Jan | Feb | Mar | Apr | May | Jun | Jul | Aug | Sep | Oct | Nov | Dec 
2012: Jan | Feb | Mar | Apr | May | Jun | Jul | Aug | Sep | Oct | Nov | Dec 
2011: Jan | Feb | Mar | Apr | May | Jun | Jul | Aug | Sep | Oct | Nov | Dec 
2010: Jan | Feb | Mar | Apr | May | Jun | Jul | Aug | Sep | Oct | Nov | Dec 
2009: Jan | Feb | Mar | Apr | May | Jun | Jul | Aug | Sep | Oct | Nov | Dec 
2008: Jan | Feb | Mar | Apr | May | Jun | Jul | Aug | Sep | Oct | Nov | Dec 
2007: Jan | Feb | Mar | Apr | May | Jun | Jul | Aug | Sep | Oct | Nov | Dec 
2006: Jan | Feb | Mar | Apr | May | Jun | Jul | Aug | Sep | Oct | Nov | Dec 
2005: Jan | Feb | Mar | Apr | May | Jun | Jul | Aug | Sep | Oct | Nov | Dec 

Report for 2009 01
MONTHLY CLIMATOLOGICAL SUMMARY for Jan 2009 NAME: Cabrera de Mar, Barcelona ELEV: 9 meters LAT: 41-33.89 N LONG: 002-24.07 E TEMPERATURE (C), RAIN (cm), WIND SPEED (km/h) HEAT COOL AVG MEAN DEG DEG WIND DOM DAY TEMP HIGH TIME LOW TIME DAYS DAYS RAIN SPEED HIGH TIME DIR --------------------------------------------------------------------------------------- 01 11.4 14.2 12:50 8.5 08:20 6.9 0.0 0.00 2.0 24.1 13:20 85 02 11.0 12.7 15:20 9.4 23:30 7.3 0.0 0.00 1.0 16.1 23:50 53 03 9.5 11.1 11:00 7.8 04:00 8.8 0.0 0.04 4.3 25.7 22:30 11 04 8.7 11.3 15:00 6.1 09:00 9.7 0.0 0.00 5.6 25.7 23:10 347 05 7.7 11.8 14:10 3.4 23:30 10.6 0.0 0.00 7.6 32.2 18:30 277 06 5.2 8.5 10:40 2.5 23:50 13.1 0.0 1.24 7.1 29.0 10:50 10 07 4.1 6.4 13:30 2.2 23:30 14.2 0.0 0.04 5.2 33.8 06:30 295 08 3.9 7.4 15:20 1.0 06:20 14.4 0.0 0.00 3.7 25.7 23:30 344 09 8.8 10.9 15:00 4.8 00:10 9.5 0.0 0.04 12.1 40.2 09:50 1 10 10.2 13.4 14:20 8.1 07:40 8.1 0.0 1.08 7.8 25.7 01:00 357 11 10.4 14.4 16:20 7.0 22:10 7.9 0.0 0.00 4.2 22.5 03:50 18 12 8.9 16.4 13:10 4.5 06:50 9.4 0.0 0.00 2.5 17.7 04:00 20 13 8.2 14.5 15:10 3.5 05:10 10.2 0.0 0.00 3.5 20.9 15:40 304 14 9.5 14.4 14:00 6.9 23:30 8.8 0.0 0.00 4.7 32.2 04:40 277 15 8.6 12.8 15:20 4.7 08:40 9.8 0.0 0.00 5.3 24.1 16:40 16 16 9.9 13.9 13:30 5.7 04:20 8.5 0.0 0.00 5.0 22.5 13:00 25 17 9.4 13.7 13:10 6.2 06:40 8.9 0.0 0.00 2.5 17.7 13:50 187 18 10.4 16.4 16:00 5.9 01:40 7.9 0.0 0.00 8.4 38.6 09:20 249 19 12.6 15.5 14:10 9.8 06:30 5.7 0.0 0.04 8.4 37.0 13:30 219 20 11.2 14.0 13:00 8.3 23:10 7.1 0.0 0.06 4.8 29.0 03:00 355 21 8.3 13.7 14:50 5.2 06:50 10.1 0.0 0.00 5.3 27.4 07:10 307 22 9.0 12.8 16:00 5.2 00:40 9.4 0.0 0.04 10.7 41.8 12:00 245 23 14.9 20.8 15:10 9.3 01:40 3.4 0.0 0.00 9.6 41.8 14:20 243 24 13.8 16.9 02:30 9.9 00:00 4.5 0.0 0.02 27.4 85.3 10:30 261 25 11.3 16.3 15:20 6.7 08:40 7.0 0.0 0.00 13.1 53.1 00:10 250 26 9.8 14.9 15:30 6.4 08:50 8.6 0.0 0.08 9.0 46.7 16:50 270 27 10.2 16.6 15:00 6.3 08:00 8.1 0.0 0.00 5.9 30.6 01:50 260 28 9.5 13.7 12:10 4.8 07:10 8.8 0.0 0.00 3.0 24.1 02:00 26 29 10.4 12.4 16:30 6.7 07:50 7.9 0.0 0.00 2.8 17.7 15:20 156 30 11.9 13.3 17:30 9.3 07:20 6.4 0.0 0.00 1.6 16.1 05:40 235 31 12.4 13.2 09:30 10.7 00:00 5.9 0.0 1.72 4.9 32.2 14:50 131 --------------------------------------------------------------------------------------- 9.7 20.8 23 1.0 08 267.0 0.0 4.40 6.5 85.3 24 281