NOAA-Style Climate Reports

NOAA style reports
2022: Jan | Feb | Mar | Apr | May | Jun | Jul | Aug | Sep | Oct | Nov | Dec 
2021: Jan | Feb | Mar | Apr | May | Jun | Jul | Aug | Sep | Oct | Nov | Dec 
2020: Jan | Feb | Mar | Apr | May | Jun | Jul | Aug | Sep | Oct | Nov | Dec 
2019: Jan | Feb | Mar | Apr | May | Jun | Jul | Aug | Sep | Oct | Nov | Dec 
2018: Jan | Feb | Mar | Apr | May | Jun | Jul | Aug | Sep | Oct | Nov | Dec 
2017: Jan | Feb | Mar | Apr | May | Jun | Jul | Aug | Sep | Oct | Nov | Dec 
2016: Jan | Feb | Mar | Apr | May | Jun | Jul | Aug | Sep | Oct | Nov | Dec 
2015: Jan | Feb | Mar | Apr | May | Jun | Jul | Aug | Sep | Oct | Nov | Dec 
2014: Jan | Feb | Mar | Apr | May | Jun | Jul | Aug | Sep | Oct | Nov | Dec 
2013: Jan | Feb | Mar | Apr | May | Jun | Jul | Aug | Sep | Oct | Nov | Dec 
2012: Jan | Feb | Mar | Apr | May | Jun | Jul | Aug | Sep | Oct | Nov | Dec 
2011: Jan | Feb | Mar | Apr | May | Jun | Jul | Aug | Sep | Oct | Nov | Dec 
2010: Jan | Feb | Mar | Apr | May | Jun | Jul | Aug | Sep | Oct | Nov | Dec 
2009: Jan | Feb | Mar | Apr | May | Jun | Jul | Aug | Sep | Oct | Nov | Dec 
2008: Jan | Feb | Mar | Apr | May | Jun | Jul | Aug | Sep | Oct | Nov | Dec 
2007: Jan | Feb | Mar | Apr | May | Jun | Jul | Aug | Sep | Oct | Nov | Dec 
2006: Jan | Feb | Mar | Apr | May | Jun | Jul | Aug | Sep | Oct | Nov | Dec 
2005: Jan | Feb | Mar | Apr | May | Jun | Jul | Aug | Sep | Oct | Nov | Dec 

Report for 2008 12
MONTHLY CLIMATOLOGICAL SUMMARY for Dec 2008 NAME: Cabrera de Mar, Barcelona ELEV: 9 meters LAT: 41-33.89 N LONG: 002-24.07 E TEMPERATURE (C), RAIN (cm), WIND SPEED (km/h) HEAT COOL AVG MEAN DEG DEG WIND DOM DAY TEMP HIGH TIME LOW TIME DAYS DAYS RAIN SPEED HIGH TIME DIR --------------------------------------------------------------------------------------- 01 10.0 13.4 13:10 6.4 23:30 8.4 0.0 0.00 15.0 67.6 01:10 260 02 9.1 14.4 14:20 6.0 07:30 9.3 0.0 0.00 6.2 29.0 11:00 278 03 9.1 13.7 13:30 4.7 03:30 9.2 0.0 0.00 9.7 53.1 15:20 243 04 10.4 13.8 12:20 6.7 07:30 7.9 0.0 0.00 8.4 35.4 18:10 243 05 14.1 18.2 14:30 11.1 00:10 4.2 0.0 0.00 11.1 46.7 20:40 264 06 11.7 16.4 13:30 8.2 05:10 6.7 0.0 0.00 3.2 30.6 06:10 292 07 12.8 14.1 14:30 11.4 23:50 5.5 0.0 0.00 4.1 17.7 06:30 31 08 12.4 15.1 11:20 10.9 07:40 5.9 0.0 0.00 5.5 32.2 12:30 35 09 12.8 14.5 14:20 11.3 00:10 5.5 0.0 0.20 7.3 38.6 15:20 4 10 8.4 11.8 00:10 5.7 22:00 10.0 0.0 1.32 3.7 25.7 03:50 287 11 6.8 12.8 14:20 2.9 04:20 11.5 0.0 0.00 8.2 32.2 15:20 281 12 7.1 11.4 14:40 3.1 05:00 11.3 0.0 0.00 3.1 19.3 04:50 7 13 10.0 14.1 14:40 5.8 03:20 8.3 0.0 0.42 9.9 35.4 16:00 252 14 8.4 11.2 14:50 6.8 09:20 9.9 0.0 0.34 5.7 30.6 09:10 299 15 7.9 10.9 11:50 6.4 08:00 10.4 0.0 0.08 4.5 27.4 13:40 290 16 9.1 10.3 15:00 7.5 00:10 9.3 0.0 0.32 3.8 25.7 06:00 301 17 9.3 12.5 15:20 6.6 08:50 9.1 0.0 0.04 3.2 27.4 08:50 258 18 8.9 13.9 15:50 5.7 02:50 9.4 0.0 0.00 3.7 25.7 09:00 287 19 9.3 14.8 14:40 5.3 06:50 9.1 0.0 0.00 2.8 25.7 12:00 340 20 10.2 16.9 14:40 5.3 08:40 8.1 0.0 0.00 2.1 17.7 13:20 198 21 9.7 15.8 15:00 6.7 02:00 8.7 0.0 0.00 3.2 24.1 15:20 199 22 9.4 14.2 12:40 5.3 04:40 8.9 0.0 0.00 2.9 16.1 06:20 353 23 9.1 14.2 13:50 5.4 07:30 9.2 0.0 0.02 4.2 27.4 15:00 183 24 9.2 13.3 13:50 5.1 08:10 9.2 0.0 0.02 2.5 14.5 22:10 188 25 8.9 12.5 13:50 4.1 08:20 9.4 0.0 0.00 6.3 40.2 18:40 37 26 8.1 10.9 23:40 6.6 13:30 10.2 0.0 2.20 15.7 70.8 20:10 31 27 11.6 12.6 13:20 9.6 11:10 6.8 0.0 1.82 24.3 64.4 04:00 63 28 9.9 11.8 00:10 8.2 19:30 8.5 0.0 0.28 18.7 48.3 01:40 43 29 9.0 9.7 13:20 8.4 00:40 9.4 0.0 0.06 5.1 19.3 00:20 348 30 11.7 15.3 13:30 8.9 05:20 6.7 0.0 0.02 4.0 20.9 11:20 232 31 12.3 14.8 12:00 10.4 00:00 6.0 0.0 0.02 3.7 19.3 12:10 196 --------------------------------------------------------------------------------------- 9.9 18.2 05 2.9 11 261.7 0.0 7.16 6.9 70.8 26 320