NOAA-Style Climate Reports

NOAA style reports
2022: Jan | Feb | Mar | Apr | May | Jun | Jul | Aug | Sep | Oct | Nov | Dec 
2021: Jan | Feb | Mar | Apr | May | Jun | Jul | Aug | Sep | Oct | Nov | Dec 
2020: Jan | Feb | Mar | Apr | May | Jun | Jul | Aug | Sep | Oct | Nov | Dec 
2019: Jan | Feb | Mar | Apr | May | Jun | Jul | Aug | Sep | Oct | Nov | Dec 
2018: Jan | Feb | Mar | Apr | May | Jun | Jul | Aug | Sep | Oct | Nov | Dec 
2017: Jan | Feb | Mar | Apr | May | Jun | Jul | Aug | Sep | Oct | Nov | Dec 
2016: Jan | Feb | Mar | Apr | May | Jun | Jul | Aug | Sep | Oct | Nov | Dec 
2015: Jan | Feb | Mar | Apr | May | Jun | Jul | Aug | Sep | Oct | Nov | Dec 
2014: Jan | Feb | Mar | Apr | May | Jun | Jul | Aug | Sep | Oct | Nov | Dec 
2013: Jan | Feb | Mar | Apr | May | Jun | Jul | Aug | Sep | Oct | Nov | Dec 
2012: Jan | Feb | Mar | Apr | May | Jun | Jul | Aug | Sep | Oct | Nov | Dec 
2011: Jan | Feb | Mar | Apr | May | Jun | Jul | Aug | Sep | Oct | Nov | Dec 
2010: Jan | Feb | Mar | Apr | May | Jun | Jul | Aug | Sep | Oct | Nov | Dec 
2009: Jan | Feb | Mar | Apr | May | Jun | Jul | Aug | Sep | Oct | Nov | Dec 
2008: Jan | Feb | Mar | Apr | May | Jun | Jul | Aug | Sep | Oct | Nov | Dec 
2007: Jan | Feb | Mar | Apr | May | Jun | Jul | Aug | Sep | Oct | Nov | Dec 
2006: Jan | Feb | Mar | Apr | May | Jun | Jul | Aug | Sep | Oct | Nov | Dec 
2005: Jan | Feb | Mar | Apr | May | Jun | Jul | Aug | Sep | Oct | Nov | Dec 

Report for 2008 11
MONTHLY CLIMATOLOGICAL SUMMARY for Nov 2008 NAME: Cabrera de Mar, Barcelona ELEV: 9 meters LAT: 41-33.89 N LONG: 002-24.07 E TEMPERATURE (C), RAIN (cm), WIND SPEED (km/h) HEAT COOL AVG MEAN DEG DEG WIND DOM DAY TEMP HIGH TIME LOW TIME DAYS DAYS RAIN SPEED HIGH TIME DIR --------------------------------------------------------------------------------------- 01 18.3 21.8 13:10 15.5 23:10 0.0 0.0 0.46 12.1 59.5 06:20 200 02 16.2 19.9 07:20 9.8 00:00 2.1 0.0 1.64 15.9 66.0 11:30 180 03 12.4 16.8 14:20 8.7 07:10 5.9 0.0 0.00 8.2 29.0 08:50 231 04 13.1 17.4 14:20 9.8 05:00 5.2 0.0 0.00 2.6 17.7 20:20 283 05 13.1 16.4 15:30 10.7 08:00 5.2 0.0 0.00 3.9 25.7 09:40 257 06 13.7 17.6 14:30 11.6 02:00 4.7 0.0 0.00 1.5 14.5 11:30 296 07 14.0 17.6 14:50 10.2 07:40 4.3 0.0 0.00 1.9 14.5 11:00 160 08 13.9 17.3 15:30 11.2 05:50 4.4 0.0 0.00 2.7 16.1 21:40 185 09 13.7 18.2 14:10 9.2 07:00 4.6 0.0 0.00 4.0 22.5 15:30 216 10 16.0 19.9 14:00 12.8 01:20 2.4 0.0 0.00 8.5 37.0 15:40 231 11 16.1 19.9 12:00 13.2 23:50 2.3 0.0 0.00 4.7 24.1 12:10 252 12 12.8 14.3 06:30 11.3 23:00 5.5 0.0 0.26 2.3 17.7 12:00 279 13 12.1 15.8 13:20 9.5 23:40 6.3 0.0 0.00 4.1 24.1 02:20 259 14 11.6 18.1 14:50 6.3 04:50 6.8 0.0 0.00 2.9 20.9 13:20 230 15 11.6 16.9 15:20 6.9 07:30 6.8 0.0 0.00 2.9 16.1 03:30 196 16 11.5 16.4 12:00 7.8 08:10 6.8 0.0 0.00 2.4 14.5 10:10 159 17 11.8 17.9 15:00 7.3 06:50 6.5 0.0 0.00 3.3 19.3 16:00 185 18 12.0 14.6 13:50 9.7 06:30 6.3 0.0 0.00 3.3 30.6 03:10 254 19 12.9 17.2 14:10 8.4 07:40 5.4 0.0 0.00 3.9 20.9 05:20 243 20 12.5 17.3 14:00 9.7 03:50 5.8 0.0 0.00 4.9 30.6 16:30 247 21 12.4 17.3 14:20 7.8 06:40 5.9 0.0 0.00 6.6 27.4 07:20 259 22 13.8 17.2 14:00 9.7 07:00 4.5 0.0 0.00 4.3 30.6 17:30 184 23 13.5 14.9 21:40 11.4 07:50 4.8 0.0 0.00 9.5 40.2 20:20 225 24 13.1 16.7 13:20 8.2 23:40 5.2 0.0 1.94 11.1 46.7 06:20 257 25 9.5 14.0 12:10 6.3 00:00 8.9 0.0 0.14 6.1 43.5 20:40 8 26 7.4 11.6 13:30 3.7 08:10 11.0 0.0 0.00 3.3 19.3 22:00 323 27 8.5 12.3 13:30 3.5 05:30 9.8 0.0 0.00 10.1 45.1 22:40 351 28 8.7 13.0 13:50 6.6 23:40 9.6 0.0 0.50 9.9 41.8 05:50 272 29 9.1 12.8 14:10 6.2 02:00 9.2 0.0 0.30 9.1 51.5 14:40 254 30 9.8 12.3 13:20 7.6 08:00 8.5 0.0 0.00 13.2 53.1 00:00 266 --------------------------------------------------------------------------------------- 12.5 21.8 01 3.5 27 174.8 0.0 5.24 6.0 66.0 02 245