NOAA-Style Climate Reports

NOAA style reports
2022: Jan | Feb | Mar | Apr | May | Jun | Jul | Aug | Sep | Oct | Nov | Dec 
2021: Jan | Feb | Mar | Apr | May | Jun | Jul | Aug | Sep | Oct | Nov | Dec 
2020: Jan | Feb | Mar | Apr | May | Jun | Jul | Aug | Sep | Oct | Nov | Dec 
2019: Jan | Feb | Mar | Apr | May | Jun | Jul | Aug | Sep | Oct | Nov | Dec 
2018: Jan | Feb | Mar | Apr | May | Jun | Jul | Aug | Sep | Oct | Nov | Dec 
2017: Jan | Feb | Mar | Apr | May | Jun | Jul | Aug | Sep | Oct | Nov | Dec 
2016: Jan | Feb | Mar | Apr | May | Jun | Jul | Aug | Sep | Oct | Nov | Dec 
2015: Jan | Feb | Mar | Apr | May | Jun | Jul | Aug | Sep | Oct | Nov | Dec 
2014: Jan | Feb | Mar | Apr | May | Jun | Jul | Aug | Sep | Oct | Nov | Dec 
2013: Jan | Feb | Mar | Apr | May | Jun | Jul | Aug | Sep | Oct | Nov | Dec 
2012: Jan | Feb | Mar | Apr | May | Jun | Jul | Aug | Sep | Oct | Nov | Dec 
2011: Jan | Feb | Mar | Apr | May | Jun | Jul | Aug | Sep | Oct | Nov | Dec 
2010: Jan | Feb | Mar | Apr | May | Jun | Jul | Aug | Sep | Oct | Nov | Dec 
2009: Jan | Feb | Mar | Apr | May | Jun | Jul | Aug | Sep | Oct | Nov | Dec 
2008: Jan | Feb | Mar | Apr | May | Jun | Jul | Aug | Sep | Oct | Nov | Dec 
2007: Jan | Feb | Mar | Apr | May | Jun | Jul | Aug | Sep | Oct | Nov | Dec 
2006: Jan | Feb | Mar | Apr | May | Jun | Jul | Aug | Sep | Oct | Nov | Dec 
2005: Jan | Feb | Mar | Apr | May | Jun | Jul | Aug | Sep | Oct | Nov | Dec 

Report for 2008 09
MONTHLY CLIMATOLOGICAL SUMMARY for Sep 2008 NAME: Cabrera de Mar, Barcelona ELEV: 9 meters LAT: 41-33.89 N LONG: 002-24.07 E TEMPERATURE (C), RAIN (cm), WIND SPEED (km/h) HEAT COOL AVG MEAN DEG DEG WIND DOM DAY TEMP HIGH TIME LOW TIME DAYS DAYS RAIN SPEED HIGH TIME DIR --------------------------------------------------------------------------------------- 01 25.1 28.6 14:40 21.4 07:10 0.0 6.8 0.00 9.2 37.0 16:10 195 02 25.1 28.2 14:20 22.5 06:30 0.0 6.8 0.00 10.7 38.6 16:10 210 03 25.8 28.4 12:20 23.1 05:40 0.0 7.4 0.00 8.2 29.0 13:20 204 04 25.0 27.7 13:20 22.7 02:50 0.0 6.6 0.00 3.2 19.3 19:20 74 05 24.9 29.4 13:50 21.0 08:10 0.0 6.6 0.00 6.9 35.4 14:10 209 06 24.9 31.1 12:10 20.4 07:20 0.0 6.6 0.00 7.1 35.4 14:00 263 07 21.8 25.0 14:30 17.7 06:50 0.0 3.5 0.00 4.3 17.7 03:30 118 08 22.6 26.4 15:00 18.3 06:30 0.0 4.2 0.00 4.4 22.5 14:30 169 09 23.8 26.9 12:00 21.0 02:40 0.0 5.5 0.00 8.6 37.0 19:10 47 10 24.8 28.9 13:50 21.6 07:50 0.0 6.4 0.00 6.6 30.6 11:10 55 11 24.7 28.0 13:50 21.7 05:30 0.0 6.3 0.00 6.7 33.8 16:40 198 12 21.4 24.3 00:10 18.2 00:00 0.0 3.1 1.28 6.2 24.1 10:20 71 13 19.4 24.6 12:50 15.3 08:00 0.0 1.1 0.02 8.6 32.2 19:10 252 14 20.0 24.5 17:00 15.6 08:00 0.0 1.6 0.00 5.8 27.4 08:10 62 15 20.9 24.7 14:50 17.3 05:00 0.0 2.6 0.00 5.6 29.0 13:20 201 16 20.0 21.9 14:10 16.9 07:20 0.0 1.7 0.00 4.9 22.5 14:30 71 17 21.5 25.5 17:00 18.5 07:50 0.0 3.2 0.00 7.3 33.8 17:30 210 18 23.0 25.8 15:20 19.9 08:00 0.0 4.6 0.00 6.6 25.7 15:50 207 19 22.4 25.0 14:20 20.2 22:30 0.0 4.1 0.44 4.8 29.0 00:00 81 20 21.3 23.3 13:50 19.1 07:30 0.0 2.9 0.02 4.6 27.4 00:10 166 21 21.0 23.8 15:00 18.2 08:00 0.0 2.7 0.00 4.7 20.9 15:30 55 22 19.5 20.9 11:10 17.5 23:10 0.0 1.1 0.18 6.0 29.0 18:20 28 23 17.9 19.6 15:20 15.8 22:40 0.5 0.0 0.28 4.1 22.5 02:10 357 24 18.4 22.9 14:20 14.8 08:20 0.0 0.0 0.00 6.0 30.6 14:40 46 25 19.2 22.9 16:50 15.9 06:30 0.0 0.9 0.24 7.0 41.8 17:50 169 26 17.7 22.1 13:40 14.2 07:50 0.6 0.0 0.14 4.5 25.7 12:00 71 27 19.1 22.9 14:40 16.1 08:00 0.0 0.8 0.02 10.2 30.6 04:40 33 28 18.5 22.3 14:40 12.8 07:40 0.0 0.1 0.00 4.8 22.5 15:30 176 29 19.9 24.1 15:20 16.2 07:40 0.0 1.6 0.00 9.2 37.0 15:40 212 30 19.6 22.7 14:30 16.6 04:50 0.0 1.3 0.00 6.0 30.6 16:50 184 --------------------------------------------------------------------------------------- 21.6 31.1 06 12.8 28 1.0 100.2 2.62 6.4 41.8 25 172