NOAA-Style Climate Reports

NOAA style reports
2022: Jan | Feb | Mar | Apr | May | Jun | Jul | Aug | Sep | Oct | Nov | Dec 
2021: Jan | Feb | Mar | Apr | May | Jun | Jul | Aug | Sep | Oct | Nov | Dec 
2020: Jan | Feb | Mar | Apr | May | Jun | Jul | Aug | Sep | Oct | Nov | Dec 
2019: Jan | Feb | Mar | Apr | May | Jun | Jul | Aug | Sep | Oct | Nov | Dec 
2018: Jan | Feb | Mar | Apr | May | Jun | Jul | Aug | Sep | Oct | Nov | Dec 
2017: Jan | Feb | Mar | Apr | May | Jun | Jul | Aug | Sep | Oct | Nov | Dec 
2016: Jan | Feb | Mar | Apr | May | Jun | Jul | Aug | Sep | Oct | Nov | Dec 
2015: Jan | Feb | Mar | Apr | May | Jun | Jul | Aug | Sep | Oct | Nov | Dec 
2014: Jan | Feb | Mar | Apr | May | Jun | Jul | Aug | Sep | Oct | Nov | Dec 
2013: Jan | Feb | Mar | Apr | May | Jun | Jul | Aug | Sep | Oct | Nov | Dec 
2012: Jan | Feb | Mar | Apr | May | Jun | Jul | Aug | Sep | Oct | Nov | Dec 
2011: Jan | Feb | Mar | Apr | May | Jun | Jul | Aug | Sep | Oct | Nov | Dec 
2010: Jan | Feb | Mar | Apr | May | Jun | Jul | Aug | Sep | Oct | Nov | Dec 
2009: Jan | Feb | Mar | Apr | May | Jun | Jul | Aug | Sep | Oct | Nov | Dec 
2008: Jan | Feb | Mar | Apr | May | Jun | Jul | Aug | Sep | Oct | Nov | Dec 
2007: Jan | Feb | Mar | Apr | May | Jun | Jul | Aug | Sep | Oct | Nov | Dec 
2006: Jan | Feb | Mar | Apr | May | Jun | Jul | Aug | Sep | Oct | Nov | Dec 
2005: Jan | Feb | Mar | Apr | May | Jun | Jul | Aug | Sep | Oct | Nov | Dec 

Report for 2008 07
MONTHLY CLIMATOLOGICAL SUMMARY for Jul 2008 NAME: Cabrera de Mar, Barcelona ELEV: 9 meters LAT: 41-33.89 N LONG: 002-24.07 E TEMPERATURE (C), RAIN (cm), WIND SPEED (km/h) HEAT COOL AVG MEAN DEG DEG WIND DOM DAY TEMP HIGH TIME LOW TIME DAYS DAYS RAIN SPEED HIGH TIME DIR --------------------------------------------------------------------------------------- 01 25.4 28.1 13:50 21.8 04:50 0.0 7.0 0.00 9.3 33.8 15:50 206 02 25.3 28.0 14:30 22.4 06:50 0.0 6.9 0.00 7.1 24.1 11:10 195 03 23.9 26.2 17:10 21.2 00:00 0.0 5.6 0.00 6.2 33.8 11:20 68 04 23.2 26.2 17:20 18.8 04:30 0.0 4.9 0.00 12.4 51.5 14:40 209 05 24.4 28.0 14:30 21.0 06:50 0.0 6.1 0.00 7.2 32.2 12:50 198 06 24.0 27.6 16:50 21.6 06:30 0.0 5.7 0.00 5.5 29.0 18:30 94 07 22.9 24.7 16:40 21.7 06:10 0.0 4.5 0.00 5.3 20.9 02:10 107 08 22.3 24.8 14:00 18.7 06:40 0.0 4.0 0.00 5.5 22.5 14:10 158 09 23.8 26.7 15:20 20.1 06:30 0.0 5.4 0.00 7.9 32.2 17:10 191 10 24.7 27.8 14:10 21.1 05:50 0.0 6.4 0.00 9.4 37.0 15:40 203 11 24.9 27.6 14:40 21.3 05:30 0.0 6.5 0.00 6.2 20.9 12:40 156 12 23.7 26.8 14:50 18.9 23:10 0.0 5.4 1.42 7.3 41.8 23:00 56 13 21.3 24.2 17:20 17.9 06:10 0.0 2.9 0.02 6.2 25.7 15:30 169 14 21.9 24.6 14:20 18.7 06:40 0.0 3.5 0.78 6.1 24.1 20:30 175 15 23.2 25.9 14:30 20.2 06:50 0.0 4.9 0.00 7.1 22.5 05:40 178 16 23.1 26.7 14:10 18.9 06:40 0.0 4.8 0.00 4.4 25.7 11:00 79 17 24.1 27.6 16:00 20.1 06:00 0.0 5.7 0.00 4.1 20.9 16:20 174 18 24.6 27.6 15:10 21.7 02:30 0.0 6.3 0.00 8.1 37.0 15:30 193 19 25.3 28.7 13:40 22.0 03:40 0.0 7.0 0.00 12.3 46.7 15:40 216 20 25.3 28.9 12:40 22.8 03:00 0.0 6.9 0.00 7.8 32.2 14:40 203 21 23.8 25.4 16:00 22.4 07:20 0.0 5.5 0.00 5.0 20.9 15:00 167 22 23.9 26.2 15:10 20.9 07:00 0.0 5.5 0.00 8.1 32.2 16:30 195 23 23.3 26.2 11:40 19.1 06:40 0.0 4.9 0.00 4.6 22.5 12:30 124 24 24.7 27.8 13:40 21.2 06:00 0.0 6.4 0.00 9.3 35.4 17:40 205 25 24.6 27.4 14:10 21.7 07:00 0.0 6.2 0.00 3.2 16.1 14:50 123 26 25.4 28.9 13:00 21.8 05:30 0.0 7.1 0.00 5.6 29.0 13:50 173 27 25.6 29.2 15:10 21.9 06:50 0.0 7.3 0.00 7.9 32.2 15:20 195 28 25.7 28.9 14:50 22.2 07:10 0.0 7.3 0.00 5.9 25.7 16:10 185 29 25.2 27.6 13:00 23.7 00:00 0.0 6.9 0.00 4.5 17.7 13:40 98 30 25.3 28.1 14:50 21.3 07:10 0.0 6.9 0.00 2.7 14.5 11:00 114 31 25.7 29.5 16:50 21.8 05:50 0.0 7.4 0.00 2.9 14.5 16:40 127 --------------------------------------------------------------------------------------- 24.2 29.5 31 17.9 13 0.0 181.8 2.22 6.6 51.5 04 180