NOAA-Style Climate Reports

NOAA style reports
2022: Jan | Feb | Mar | Apr | May | Jun | Jul | Aug | Sep | Oct | Nov | Dec 
2021: Jan | Feb | Mar | Apr | May | Jun | Jul | Aug | Sep | Oct | Nov | Dec 
2020: Jan | Feb | Mar | Apr | May | Jun | Jul | Aug | Sep | Oct | Nov | Dec 
2019: Jan | Feb | Mar | Apr | May | Jun | Jul | Aug | Sep | Oct | Nov | Dec 
2018: Jan | Feb | Mar | Apr | May | Jun | Jul | Aug | Sep | Oct | Nov | Dec 
2017: Jan | Feb | Mar | Apr | May | Jun | Jul | Aug | Sep | Oct | Nov | Dec 
2016: Jan | Feb | Mar | Apr | May | Jun | Jul | Aug | Sep | Oct | Nov | Dec 
2015: Jan | Feb | Mar | Apr | May | Jun | Jul | Aug | Sep | Oct | Nov | Dec 
2014: Jan | Feb | Mar | Apr | May | Jun | Jul | Aug | Sep | Oct | Nov | Dec 
2013: Jan | Feb | Mar | Apr | May | Jun | Jul | Aug | Sep | Oct | Nov | Dec 
2012: Jan | Feb | Mar | Apr | May | Jun | Jul | Aug | Sep | Oct | Nov | Dec 
2011: Jan | Feb | Mar | Apr | May | Jun | Jul | Aug | Sep | Oct | Nov | Dec 
2010: Jan | Feb | Mar | Apr | May | Jun | Jul | Aug | Sep | Oct | Nov | Dec 
2009: Jan | Feb | Mar | Apr | May | Jun | Jul | Aug | Sep | Oct | Nov | Dec 
2008: Jan | Feb | Mar | Apr | May | Jun | Jul | Aug | Sep | Oct | Nov | Dec 
2007: Jan | Feb | Mar | Apr | May | Jun | Jul | Aug | Sep | Oct | Nov | Dec 
2006: Jan | Feb | Mar | Apr | May | Jun | Jul | Aug | Sep | Oct | Nov | Dec 
2005: Jan | Feb | Mar | Apr | May | Jun | Jul | Aug | Sep | Oct | Nov | Dec 

Report for 2008 06
MONTHLY CLIMATOLOGICAL SUMMARY for Jun 2008 NAME: Cabrera de Mar, Barcelona ELEV: 9 meters LAT: 41-33.89 N LONG: 002-24.07 E TEMPERATURE (C), RAIN (cm), WIND SPEED (km/h) HEAT COOL AVG MEAN DEG DEG WIND DOM DAY TEMP HIGH TIME LOW TIME DAYS DAYS RAIN SPEED HIGH TIME DIR --------------------------------------------------------------------------------------- 01 17.4 19.1 15:30 16.2 07:50 0.9 0.0 0.72 4.4 22.5 11:30 160 02 18.4 21.8 14:30 14.6 06:50 0.0 0.0 0.00 4.4 22.5 12:10 85 03 18.0 20.8 12:20 15.9 23:40 0.4 0.0 0.58 3.3 22.5 14:10 61 04 18.1 21.6 16:10 13.9 05:20 0.2 0.0 0.02 4.1 20.9 16:10 142 05 18.7 22.0 12:10 16.1 22:40 0.0 0.3 0.72 5.2 24.1 21:50 40 06 18.5 22.0 14:50 15.3 01:40 0.0 0.2 0.48 8.6 41.8 13:00 198 07 18.1 20.2 13:50 15.3 23:40 0.3 0.0 0.44 5.4 20.9 23:00 156 08 17.7 20.8 15:50 14.0 02:00 0.6 0.0 1.08 5.3 22.5 12:50 157 09 19.2 22.3 17:50 15.3 02:50 0.0 0.8 0.00 5.3 33.8 16:50 75 10 18.9 21.7 15:40 17.3 05:50 0.0 0.6 0.40 7.3 29.0 14:10 48 11 19.1 22.9 14:30 14.8 05:30 0.0 0.8 0.00 3.8 24.1 11:30 65 12 20.8 26.4 12:00 16.8 06:10 0.0 2.5 0.02 5.7 45.1 13:30 194 13 19.3 21.4 09:00 16.8 00:00 0.0 1.0 0.02 4.7 24.1 20:10 40 14 18.7 21.7 16:30 16.3 01:00 0.0 0.4 0.00 6.5 25.7 17:20 187 15 19.1 20.8 17:20 16.4 06:40 0.0 0.8 0.00 4.5 20.9 12:00 196 16 19.8 22.8 17:40 15.7 06:40 0.0 1.5 0.00 5.2 24.1 17:40 180 17 19.9 23.4 11:40 18.2 04:40 0.0 1.6 1.32 4.9 32.2 13:10 172 18 20.6 24.1 15:20 17.8 02:00 0.0 2.2 0.00 10.1 38.6 21:10 212 19 21.6 24.8 14:20 17.3 06:30 0.0 3.2 0.00 10.3 41.8 15:40 213 20 22.8 26.2 16:00 18.2 06:30 0.0 4.4 0.00 6.8 32.2 15:20 200 21 23.6 29.6 15:10 19.3 07:00 0.0 5.2 0.00 5.7 30.6 17:30 193 22 23.3 27.3 16:40 18.8 06:40 0.0 5.0 0.00 3.3 17.7 14:30 145 23 23.6 26.9 09:50 19.1 06:00 0.0 5.3 0.00 5.2 24.1 12:50 45 24 24.5 28.6 12:10 22.6 22:50 0.0 6.1 0.00 9.2 29.0 08:50 42 25 23.9 27.3 13:10 20.9 07:00 0.0 5.6 0.00 6.2 25.7 01:40 206 26 24.3 27.4 12:50 20.9 06:50 0.0 5.9 0.00 4.4 22.5 14:40 176 27 25.0 28.9 15:40 21.3 07:50 0.0 6.7 0.34 10.6 57.9 04:30 278 28 23.9 26.3 12:00 20.8 06:00 0.0 5.6 0.00 3.6 19.3 09:10 93 29 24.3 27.1 12:40 20.8 06:40 0.0 5.9 0.00 5.8 27.4 14:50 181 30 25.2 27.9 15:50 21.7 05:20 0.0 6.9 0.00 5.1 22.5 17:10 187 --------------------------------------------------------------------------------------- 20.9 29.6 21 13.9 04 2.4 78.7 6.14 5.8 57.9 27 164