NOAA-Style Climate Reports

NOAA style reports
2022: Jan | Feb | Mar | Apr | May | Jun | Jul | Aug | Sep | Oct | Nov | Dec 
2021: Jan | Feb | Mar | Apr | May | Jun | Jul | Aug | Sep | Oct | Nov | Dec 
2020: Jan | Feb | Mar | Apr | May | Jun | Jul | Aug | Sep | Oct | Nov | Dec 
2019: Jan | Feb | Mar | Apr | May | Jun | Jul | Aug | Sep | Oct | Nov | Dec 
2018: Jan | Feb | Mar | Apr | May | Jun | Jul | Aug | Sep | Oct | Nov | Dec 
2017: Jan | Feb | Mar | Apr | May | Jun | Jul | Aug | Sep | Oct | Nov | Dec 
2016: Jan | Feb | Mar | Apr | May | Jun | Jul | Aug | Sep | Oct | Nov | Dec 
2015: Jan | Feb | Mar | Apr | May | Jun | Jul | Aug | Sep | Oct | Nov | Dec 
2014: Jan | Feb | Mar | Apr | May | Jun | Jul | Aug | Sep | Oct | Nov | Dec 
2013: Jan | Feb | Mar | Apr | May | Jun | Jul | Aug | Sep | Oct | Nov | Dec 
2012: Jan | Feb | Mar | Apr | May | Jun | Jul | Aug | Sep | Oct | Nov | Dec 
2011: Jan | Feb | Mar | Apr | May | Jun | Jul | Aug | Sep | Oct | Nov | Dec 
2010: Jan | Feb | Mar | Apr | May | Jun | Jul | Aug | Sep | Oct | Nov | Dec 
2009: Jan | Feb | Mar | Apr | May | Jun | Jul | Aug | Sep | Oct | Nov | Dec 
2008: Jan | Feb | Mar | Apr | May | Jun | Jul | Aug | Sep | Oct | Nov | Dec 
2007: Jan | Feb | Mar | Apr | May | Jun | Jul | Aug | Sep | Oct | Nov | Dec 
2006: Jan | Feb | Mar | Apr | May | Jun | Jul | Aug | Sep | Oct | Nov | Dec 
2005: Jan | Feb | Mar | Apr | May | Jun | Jul | Aug | Sep | Oct | Nov | Dec 

Report for 2008 01
MONTHLY CLIMATOLOGICAL SUMMARY for Jan 2008 NAME: Cabrera de Mar, Barcelona ELEV: 9 meters LAT: 41-33.89 N LONG: 002-24.07 E TEMPERATURE (C), RAIN (cm), WIND SPEED (km/h) HEAT COOL AVG MEAN DEG DEG WIND DOM DAY TEMP HIGH TIME LOW TIME DAYS DAYS RAIN SPEED HIGH TIME DIR --------------------------------------------------------------------------------------- 01 7.0 11.9 15:30 2.3 08:50 11.3 0.0 0.00 2.5 16.1 04:50 187 02 8.4 12.0 12:00 4.1 07:20 10.0 0.0 0.16 3.1 19.3 19:00 253 03 9.6 13.0 18:10 5.7 06:00 8.7 0.0 1.12 5.1 33.8 18:40 264 04 10.6 13.8 15:40 5.8 06:30 7.8 0.0 0.02 4.4 43.5 02:00 275 05 11.6 14.1 15:50 9.1 09:00 6.8 0.0 0.00 5.7 35.4 23:20 237 06 13.8 20.1 13:10 11.3 07:00 4.5 0.0 0.00 5.5 30.6 12:30 233 07 13.6 19.3 15:10 9.5 08:40 4.8 0.0 0.00 3.2 30.6 20:50 249 08 12.8 14.8 14:30 10.6 22:10 5.5 0.0 0.00 3.3 19.3 11:10 204 09 12.6 15.2 15:10 9.8 08:00 5.7 0.0 0.00 2.8 19.3 15:40 148 10 13.3 14.3 14:20 11.4 00:00 5.1 0.0 0.00 3.9 16.1 16:50 191 11 13.2 16.3 13:10 10.2 02:00 5.2 0.0 0.06 12.6 74.0 21:00 227 12 10.3 14.8 15:20 6.6 07:40 8.0 0.0 0.02 12.4 53.1 10:10 289 13 10.0 15.0 13:20 6.1 06:50 8.4 0.0 0.00 6.3 32.2 17:10 227 14 10.4 13.9 15:10 6.4 07:00 7.9 0.0 0.00 5.6 32.2 22:50 235 15 11.1 15.7 13:20 6.3 04:10 7.2 0.0 0.00 10.1 41.8 14:50 242 16 12.6 17.1 13:30 7.5 23:30 5.7 0.0 0.00 10.9 56.3 13:40 256 17 11.7 16.6 13:40 6.6 06:50 6.6 0.0 0.00 4.5 24.1 20:20 234 18 12.8 19.8 15:10 8.3 08:30 5.6 0.0 0.00 3.5 20.9 01:20 208 19 12.6 17.2 14:00 8.7 08:10 5.7 0.0 0.00 3.9 19.3 15:00 220 20 10.7 14.4 12:30 7.3 08:30 7.7 0.0 0.00 1.7 11.3 13:30 194 21 9.4 13.5 13:50 5.1 07:30 9.0 0.0 0.02 4.6 27.4 12:40 211 22 9.7 15.1 14:10 5.7 05:20 8.7 0.0 0.00 2.7 29.0 05:40 275 23 10.5 15.6 13:40 6.6 07:30 7.8 0.0 0.00 2.5 19.3 14:00 11 24 10.1 14.2 14:10 6.8 07:30 8.3 0.0 0.02 3.3 19.3 15:30 205 25 11.2 16.9 15:00 7.1 05:10 7.2 0.0 0.00 3.9 24.1 08:50 213 26 10.1 14.2 13:10 6.2 08:10 8.2 0.0 0.00 3.3 16.1 09:10 240 27 10.1 16.4 14:20 4.9 06:20 8.2 0.0 0.00 4.8 29.0 16:20 225 28 11.8 17.3 12:20 7.4 01:40 6.5 0.0 0.00 2.6 29.0 06:10 243 29 10.4 15.1 14:10 5.5 04:50 7.9 0.0 0.00 2.6 11.3 03:20 167 30 10.5 13.9 15:20 6.6 04:10 7.8 0.0 0.00 2.9 17.7 16:10 146 31 11.0 13.4 11:20 8.3 21:50 7.3 0.0 0.00 3.6 19.3 10:10 344 --------------------------------------------------------------------------------------- 11.1 20.1 06 2.3 01 224.9 0.0 1.42 4.8 74.0 11 237