NOAA-Style Climate Reports

NOAA style reports
2022: Jan | Feb | Mar | Apr | May | Jun | Jul | Aug | Sep | Oct | Nov | Dec 
2021: Jan | Feb | Mar | Apr | May | Jun | Jul | Aug | Sep | Oct | Nov | Dec 
2020: Jan | Feb | Mar | Apr | May | Jun | Jul | Aug | Sep | Oct | Nov | Dec 
2019: Jan | Feb | Mar | Apr | May | Jun | Jul | Aug | Sep | Oct | Nov | Dec 
2018: Jan | Feb | Mar | Apr | May | Jun | Jul | Aug | Sep | Oct | Nov | Dec 
2017: Jan | Feb | Mar | Apr | May | Jun | Jul | Aug | Sep | Oct | Nov | Dec 
2016: Jan | Feb | Mar | Apr | May | Jun | Jul | Aug | Sep | Oct | Nov | Dec 
2015: Jan | Feb | Mar | Apr | May | Jun | Jul | Aug | Sep | Oct | Nov | Dec 
2014: Jan | Feb | Mar | Apr | May | Jun | Jul | Aug | Sep | Oct | Nov | Dec 
2013: Jan | Feb | Mar | Apr | May | Jun | Jul | Aug | Sep | Oct | Nov | Dec 
2012: Jan | Feb | Mar | Apr | May | Jun | Jul | Aug | Sep | Oct | Nov | Dec 
2011: Jan | Feb | Mar | Apr | May | Jun | Jul | Aug | Sep | Oct | Nov | Dec 
2010: Jan | Feb | Mar | Apr | May | Jun | Jul | Aug | Sep | Oct | Nov | Dec 
2009: Jan | Feb | Mar | Apr | May | Jun | Jul | Aug | Sep | Oct | Nov | Dec 
2008: Jan | Feb | Mar | Apr | May | Jun | Jul | Aug | Sep | Oct | Nov | Dec 
2007: Jan | Feb | Mar | Apr | May | Jun | Jul | Aug | Sep | Oct | Nov | Dec 
2006: Jan | Feb | Mar | Apr | May | Jun | Jul | Aug | Sep | Oct | Nov | Dec 
2005: Jan | Feb | Mar | Apr | May | Jun | Jul | Aug | Sep | Oct | Nov | Dec 

Report for 2007 10
MONTHLY CLIMATOLOGICAL SUMMARY for Oct 2007 NAME: Cabrera de Mar, Barcelona ELEV: 9 meters LAT: 41-33.89 N LONG: 002-24.07 E TEMPERATURE (C), RAIN (cm), WIND SPEED (km/h) HEAT COOL AVG MEAN DEG DEG WIND DOM DAY TEMP HIGH TIME LOW TIME DAYS DAYS RAIN SPEED HIGH TIME DIR --------------------------------------------------------------------------------------- 01 21.8 25.4 15:20 18.1 07:10 0.0 3.4 0.00 2.8 14.5 12:20 174 02 21.8 24.9 13:50 18.1 07:40 0.0 3.5 0.00 3.5 17.7 22:50 99 03 21.7 24.3 16:20 18.4 04:10 0.0 3.3 0.02 4.3 25.7 10:10 38 04 21.5 24.7 14:30 19.1 00:00 0.0 3.2 1.02 4.3 37.0 01:50 102 05 21.6 24.2 13:00 18.8 08:30 0.0 3.2 0.00 8.2 38.6 14:10 219 06 20.6 24.1 15:20 17.3 04:10 0.0 2.3 0.00 5.6 29.0 15:40 209 07 21.2 24.9 14:00 16.7 07:30 0.0 2.9 0.00 2.6 16.1 16:30 187 08 20.7 24.5 14:00 16.8 18:50 0.0 2.3 0.68 2.6 33.8 18:20 91 09 19.2 23.2 15:20 15.9 05:30 0.0 0.9 0.04 2.8 20.9 14:10 210 10 18.2 22.3 15:10 13.7 23:00 0.1 0.0 1.50 6.2 38.6 21:20 289 11 18.2 22.1 14:00 14.1 00:10 0.2 0.0 0.00 9.2 40.2 00:30 25 12 18.7 24.2 14:30 14.5 02:20 0.0 0.3 0.00 6.8 30.6 16:50 27 13 17.2 21.7 12:40 12.8 06:40 1.1 0.0 0.00 2.4 16.1 13:20 108 14 17.6 21.6 15:50 13.2 07:10 0.7 0.0 0.00 1.7 11.3 13:00 141 15 18.0 22.2 14:10 13.8 07:50 0.3 0.0 0.00 2.2 19.3 12:30 73 16 18.8 22.8 13:50 15.7 05:40 0.0 0.4 0.60 2.9 20.9 13:30 40 17 19.7 22.9 13:00 17.3 04:20 0.0 1.3 0.72 7.1 32.2 19:00 32 18 19.4 22.5 14:50 15.3 08:30 0.0 1.0 0.00 3.7 22.5 19:50 190 19 17.0 21.1 14:40 13.8 08:00 1.3 0.0 0.00 3.1 19.3 01:50 57 20 16.1 20.1 15:10 13.3 23:50 2.2 0.0 0.00 7.1 41.8 21:30 48 21 14.5 18.9 13:10 10.4 06:00 3.9 0.0 0.00 5.8 32.2 00:40 227 22 14.7 18.9 12:40 10.6 07:50 3.7 0.0 0.00 2.6 19.3 20:10 86 23 16.4 20.4 14:00 13.5 00:30 2.0 0.0 0.00 2.1 19.3 15:30 208 24 15.6 18.2 14:40 13.3 21:50 2.7 0.0 0.00 4.9 29.0 19:10 45 25 14.9 16.7 15:50 13.1 22:40 3.4 0.0 0.08 10.5 38.6 09:30 1 26 14.7 17.9 13:50 12.0 04:30 3.7 0.0 0.02 6.9 27.4 14:00 193 27 15.1 19.7 14:10 12.6 04:50 3.2 0.0 0.50 3.5 22.5 10:50 37 28 15.2 20.8 12:50 10.4 07:20 3.1 0.0 0.00 2.5 19.3 13:10 199 29 15.6 20.1 13:30 11.6 05:20 2.7 0.0 0.00 3.1 24.1 16:20 53 30 14.5 18.2 12:50 10.8 23:20 3.8 0.0 0.06 3.0 24.1 17:20 213 31 13.8 16.9 12:00 9.9 00:50 4.6 0.0 0.00 1.5 11.3 13:20 275 --------------------------------------------------------------------------------------- 17.9 25.4 01 9.9 31 42.7 28.1 5.24 4.4 41.8 20 47