NOAA-Style Climate Reports

NOAA style reports
2022: Jan | Feb | Mar | Apr | May | Jun | Jul | Aug | Sep | Oct | Nov | Dec 
2021: Jan | Feb | Mar | Apr | May | Jun | Jul | Aug | Sep | Oct | Nov | Dec 
2020: Jan | Feb | Mar | Apr | May | Jun | Jul | Aug | Sep | Oct | Nov | Dec 
2019: Jan | Feb | Mar | Apr | May | Jun | Jul | Aug | Sep | Oct | Nov | Dec 
2018: Jan | Feb | Mar | Apr | May | Jun | Jul | Aug | Sep | Oct | Nov | Dec 
2017: Jan | Feb | Mar | Apr | May | Jun | Jul | Aug | Sep | Oct | Nov | Dec 
2016: Jan | Feb | Mar | Apr | May | Jun | Jul | Aug | Sep | Oct | Nov | Dec 
2015: Jan | Feb | Mar | Apr | May | Jun | Jul | Aug | Sep | Oct | Nov | Dec 
2014: Jan | Feb | Mar | Apr | May | Jun | Jul | Aug | Sep | Oct | Nov | Dec 
2013: Jan | Feb | Mar | Apr | May | Jun | Jul | Aug | Sep | Oct | Nov | Dec 
2012: Jan | Feb | Mar | Apr | May | Jun | Jul | Aug | Sep | Oct | Nov | Dec 
2011: Jan | Feb | Mar | Apr | May | Jun | Jul | Aug | Sep | Oct | Nov | Dec 
2010: Jan | Feb | Mar | Apr | May | Jun | Jul | Aug | Sep | Oct | Nov | Dec 
2009: Jan | Feb | Mar | Apr | May | Jun | Jul | Aug | Sep | Oct | Nov | Dec 
2008: Jan | Feb | Mar | Apr | May | Jun | Jul | Aug | Sep | Oct | Nov | Dec 
2007: Jan | Feb | Mar | Apr | May | Jun | Jul | Aug | Sep | Oct | Nov | Dec 
2006: Jan | Feb | Mar | Apr | May | Jun | Jul | Aug | Sep | Oct | Nov | Dec 
2005: Jan | Feb | Mar | Apr | May | Jun | Jul | Aug | Sep | Oct | Nov | Dec 

Report for 2007 09
MONTHLY CLIMATOLOGICAL SUMMARY for Sep 2007 NAME: Cabrera de Mar, Barcelona ELEV: 9 meters LAT: 41-33.89 N LONG: 002-24.07 E TEMPERATURE (C), RAIN (cm), WIND SPEED (km/h) HEAT COOL AVG MEAN DEG DEG WIND DOM DAY TEMP HIGH TIME LOW TIME DAYS DAYS RAIN SPEED HIGH TIME DIR --------------------------------------------------------------------------------------- 01 21.7 25.1 15:10 17.3 07:10 0.0 3.3 0.00 4.3 22.5 19:30 191 02 22.4 25.9 13:00 17.9 07:50 0.0 4.1 0.00 4.0 22.5 15:50 181 03 23.0 26.2 13:50 18.8 06:30 0.0 4.7 0.00 3.8 24.1 16:20 177 04 23.6 25.9 12:20 21.4 06:40 0.0 5.3 0.00 4.4 19.3 15:00 146 05 22.1 25.0 13:10 19.1 07:00 0.0 3.7 0.00 4.8 25.7 14:30 110 06 21.6 25.6 16:30 16.4 06:20 0.0 3.3 0.00 5.9 32.2 15:10 208 07 22.5 25.9 13:50 18.4 07:30 0.0 4.1 0.00 4.0 20.9 15:20 181 08 23.3 26.8 13:50 20.3 06:50 0.0 5.0 0.00 7.5 41.8 16:30 206 09 23.2 26.6 13:30 19.3 07:50 0.0 4.9 0.00 6.9 33.8 15:20 207 10 22.4 25.4 14:20 20.1 07:30 0.0 4.0 0.00 4.1 22.5 03:10 108 11 22.8 26.6 15:10 18.7 07:40 0.0 4.5 0.00 4.0 24.1 14:50 171 12 22.6 25.2 12:10 20.3 06:20 0.0 4.3 0.00 4.0 24.1 18:20 71 13 22.6 26.4 15:10 18.6 05:20 0.0 4.3 0.00 6.3 30.6 15:20 50 14 22.8 25.0 18:10 21.6 05:40 0.0 4.5 0.00 8.6 43.5 16:00 33 15 22.9 27.2 11:50 18.7 07:30 0.0 4.6 0.00 2.6 22.5 12:40 88 16 23.1 26.6 14:30 19.1 07:50 0.0 4.8 0.00 3.8 22.5 16:50 198 17 23.4 26.4 14:00 20.4 03:00 0.0 5.1 0.00 5.7 25.7 18:00 204 18 22.5 25.4 12:00 19.9 07:40 0.0 4.2 0.00 4.9 24.1 12:10 159 19 21.0 23.7 14:30 18.7 09:30 0.0 2.7 0.00 8.8 38.6 14:40 222 20 20.7 22.1 15:20 19.4 02:30 0.0 2.4 0.00 2.7 19.3 11:40 89 21 21.6 24.1 15:30 18.6 04:00 0.0 3.2 0.00 3.4 25.7 16:30 188 22 21.9 24.3 15:10 20.1 07:30 0.0 3.6 1.20 3.1 24.1 11:20 77 23 21.6 24.5 14:00 18.9 23:20 0.0 3.3 0.00 6.8 29.0 13:30 54 24 20.6 24.2 16:10 16.7 03:20 0.0 2.3 0.00 3.2 16.1 16:20 183 25 19.9 21.7 10:10 18.1 00:00 0.0 1.5 0.00 2.2 24.1 11:00 67 26 19.3 23.4 19:00 15.6 08:00 0.0 0.9 0.02 8.3 41.8 19:50 229 27 18.0 21.9 12:00 14.0 08:00 0.3 0.0 0.72 9.6 46.7 19:40 173 28 16.4 20.2 14:40 11.1 07:50 2.0 0.0 0.00 7.3 33.8 17:50 228 29 19.8 24.1 15:20 16.3 00:10 0.0 1.5 0.04 2.7 19.3 14:30 217 30 21.7 25.5 15:50 18.4 08:10 0.0 3.4 0.00 4.9 22.5 16:40 206 --------------------------------------------------------------------------------------- 21.7 27.2 15 11.1 28 2.3 103.4 1.98 5.1 46.7 27 175