NOAA-Style Climate Reports

NOAA style reports
2022: Jan | Feb | Mar | Apr | May | Jun | Jul | Aug | Sep | Oct | Nov | Dec 
2021: Jan | Feb | Mar | Apr | May | Jun | Jul | Aug | Sep | Oct | Nov | Dec 
2020: Jan | Feb | Mar | Apr | May | Jun | Jul | Aug | Sep | Oct | Nov | Dec 
2019: Jan | Feb | Mar | Apr | May | Jun | Jul | Aug | Sep | Oct | Nov | Dec 
2018: Jan | Feb | Mar | Apr | May | Jun | Jul | Aug | Sep | Oct | Nov | Dec 
2017: Jan | Feb | Mar | Apr | May | Jun | Jul | Aug | Sep | Oct | Nov | Dec 
2016: Jan | Feb | Mar | Apr | May | Jun | Jul | Aug | Sep | Oct | Nov | Dec 
2015: Jan | Feb | Mar | Apr | May | Jun | Jul | Aug | Sep | Oct | Nov | Dec 
2014: Jan | Feb | Mar | Apr | May | Jun | Jul | Aug | Sep | Oct | Nov | Dec 
2013: Jan | Feb | Mar | Apr | May | Jun | Jul | Aug | Sep | Oct | Nov | Dec 
2012: Jan | Feb | Mar | Apr | May | Jun | Jul | Aug | Sep | Oct | Nov | Dec 
2011: Jan | Feb | Mar | Apr | May | Jun | Jul | Aug | Sep | Oct | Nov | Dec 
2010: Jan | Feb | Mar | Apr | May | Jun | Jul | Aug | Sep | Oct | Nov | Dec 
2009: Jan | Feb | Mar | Apr | May | Jun | Jul | Aug | Sep | Oct | Nov | Dec 
2008: Jan | Feb | Mar | Apr | May | Jun | Jul | Aug | Sep | Oct | Nov | Dec 
2007: Jan | Feb | Mar | Apr | May | Jun | Jul | Aug | Sep | Oct | Nov | Dec 
2006: Jan | Feb | Mar | Apr | May | Jun | Jul | Aug | Sep | Oct | Nov | Dec 
2005: Jan | Feb | Mar | Apr | May | Jun | Jul | Aug | Sep | Oct | Nov | Dec 

Report for 2007 08
MONTHLY CLIMATOLOGICAL SUMMARY for Aug 2007 NAME: Cabrera de Mar, Barcelona ELEV: 9 meters LAT: 41-33.89 N LONG: 002-24.07 E TEMPERATURE (C), RAIN (cm), WIND SPEED (km/h) HEAT COOL AVG MEAN DEG DEG WIND DOM DAY TEMP HIGH TIME LOW TIME DAYS DAYS RAIN SPEED HIGH TIME DIR --------------------------------------------------------------------------------------- 01 25.9 28.7 15:50 23.4 07:00 0.0 7.6 0.00 7.1 30.6 15:40 199 02 25.2 28.0 14:00 21.8 04:30 0.0 6.8 0.00 5.1 30.6 11:20 63 03 24.9 27.6 13:10 22.0 06:30 0.0 6.6 0.00 4.7 19.3 14:20 158 04 24.8 27.4 13:10 21.4 07:20 0.0 6.5 0.00 5.1 20.9 14:20 165 05 25.6 28.4 14:20 22.0 07:20 0.0 7.3 0.00 8.3 35.4 16:10 207 06 25.2 29.4 12:40 20.3 20:00 0.0 6.8 1.76 5.5 35.4 19:40 101 07 23.2 26.6 14:40 20.5 05:40 0.0 4.9 0.02 4.1 25.7 15:50 172 08 20.2 22.2 17:00 17.7 11:30 0.0 1.9 1.46 3.2 17.7 10:50 141 09 22.0 25.3 16:00 18.1 05:30 0.0 3.7 0.00 5.3 24.1 14:20 121 10 23.1 25.8 16:00 20.2 00:20 0.0 4.7 0.00 6.1 29.0 14:30 194 11 23.7 27.3 17:10 19.2 07:10 0.0 5.4 0.00 5.7 27.4 18:50 189 12 24.5 27.2 11:50 17.6 00:00 0.0 6.1 4.30 4.5 59.5 22:50 70 13 22.4 26.7 14:40 17.3 05:20 0.0 4.0 0.26 4.9 24.1 00:10 211 14 24.2 27.7 14:50 19.4 07:10 0.0 5.9 0.00 8.6 35.4 16:50 211 15 25.3 28.6 13:00 22.3 05:50 0.0 7.0 0.00 7.6 32.2 13:50 208 16 23.4 24.9 11:10 20.5 23:40 0.0 5.1 0.20 1.9 25.7 06:30 70 17 22.8 25.4 12:40 20.3 07:20 0.0 4.5 0.00 5.8 25.7 16:00 166 18 23.2 26.1 16:30 20.4 04:00 0.0 4.9 0.00 5.4 35.4 20:00 216 19 21.2 23.7 12:20 18.9 16:40 0.0 2.8 2.04 3.3 29.0 08:50 17 20 20.9 23.8 14:30 18.1 07:40 0.0 2.6 0.04 4.6 25.7 00:00 223 21 21.3 24.2 15:50 17.9 22:40 0.0 3.0 0.06 6.5 32.2 19:40 34 22 19.2 22.2 18:10 16.7 12:30 0.0 0.9 0.18 5.1 27.4 13:20 261 23 21.5 24.9 16:10 18.2 00:20 0.0 3.1 0.00 4.6 19.3 07:40 217 24 21.8 25.0 16:10 18.8 04:40 0.0 3.5 0.00 6.3 30.6 18:00 52 25 25.2 28.4 11:30 21.3 02:30 0.0 6.9 0.00 8.0 33.8 05:20 39 26 25.7 30.2 13:30 21.1 07:40 0.0 7.3 0.00 2.5 20.9 18:20 50 27 24.5 28.7 17:20 20.7 07:30 0.0 6.2 0.00 3.2 17.7 16:10 182 28 25.3 29.7 17:30 21.3 07:10 0.0 6.9 0.00 4.7 32.2 15:00 209 29 26.2 29.7 15:20 23.1 07:30 0.0 7.8 0.00 4.0 27.4 13:50 186 30 24.5 27.8 14:30 22.3 08:10 0.0 6.2 0.00 7.9 38.6 08:20 211 31 22.5 25.1 15:10 19.8 07:50 0.0 4.2 0.26 4.6 22.5 02:40 196 --------------------------------------------------------------------------------------- 23.5 30.2 26 16.7 22 0.0 161.2 10.58 5.3 59.5 12 183