NOAA-Style Climate Reports

NOAA style reports
2022: Jan | Feb | Mar | Apr | May | Jun | Jul | Aug | Sep | Oct | Nov | Dec 
2021: Jan | Feb | Mar | Apr | May | Jun | Jul | Aug | Sep | Oct | Nov | Dec 
2020: Jan | Feb | Mar | Apr | May | Jun | Jul | Aug | Sep | Oct | Nov | Dec 
2019: Jan | Feb | Mar | Apr | May | Jun | Jul | Aug | Sep | Oct | Nov | Dec 
2018: Jan | Feb | Mar | Apr | May | Jun | Jul | Aug | Sep | Oct | Nov | Dec 
2017: Jan | Feb | Mar | Apr | May | Jun | Jul | Aug | Sep | Oct | Nov | Dec 
2016: Jan | Feb | Mar | Apr | May | Jun | Jul | Aug | Sep | Oct | Nov | Dec 
2015: Jan | Feb | Mar | Apr | May | Jun | Jul | Aug | Sep | Oct | Nov | Dec 
2014: Jan | Feb | Mar | Apr | May | Jun | Jul | Aug | Sep | Oct | Nov | Dec 
2013: Jan | Feb | Mar | Apr | May | Jun | Jul | Aug | Sep | Oct | Nov | Dec 
2012: Jan | Feb | Mar | Apr | May | Jun | Jul | Aug | Sep | Oct | Nov | Dec 
2011: Jan | Feb | Mar | Apr | May | Jun | Jul | Aug | Sep | Oct | Nov | Dec 
2010: Jan | Feb | Mar | Apr | May | Jun | Jul | Aug | Sep | Oct | Nov | Dec 
2009: Jan | Feb | Mar | Apr | May | Jun | Jul | Aug | Sep | Oct | Nov | Dec 
2008: Jan | Feb | Mar | Apr | May | Jun | Jul | Aug | Sep | Oct | Nov | Dec 
2007: Jan | Feb | Mar | Apr | May | Jun | Jul | Aug | Sep | Oct | Nov | Dec 
2006: Jan | Feb | Mar | Apr | May | Jun | Jul | Aug | Sep | Oct | Nov | Dec 
2005: Jan | Feb | Mar | Apr | May | Jun | Jul | Aug | Sep | Oct | Nov | Dec 

Report for 2007 03
MONTHLY CLIMATOLOGICAL SUMMARY for Mar 2007 NAME: Cabrera de Mar, Barcelona ELEV: 9 meters LAT: 41-33.89 N LONG: 002-24.07 E TEMPERATURE (C), RAIN (cm), WIND SPEED (km/h) HEAT COOL AVG MEAN DEG DEG WIND DOM DAY TEMP HIGH TIME LOW TIME DAYS DAYS RAIN SPEED HIGH TIME DIR --------------------------------------------------------------------------------------- 01 15.3 21.1 15:20 10.3 06:10 3.0 0.0 0.00 6.7 40.2 15:40 253 02 16.0 23.4 12:30 12.4 00:10 2.4 0.0 0.00 3.2 24.1 01:30 238 03 18.4 26.1 14:40 13.3 00:00 0.0 0.1 0.00 5.9 30.6 10:50 276 04 15.0 19.6 13:30 11.3 07:50 3.4 0.0 0.00 3.4 20.9 13:00 202 05 14.3 18.5 13:30 10.9 04:10 4.0 0.0 0.00 4.4 22.5 08:20 174 06 13.6 15.7 14:30 10.2 02:30 4.8 0.0 0.00 10.5 40.2 15:40 230 07 12.7 17.0 10:20 9.7 07:10 5.6 0.0 1.00 7.1 38.6 13:30 249 08 12.4 16.7 14:20 9.3 01:50 5.9 0.0 0.00 3.9 19.3 03:20 224 09 11.6 15.8 12:50 6.8 05:50 6.8 0.0 0.00 3.1 17.7 14:50 173 10 14.9 19.5 14:10 8.6 03:40 3.4 0.0 0.00 17.3 67.6 12:30 355 11 12.6 16.9 14:10 7.5 07:30 5.7 0.0 0.00 4.9 27.4 15:20 202 12 12.8 16.8 13:20 8.9 07:10 5.6 0.0 0.00 3.5 16.1 01:10 166 13 12.1 16.6 14:10 7.3 06:50 6.2 0.0 0.00 3.2 17.7 15:50 202 14 13.1 19.6 12:40 7.8 07:10 5.2 0.0 0.00 2.9 24.1 15:20 198 15 13.1 17.2 11:40 9.7 04:00 5.2 0.0 0.00 1.6 14.5 11:30 150 16 12.9 15.8 16:00 8.4 03:30 5.4 0.0 0.00 2.6 24.1 20:40 221 17 14.1 18.9 10:20 9.8 05:30 4.3 0.0 0.00 3.2 24.1 08:20 152 18 13.6 18.9 12:40 8.8 06:40 4.8 0.0 0.00 6.8 33.8 17:50 232 19 12.0 16.9 11:00 7.6 23:50 6.3 0.0 0.02 8.5 57.9 14:30 290 20 9.3 14.6 13:30 5.2 07:20 9.1 0.0 0.00 25.0 61.2 05:40 295 21 9.8 16.1 12:40 5.7 06:40 8.5 0.0 0.00 15.9 41.8 08:10 281 22 9.9 16.3 12:10 4.2 06:10 8.4 0.0 0.00 8.2 35.4 13:20 215 23 10.2 13.7 14:20 5.6 07:30 8.2 0.0 0.00 6.5 27.4 03:50 345 24 12.0 15.7 11:30 9.7 08:00 6.4 0.0 0.00 6.4 27.4 04:50 310 25 10.9 13.8 13:20 8.6 06:00 7.4 0.0 0.00 7.5 29.0 16:40 215 26 11.5 14.8 15:30 8.4 07:50 6.8 0.0 0.02 2.5 17.7 14:00 85 27 12.3 15.8 14:40 10.3 07:20 6.0 0.0 0.44 3.5 16.1 14:00 58 28 11.9 14.8 12:50 10.8 05:00 6.4 0.0 0.26 11.5 46.7 15:10 38 29 13.8 18.7 14:10 11.6 00:10 4.5 0.0 0.04 12.8 46.7 01:50 30 30 12.9 20.2 17:40 9.3 06:10 5.5 0.0 0.00 9.9 43.5 18:20 264 31 12.2 17.7 12:50 9.7 05:10 6.2 0.0 0.20 5.5 25.7 14:50 150 --------------------------------------------------------------------------------------- 12.8 26.1 03 4.2 22 171.3 0.1 1.98 7.0 67.6 10 288