NOAA-Style Climate Reports

NOAA style reports
2022: Jan | Feb | Mar | Apr | May | Jun | Jul | Aug | Sep | Oct | Nov | Dec 
2021: Jan | Feb | Mar | Apr | May | Jun | Jul | Aug | Sep | Oct | Nov | Dec 
2020: Jan | Feb | Mar | Apr | May | Jun | Jul | Aug | Sep | Oct | Nov | Dec 
2019: Jan | Feb | Mar | Apr | May | Jun | Jul | Aug | Sep | Oct | Nov | Dec 
2018: Jan | Feb | Mar | Apr | May | Jun | Jul | Aug | Sep | Oct | Nov | Dec 
2017: Jan | Feb | Mar | Apr | May | Jun | Jul | Aug | Sep | Oct | Nov | Dec 
2016: Jan | Feb | Mar | Apr | May | Jun | Jul | Aug | Sep | Oct | Nov | Dec 
2015: Jan | Feb | Mar | Apr | May | Jun | Jul | Aug | Sep | Oct | Nov | Dec 
2014: Jan | Feb | Mar | Apr | May | Jun | Jul | Aug | Sep | Oct | Nov | Dec 
2013: Jan | Feb | Mar | Apr | May | Jun | Jul | Aug | Sep | Oct | Nov | Dec 
2012: Jan | Feb | Mar | Apr | May | Jun | Jul | Aug | Sep | Oct | Nov | Dec 
2011: Jan | Feb | Mar | Apr | May | Jun | Jul | Aug | Sep | Oct | Nov | Dec 
2010: Jan | Feb | Mar | Apr | May | Jun | Jul | Aug | Sep | Oct | Nov | Dec 
2009: Jan | Feb | Mar | Apr | May | Jun | Jul | Aug | Sep | Oct | Nov | Dec 
2008: Jan | Feb | Mar | Apr | May | Jun | Jul | Aug | Sep | Oct | Nov | Dec 
2007: Jan | Feb | Mar | Apr | May | Jun | Jul | Aug | Sep | Oct | Nov | Dec 
2006: Jan | Feb | Mar | Apr | May | Jun | Jul | Aug | Sep | Oct | Nov | Dec 
2005: Jan | Feb | Mar | Apr | May | Jun | Jul | Aug | Sep | Oct | Nov | Dec 

Report for 2007 01
MONTHLY CLIMATOLOGICAL SUMMARY for Jan 2007 NAME: Cabrera de Mar, Barcelona ELEV: 9 meters LAT: 41-33.89 N LONG: 002-24.07 E TEMPERATURE (C), RAIN (cm), WIND SPEED (km/h) HEAT COOL AVG MEAN DEG DEG WIND DOM DAY TEMP HIGH TIME LOW TIME DAYS DAYS RAIN SPEED HIGH TIME DIR --------------------------------------------------------------------------------------- 01 13.4 16.4 14:40 11.4 00:20 4.9 0.0 0.00 5.8 24.1 08:20 251 02 11.6 15.9 14:50 7.9 23:30 6.8 0.0 0.00 2.8 22.5 15:30 222 03 10.3 15.5 12:30 5.3 08:00 8.1 0.0 0.00 3.5 22.5 16:00 235 04 11.0 14.9 12:40 7.1 00:00 7.3 0.0 0.00 2.6 24.1 07:10 246 05 10.6 15.8 12:00 6.8 00:30 7.8 0.0 0.00 3.1 20.9 14:00 244 06 10.6 17.0 13:10 6.4 05:00 7.7 0.0 0.00 3.5 25.7 13:40 242 07 10.0 15.4 14:00 6.6 04:30 8.3 0.0 0.00 2.1 14.5 15:20 219 08 12.5 16.6 15:20 7.6 02:00 5.8 0.0 0.00 4.0 24.1 07:00 250 09 12.3 17.7 12:50 7.7 07:40 6.1 0.0 0.00 5.0 32.2 15:10 229 10 12.2 17.0 12:30 8.0 05:00 6.1 0.0 0.00 6.0 29.0 11:50 239 11 12.7 19.1 13:50 8.5 06:40 5.6 0.0 0.00 4.5 29.0 13:00 269 12 11.3 18.4 15:50 6.8 08:20 7.0 0.0 0.00 1.8 20.9 16:20 175 13 12.0 17.4 13:40 7.0 07:50 6.4 0.0 0.00 4.3 29.0 15:40 240 14 13.0 17.4 14:00 9.4 06:20 5.3 0.0 0.00 6.1 32.2 13:40 247 15 11.8 14.0 11:50 7.9 06:20 6.6 0.0 0.00 1.5 14.5 16:40 224 16 12.8 15.0 12:40 10.7 23:00 5.5 0.0 0.00 2.1 14.5 15:40 221 17 11.5 17.0 14:50 6.4 07:50 6.8 0.0 0.00 3.9 27.4 20:40 230 18 13.7 18.3 15:40 9.9 05:30 4.7 0.0 0.00 9.8 35.4 18:50 265 19 15.1 21.2 13:10 10.6 08:50 3.2 0.0 0.00 2.7 27.4 01:20 300 20 13.3 18.6 13:10 9.3 06:50 5.0 0.0 0.00 4.2 30.6 14:30 235 21 13.3 18.2 11:50 10.4 07:40 5.0 0.0 0.00 4.9 27.4 12:00 234 22 13.0 14.8 15:10 10.7 00:30 5.4 0.0 0.06 4.3 32.2 20:10 216 23 9.6 13.7 00:10 6.8 00:00 8.7 0.0 0.00 17.1 56.3 17:50 271 24 7.7 12.2 14:50 3.8 00:00 10.7 0.0 0.00 11.7 49.9 04:30 289 25 5.6 9.7 15:30 2.3 07:10 12.7 0.0 0.00 6.3 30.6 15:30 16 26 5.7 9.7 14:30 1.0 07:20 12.6 0.0 0.00 4.1 25.7 23:50 247 27 6.3 11.7 17:10 2.1 05:50 12.1 0.0 0.00 4.4 29.0 01:00 279 28 7.4 13.7 15:40 1.6 07:20 10.9 0.0 0.00 2.9 22.5 04:20 259 29 8.5 14.8 15:00 3.3 06:50 9.9 0.0 0.00 3.4 22.5 13:40 224 30 9.0 13.7 15:10 5.1 07:40 9.3 0.0 0.00 1.7 16.1 14:00 42 31 11.5 15.1 13:20 9.2 06:30 6.8 0.0 0.02 1.7 19.3 13:30 67 --------------------------------------------------------------------------------------- 10.9 21.2 19 1.0 26 228.9 0.0 0.08 4.6 56.3 23 256