NOAA-Style Climate Reports

NOAA style reports
2022: Jan | Feb | Mar | Apr | May | Jun | Jul | Aug | Sep | Oct | Nov | Dec 
2021: Jan | Feb | Mar | Apr | May | Jun | Jul | Aug | Sep | Oct | Nov | Dec 
2020: Jan | Feb | Mar | Apr | May | Jun | Jul | Aug | Sep | Oct | Nov | Dec 
2019: Jan | Feb | Mar | Apr | May | Jun | Jul | Aug | Sep | Oct | Nov | Dec 
2018: Jan | Feb | Mar | Apr | May | Jun | Jul | Aug | Sep | Oct | Nov | Dec 
2017: Jan | Feb | Mar | Apr | May | Jun | Jul | Aug | Sep | Oct | Nov | Dec 
2016: Jan | Feb | Mar | Apr | May | Jun | Jul | Aug | Sep | Oct | Nov | Dec 
2015: Jan | Feb | Mar | Apr | May | Jun | Jul | Aug | Sep | Oct | Nov | Dec 
2014: Jan | Feb | Mar | Apr | May | Jun | Jul | Aug | Sep | Oct | Nov | Dec 
2013: Jan | Feb | Mar | Apr | May | Jun | Jul | Aug | Sep | Oct | Nov | Dec 
2012: Jan | Feb | Mar | Apr | May | Jun | Jul | Aug | Sep | Oct | Nov | Dec 
2011: Jan | Feb | Mar | Apr | May | Jun | Jul | Aug | Sep | Oct | Nov | Dec 
2010: Jan | Feb | Mar | Apr | May | Jun | Jul | Aug | Sep | Oct | Nov | Dec 
2009: Jan | Feb | Mar | Apr | May | Jun | Jul | Aug | Sep | Oct | Nov | Dec 
2008: Jan | Feb | Mar | Apr | May | Jun | Jul | Aug | Sep | Oct | Nov | Dec 
2007: Jan | Feb | Mar | Apr | May | Jun | Jul | Aug | Sep | Oct | Nov | Dec 
2006: Jan | Feb | Mar | Apr | May | Jun | Jul | Aug | Sep | Oct | Nov | Dec 
2005: Jan | Feb | Mar | Apr | May | Jun | Jul | Aug | Sep | Oct | Nov | Dec 

Report for 2006 12
MONTHLY CLIMATOLOGICAL SUMMARY for Dec 2006 NAME: Cabrera de Mar, Barcelona ELEV: 9 meters LAT: 41-33.89 N LONG: 002-24.07 E TEMPERATURE (C), RAIN (cm), WIND SPEED (km/h) HEAT COOL AVG MEAN DEG DEG WIND DOM DAY TEMP HIGH TIME LOW TIME DAYS DAYS RAIN SPEED HIGH TIME DIR --------------------------------------------------------------------------------------- 01 13.8 17.5 12:30 8.9 06:20 4.6 0.0 0.00 6.0 27.4 12:40 233 02 14.6 17.2 12:00 12.3 00:00 3.7 0.0 0.00 2.9 17.7 12:40 235 03 15.0 19.8 14:00 10.6 07:30 3.4 0.0 0.00 6.8 35.4 22:30 244 04 15.4 21.3 12:10 10.4 08:20 2.9 0.0 0.00 4.3 35.4 01:00 243 05 16.8 22.3 11:30 13.1 02:30 1.5 0.0 0.00 9.0 35.4 15:00 228 06 13.6 17.1 00:40 9.3 23:10 4.8 0.0 0.62 5.6 38.6 10:40 285 07 11.1 15.7 14:20 7.0 07:10 7.3 0.0 0.00 5.0 35.4 10:20 280 08 12.8 16.4 14:40 9.3 00:20 5.5 0.0 0.08 5.3 43.5 22:10 258 09 11.3 15.5 12:40 8.3 06:20 7.1 0.0 0.00 6.2 37.0 01:00 273 10 10.5 15.2 13:20 6.8 08:10 7.8 0.0 0.00 3.5 22.5 01:50 261 11 9.0 14.1 14:00 5.1 06:10 9.4 0.0 0.00 3.0 25.7 14:00 233 12 9.3 14.1 13:00 3.2 07:00 9.1 0.0 0.00 2.1 16.1 23:20 4 13 10.9 13.5 11:50 8.6 22:30 7.5 0.0 0.00 3.2 24.1 23:10 22 14 10.8 16.1 14:50 5.2 07:10 7.5 0.0 0.00 4.2 29.0 13:40 27 15 13.8 15.5 16:00 12.3 10:40 4.5 0.0 0.80 8.8 35.4 03:20 7 16 14.4 17.3 13:00 10.8 00:00 4.0 0.0 0.00 2.6 17.7 01:30 11 17 12.3 17.4 14:40 8.0 08:30 6.0 0.0 0.02 2.1 19.3 14:50 262 18 10.9 13.2 01:00 7.8 22:00 7.4 0.0 0.00 3.2 25.7 12:30 292 19 8.6 12.0 12:40 5.5 00:00 9.7 0.0 0.06 2.6 17.7 16:30 6 20 9.5 13.4 14:50 5.4 00:10 8.8 0.0 0.00 12.3 41.8 15:20 4 21 10.8 15.4 14:30 7.4 23:00 7.6 0.0 0.00 7.1 41.8 01:00 21 22 8.8 11.8 14:40 6.3 06:50 9.5 0.0 0.82 6.9 45.1 22:40 6 23 11.7 14.2 11:50 7.5 00:10 6.6 0.0 0.14 13.6 43.5 18:40 23 24 12.7 16.3 14:20 7.6 22:50 5.7 0.0 0.00 7.6 38.6 07:30 24 25 9.8 16.4 13:40 5.1 08:00 8.5 0.0 0.00 1.8 16.1 00:20 2 26 9.5 14.3 15:20 5.1 07:40 8.9 0.0 0.00 2.0 9.7 00:50 252 27 9.1 14.0 13:40 5.4 07:10 9.3 0.0 0.02 2.3 11.3 13:50 210 28 9.8 14.3 13:10 4.9 08:20 8.6 0.0 0.02 3.7 22.5 15:00 227 29 9.7 14.8 14:50 4.5 08:00 8.7 0.0 0.00 4.0 27.4 12:30 232 30 10.3 15.0 14:00 5.1 08:00 8.0 0.0 0.00 5.5 32.2 15:00 228 31 11.0 15.3 15:30 6.4 08:20 7.3 0.0 0.00 2.6 16.1 15:30 227 --------------------------------------------------------------------------------------- 11.5 22.3 05 3.2 12 211.2 0.0 2.58 5.0 45.1 22 312