NOAA-Style Climate Reports

NOAA style reports
2022: Jan | Feb | Mar | Apr | May | Jun | Jul | Aug | Sep | Oct | Nov | Dec 
2021: Jan | Feb | Mar | Apr | May | Jun | Jul | Aug | Sep | Oct | Nov | Dec 
2020: Jan | Feb | Mar | Apr | May | Jun | Jul | Aug | Sep | Oct | Nov | Dec 
2019: Jan | Feb | Mar | Apr | May | Jun | Jul | Aug | Sep | Oct | Nov | Dec 
2018: Jan | Feb | Mar | Apr | May | Jun | Jul | Aug | Sep | Oct | Nov | Dec 
2017: Jan | Feb | Mar | Apr | May | Jun | Jul | Aug | Sep | Oct | Nov | Dec 
2016: Jan | Feb | Mar | Apr | May | Jun | Jul | Aug | Sep | Oct | Nov | Dec 
2015: Jan | Feb | Mar | Apr | May | Jun | Jul | Aug | Sep | Oct | Nov | Dec 
2014: Jan | Feb | Mar | Apr | May | Jun | Jul | Aug | Sep | Oct | Nov | Dec 
2013: Jan | Feb | Mar | Apr | May | Jun | Jul | Aug | Sep | Oct | Nov | Dec 
2012: Jan | Feb | Mar | Apr | May | Jun | Jul | Aug | Sep | Oct | Nov | Dec 
2011: Jan | Feb | Mar | Apr | May | Jun | Jul | Aug | Sep | Oct | Nov | Dec 
2010: Jan | Feb | Mar | Apr | May | Jun | Jul | Aug | Sep | Oct | Nov | Dec 
2009: Jan | Feb | Mar | Apr | May | Jun | Jul | Aug | Sep | Oct | Nov | Dec 
2008: Jan | Feb | Mar | Apr | May | Jun | Jul | Aug | Sep | Oct | Nov | Dec 
2007: Jan | Feb | Mar | Apr | May | Jun | Jul | Aug | Sep | Oct | Nov | Dec 
2006: Jan | Feb | Mar | Apr | May | Jun | Jul | Aug | Sep | Oct | Nov | Dec 
2005: Jan | Feb | Mar | Apr | May | Jun | Jul | Aug | Sep | Oct | Nov | Dec 

Report for 2006 11
MONTHLY CLIMATOLOGICAL SUMMARY for Nov 2006 NAME: Cabrera de Mar, Barcelona ELEV: 9 meters LAT: 41-33.89 N LONG: 002-24.07 E TEMPERATURE (C), RAIN (cm), WIND SPEED (km/h) HEAT COOL AVG MEAN DEG DEG WIND DOM DAY TEMP HIGH TIME LOW TIME DAYS DAYS RAIN SPEED HIGH TIME DIR --------------------------------------------------------------------------------------- 01 18.9 22.4 12:40 16.4 07:45 0.0 0.6 0.00 3.6 25.7 17:00 121 02 15.7 18.3 16:10 13.5 19:40 2.6 0.0 0.02 2.6 19.3 21:30 19 03 14.4 18.7 13:30 11.9 07:50 3.9 0.0 0.00 7.1 27.4 04:30 25 04 15.0 17.7 12:30 12.0 05:30 3.4 0.0 0.00 4.1 25.7 12:00 18 05 16.2 19.7 13:00 12.3 23:10 2.1 0.0 0.00 1.8 16.1 03:00 164 06 14.3 20.2 13:00 9.6 07:50 4.0 0.0 0.00 3.1 19.3 13:00 202 07 15.7 19.8 12:00 11.4 03:40 2.6 0.0 0.00 1.8 14.5 16:00 83 08 17.5 22.7 11:50 14.5 01:00 0.8 0.0 0.00 2.9 16.1 13:30 28 09 16.5 19.9 12:10 12.9 07:00 1.8 0.0 0.00 1.6 9.7 13:10 160 10 16.4 20.6 12:30 12.6 06:00 1.9 0.0 0.02 2.0 14.5 12:20 190 11 15.7 19.8 14:20 12.8 06:20 2.6 0.0 0.00 2.3 20.9 14:00 220 12 16.3 21.0 14:00 13.0 23:50 2.0 0.0 0.00 2.3 22.5 14:50 279 13 14.5 18.2 14:30 11.4 00:00 3.9 0.0 0.00 2.5 19.3 06:20 244 14 14.5 20.2 14:20 9.9 05:10 3.8 0.0 0.00 4.8 29.0 14:30 231 15 16.0 19.9 15:10 11.8 00:10 2.3 0.0 0.00 2.6 11.3 12:10 205 16 16.6 19.9 13:00 13.3 06:40 1.7 0.0 0.00 1.6 11.3 15:20 191 17 15.9 17.8 02:20 12.9 23:40 2.5 0.0 0.04 4.8 35.4 22:00 246 18 15.5 21.3 15:00 11.4 07:40 2.9 0.0 0.00 7.1 29.0 12:50 258 19 17.1 22.4 15:00 12.8 23:40 1.2 0.0 0.00 7.0 29.0 14:10 255 20 14.8 18.2 13:20 12.2 00:00 3.5 0.0 0.00 1.6 11.3 13:10 149 21 15.4 19.2 15:10 11.7 03:10 3.0 0.0 0.00 10.3 49.9 13:40 256 22 14.9 18.4 15:20 10.9 07:40 3.4 0.0 0.00 2.1 17.7 02:20 31 23 17.8 22.8 14:10 14.2 02:30 0.6 0.0 0.00 8.6 41.8 16:10 256 24 17.4 19.9 12:40 13.3 06:10 1.0 0.0 0.00 7.1 29.0 13:50 222 25 17.7 18.9 10:50 14.8 23:10 0.7 0.0 0.00 4.7 37.0 01:50 207 26 16.1 19.1 15:20 12.9 07:30 2.3 0.0 0.00 1.4 11.3 22:10 328 27 15.4 19.9 12:20 11.1 00:00 3.0 0.0 0.00 3.5 27.4 13:50 226 28 14.0 18.5 10:50 9.8 06:40 4.3 0.0 0.00 3.3 25.7 13:40 240 29 14.3 18.9 12:40 10.8 00:00 4.0 0.0 0.00 1.9 17.7 12:50 253 30 12.2 17.4 12:50 8.1 08:10 6.1 0.0 0.00 3.5 22.5 16:50 232 --------------------------------------------------------------------------------------- 15.8 22.8 23 8.1 30 77.9 0.6 0.08 3.8 49.9 21 247