NOAA-Style Climate Reports

NOAA style reports
2022: Jan | Feb | Mar | Apr | May | Jun | Jul | Aug | Sep | Oct | Nov | Dec 
2021: Jan | Feb | Mar | Apr | May | Jun | Jul | Aug | Sep | Oct | Nov | Dec 
2020: Jan | Feb | Mar | Apr | May | Jun | Jul | Aug | Sep | Oct | Nov | Dec 
2019: Jan | Feb | Mar | Apr | May | Jun | Jul | Aug | Sep | Oct | Nov | Dec 
2018: Jan | Feb | Mar | Apr | May | Jun | Jul | Aug | Sep | Oct | Nov | Dec 
2017: Jan | Feb | Mar | Apr | May | Jun | Jul | Aug | Sep | Oct | Nov | Dec 
2016: Jan | Feb | Mar | Apr | May | Jun | Jul | Aug | Sep | Oct | Nov | Dec 
2015: Jan | Feb | Mar | Apr | May | Jun | Jul | Aug | Sep | Oct | Nov | Dec 
2014: Jan | Feb | Mar | Apr | May | Jun | Jul | Aug | Sep | Oct | Nov | Dec 
2013: Jan | Feb | Mar | Apr | May | Jun | Jul | Aug | Sep | Oct | Nov | Dec 
2012: Jan | Feb | Mar | Apr | May | Jun | Jul | Aug | Sep | Oct | Nov | Dec 
2011: Jan | Feb | Mar | Apr | May | Jun | Jul | Aug | Sep | Oct | Nov | Dec 
2010: Jan | Feb | Mar | Apr | May | Jun | Jul | Aug | Sep | Oct | Nov | Dec 
2009: Jan | Feb | Mar | Apr | May | Jun | Jul | Aug | Sep | Oct | Nov | Dec 
2008: Jan | Feb | Mar | Apr | May | Jun | Jul | Aug | Sep | Oct | Nov | Dec 
2007: Jan | Feb | Mar | Apr | May | Jun | Jul | Aug | Sep | Oct | Nov | Dec 
2006: Jan | Feb | Mar | Apr | May | Jun | Jul | Aug | Sep | Oct | Nov | Dec 
2005: Jan | Feb | Mar | Apr | May | Jun | Jul | Aug | Sep | Oct | Nov | Dec 

Report for 2006 10
MONTHLY CLIMATOLOGICAL SUMMARY for Oct 2006 NAME: Cabrera de Mar, Barcelona ELEV: 9 meters LAT: 41-33.89 N LONG: 002-24.07 E TEMPERATURE (C), RAIN (cm), WIND SPEED (km/h) HEAT COOL AVG MEAN DEG DEG WIND DOM DAY TEMP HIGH TIME LOW TIME DAYS DAYS RAIN SPEED HIGH TIME DIR --------------------------------------------------------------------------------------- 01 23.1 26.4 13:30 20.6 03:00 0.0 4.8 0.00 8.2 35.4 16:15 227 02 21.6 24.6 17:00 18.3 08:00 0.0 3.3 0.00 3.0 19.3 16:45 194 03 23.7 29.4 13:15 20.2 23:30 0.0 5.4 0.00 8.9 54.7 14:30 264 04 18.8 22.1 16:30 15.5 23:30 0.0 0.5 0.78 4.1 40.2 19:00 99 05 18.2 22.4 15:15 13.9 07:30 0.1 0.0 0.02 3.7 20.9 16:30 180 06 19.0 22.6 15:30 15.3 07:45 0.0 0.6 0.00 3.9 25.7 19:00 199 07 20.3 23.3 12:00 16.3 06:45 0.0 2.0 0.00 4.2 17.7 00:30 18 08 19.9 20.8 11:30 18.9 08:00 0.0 1.6 0.00 1.7 9.7 04:00 117 09 20.6 21.6 11:45 19.6 00:45 0.0 2.3 0.00 1.7 16.1 14:00 45 10 21.2 24.3 16:45 17.9 06:30 0.0 2.9 0.00 3.3 17.7 16:30 194 11 21.3 24.1 14:45 19.1 00:00 0.0 3.0 0.00 5.3 48.3 00:00 218 12 16.7 19.1 00:45 15.8 23:45 1.6 0.0 1.42 2.9 53.1 00:15 319 13 19.6 23.3 16:00 15.8 00:15 0.0 1.3 0.04 8.7 45.1 10:45 23 14 19.5 24.8 13:00 15.0 03:00 0.0 1.1 0.00 6.0 27.4 12:30 33 15 18.6 22.9 15:00 14.1 07:15 0.0 0.3 0.00 3.1 19.3 12:45 55 16 18.9 22.4 15:30 16.2 23:45 0.0 0.5 0.00 4.1 20.9 12:45 43 17 19.5 22.5 14:45 16.1 00:15 0.0 1.1 0.00 3.8 16.1 11:30 28 18 20.0 22.0 15:30 18.5 23:45 0.0 1.6 0.38 6.0 32.2 16:30 56 19 19.6 23.1 15:30 16.2 08:30 0.0 1.3 0.08 7.1 41.8 20:00 238 20 20.0 24.7 13:15 16.2 06:30 0.0 1.6 0.00 8.8 32.2 19:15 238 21 18.6 21.6 13:45 14.8 08:00 0.0 0.2 0.00 2.9 19.3 00:45 215 22 19.3 23.6 12:30 15.1 08:00 0.0 0.9 0.00 5.6 33.8 15:30 230 23 21.2 24.6 12:30 17.7 00:45 0.0 2.9 0.00 7.0 33.8 13:30 222 24 20.9 26.3 15:00 17.7 23:30 0.0 2.6 0.00 5.3 29.0 13:45 266 25 19.8 23.7 12:30 16.1 07:00 0.0 1.5 0.00 3.0 22.5 20:45 52 26 21.6 24.4 13:45 19.1 00:00 0.0 3.3 0.00 4.7 24.1 05:15 44 27 20.2 22.9 14:00 17.4 08:00 0.0 1.9 0.00 3.2 20.9 13:30 64 28 18.7 20.8 16:15 16.9 00:00 0.0 0.4 0.00 2.9 22.5 15:45 184 29 19.0 24.1 14:45 15.3 07:15 0.0 0.7 0.00 1.9 16.1 13:45 191 30 19.4 24.3 16:45 15.6 07:45 0.0 1.1 0.00 2.2 19.3 13:15 152 31 19.0 22.1 15:15 16.8 23:30 0.0 0.7 0.00 1.6 12.9 14:15 94 --------------------------------------------------------------------------------------- 19.9 29.4 03 13.9 05 1.7 51.3 2.72 4.5 54.7 03 238